{"id":3392,"date":"2015-06-11T08:54:52","date_gmt":"2015-06-11T10:54:52","guid":{"rendered":"http:\/\/www.ifbaiano.edu.br\/unidades\/lapa\/?page_id=3392"},"modified":"2016-05-08T13:45:13","modified_gmt":"2016-05-08T15:45:13","slug":"especializacao-em-inovacao-social","status":"publish","type":"page","link":"https:\/\/www.ifbaiano.edu.br\/unidades\/lapa\/especializacao-em-inovacao-social\/","title":{"rendered":"Especializa\u00e7\u00e3o em Inova\u00e7\u00e3o Social"},"content":{"rendered":"<p><strong>Sobre o curso de Especializa\u00e7\u00e3o em Inova\u00e7\u00e3o Social<\/strong><\/p>\n<p>O Curso foi implantado no semestre 2015.1.<\/p>\n<p>________________________________________________________________________________________________________<\/p>\n<p style=\"text-align: justify\"><strong>Informa\u00e7\u00f5es Gerais<\/strong>:\u00a0A proposta de implanta\u00e7\u00e3o do Curso de Especializa\u00e7\u00e3o em Inova\u00e7\u00e3o Social com \u00eanfase em Economia Solid\u00e1ria e Agroecologia busca aperfei\u00e7oar educadores, extensionistas, gestores p\u00fablicos, atores sociais, etc., possibilitando uma an\u00e1lise cr\u00edtica das pol\u00edticas p\u00fablicas e a constru\u00e7\u00e3o dial\u00f3gica de estrat\u00e9gias de inova\u00e7\u00e3o social para o semi\u00e1rido do Territ\u00f3rio Velho Chico a partir da agroecologia e da economia solid\u00e1ria. Os pressupostos metodol\u00f3gicos fundamentais a rela\u00e7\u00e3o teoria-pr\u00e1tica, a interdisciplinaridade e a pesquisa como princ\u00edpio pedag\u00f3gico e educativo.<\/p>\n<p style=\"text-align: justify\">_________________________________________________________________________________________________________<\/p>\n<p><strong>\u00a0Coordena\u00e7\u00e3o<\/strong>: Davi Silva da Costa<\/p>\n<p><strong>E-mail:<\/strong> davi.costa@serrinha.ifbaiano.edu.br<\/p>\n<p><a href=\"http:\/\/www.ifbaiano.edu.br\/unidades\/lapa\/files\/2015\/06\/projetosdeespecializacao.pdf\">Acesse aqui <\/a>o Projeto Pedag\u00f3gico do Curso.<\/p>\n<p><a href=\"http:\/\/www.ifbaiano.edu.br\/unidades\/lapa\/files\/2015\/06\/resolucao13.pdf\">Acesse aqui <\/a>a Resolu\u00e7\u00e3o que aprovou ad referendum o Curso<\/p>\n<p><a href=\"http:\/\/www.ifbaiano.edu.br\/unidades\/lapa\/files\/2015\/06\/ratifica-aprovacao-pos-inovacao.pdf\">Acesse aqui<\/a> a Resolu\u00e7\u00e3o que ratificou a aprova\u00e7\u00e3o do Curso<\/p>\n<p><a href=\"http:\/\/www.ifbaiano.edu.br\/unidades\/lapa\/files\/2015\/06\/resolu\u00e7\u00e3o12-aprova-regimento-especializacao.pdf\">Acesse aqui<\/a> Resolu\u00e7\u00e3o que aprova o Regimento da Especializa\u00e7\u00e3o em Inova\u00e7\u00e3o Social<\/p>\n<p>&nbsp;<\/p>\n","protected":false},"excerpt":{"rendered":"<p>Sobre o curso de Especializa\u00e7\u00e3o em Inova\u00e7\u00e3o Social O Curso foi implantado no semestre 2015.1. ________________________________________________________________________________________________________ Informa\u00e7\u00f5es Gerais:\u00a0A proposta de implanta\u00e7\u00e3o do Curso de Especializa\u00e7\u00e3o em Inova\u00e7\u00e3o Social com \u00eanfase em Economia Solid\u00e1ria e Agroecologia busca aperfei\u00e7oar educadores, extensionistas, gestores p\u00fablicos, atores sociais, etc., possibilitando uma an\u00e1lise cr\u00edtica das pol\u00edticas p\u00fablicas e a constru\u00e7\u00e3o dial\u00f3gica [&hellip;]<\/p>\n","protected":false},"author":36,"featured_media":0,"parent":0,"menu_order":0,"comment_status":"open","ping_status":"open","template":"","meta":[],"_links":{"self":[{"href":"https:\/\/www.ifbaiano.edu.br\/unidades\/lapa\/wp-json\/wp\/v2\/pages\/3392"}],"collection":[{"href":"https:\/\/www.ifbaiano.edu.br\/unidades\/lapa\/wp-json\/wp\/v2\/pages"}],"about":[{"href":"https:\/\/www.ifbaiano.edu.br\/unidades\/lapa\/wp-json\/wp\/v2\/types\/page"}],"author":[{"embeddable":true,"href":"https:\/\/www.ifbaiano.edu.br\/unidades\/lapa\/wp-json\/wp\/v2\/users\/36"}],"replies":[{"embeddable":true,"href":"https:\/\/www.ifbaiano.edu.br\/unidades\/lapa\/wp-json\/wp\/v2\/comments?post=3392"}],"version-history":[{"count":12,"href":"https:\/\/www.ifbaiano.edu.br\/unidades\/lapa\/wp-json\/wp\/v2\/pages\/3392\/revisions"}],"predecessor-version":[{"id":5937,"href":"https:\/\/www.ifbaiano.edu.br\/unidades\/lapa\/wp-json\/wp\/v2\/pages\/3392\/revisions\/5937"}],"wp:attachment":[{"href":"https:\/\/www.ifbaiano.edu.br\/unidades\/lapa\/wp-json\/wp\/v2\/media?parent=3392"}],"curies":[{"name":"wp","href":"https:\/\/api.w.org\/{rel}","templated":true}]}}

Especialização em Inovação Social

<p><strong>Sobre o curso de Especialização em Inovação Social</strong></p>
<p>O Curso foi implantado no semestre 2015.1.</p>
<p>________________________________________________________________________________________________________</p>
<p style="text-align: justify"><strong>Informações Gerais</strong>: A proposta de implantação do Curso de Especialização em Inovação Social com ênfase em Economia Solidária e Agroecologia busca aperfeiçoar educadores, extensionistas, gestores públicos, atores sociais, etc., possibilitando uma análise crítica das políticas públicas e a construção dialógica de estratégias de inovação social para o semiárido do Território Velho Chico a partir da agroecologia e da economia solidária. Os pressupostos metodológicos fundamentais a relação teoria-prática, a interdisciplinaridade e a pesquisa como princípio pedagógico e educativo.</p>
<p style="text-align: justify">_________________________________________________________________________________________________________</p>
<p><strong> Coordenação</strong>: Davi Silva da Costa</p>
<p><strong>E-mail:</strong> davi.costa@serrinha.ifbaiano.edu.br</p>
<p><a href="http://www.ifbaiano.edu.br/unidades/lapa/files/2015/06/projetosdeespecializacao.pdf">Acesse aqui </a>o Projeto Pedagógico do Curso.</p>
<p><a href="http://www.ifbaiano.edu.br/unidades/lapa/files/2015/06/resolucao13.pdf">Acesse aqui </a>a Resolução que aprovou ad referendum o Curso</p>
<p><a href="http://www.ifbaiano.edu.br/unidades/lapa/files/2015/06/ratifica-aprovacao-pos-inovacao.pdf">Acesse aqui</a> a Resolução que ratificou a aprovação do Curso</p>
<p><a href="http://www.ifbaiano.edu.br/unidades/lapa/files/2015/06/resolução12-aprova-regimento-especializacao.pdf">Acesse aqui</a> Resolução que aprova o Regimento da Especialização em Inovação Social</p>
<p>&nbsp;</p>

<p>Sobre o curso de Especialização em Inovação Social O Curso foi implantado no semestre 2015.1. ________________________________________________________________________________________________________ Informações Gerais: A proposta de implantação do Curso de Especialização em Inovação Social com ênfase em Economia Solidária e Agroecologia busca aperfeiçoar educadores, extensionistas, gestores públicos, atores sociais, etc., possibilitando uma análise crítica das políticas públicas e a construção dialógica [&hellip;]</p>
