{"id":3537,"date":"2015-07-22T19:00:12","date_gmt":"2015-07-22T21:00:12","guid":{"rendered":"http:\/\/www.ifbaiano.edu.br\/unidades\/lapa\/?page_id=3537"},"modified":"2015-07-24T23:34:06","modified_gmt":"2015-07-25T01:34:06","slug":"selecao-de-vagas-remanescentes-informatica-2015-2","status":"publish","type":"page","link":"https:\/\/www.ifbaiano.edu.br\/unidades\/lapa\/selecao-de-vagas-remanescentes-informatica-2015-2\/","title":{"rendered":"Sele\u00e7\u00e3o de Vagas Remanescentes Inform\u00e1tica 2015.2"},"content":{"rendered":"<p>O Diretor Geral do Instituto Federal de Educa\u00e7\u00e3o, Ci\u00eancia e Tecnologia Baiano, <em>Campus<\/em> Bom Jesus da Lapa\u00a0<strong>FAZ SABER: <\/strong><\/p>\n<p><!--more--><\/p>\n<p>est\u00e3o abertas as inscri\u00e7\u00f5es, no per\u00edodo de 03 a 12 de julho de 2015, do Processo Seletivo de Vagas Remanescentes para ingresso de estudantes no segundo semestre de 2015 do Curso T\u00e9cnico em Inform\u00e1tica\/ modalidade SUBSEQUENTE &#8211; turnos matutino e noturno.<\/p>\n<p><a href=\"http:\/\/www.ifbaiano.edu.br\/unidades\/lapa\/files\/2015\/07\/edital_11.pdf\">Acessem aqui o Edital do Processo Seletivo.<\/a><\/p>\n<p><a href=\"http:\/\/www.ifbaiano.edu.br\/unidades\/lapa\/files\/2015\/07\/candidatoshomologados1.pdf\">Homologa\u00e7\u00e3o das Inscri\u00e7\u00f5es<\/a><\/p>\n<p dir=\"ltr\"><a title=\"Aprovados e Classificados\" href=\"http:\/\/www.ifbaiano.edu.br\/unidades\/lapa\/files\/2015\/07\/prosel20152infoaprovadosclassificados.pdf\">Candidatos Aprovados e Classificados<\/a><strong><\/strong><\/p>\n<p dir=\"ltr\"><a title=\"PROSEL 2015.2 Eliminados\" href=\"http:\/\/www.ifbaiano.edu.br\/unidades\/lapa\/files\/2015\/07\/prosel20152infoeliminados.pdf\">Candidatos Eliminados<\/a><\/p>\n<p><a href=\"http:\/\/www.ifbaiano.edu.br\/unidades\/lapa\/files\/2015\/07\/prosel20152inforesultadofinal.pdf\">Acessem o Resultado Final<\/a><\/p>\n<p><a href=\"http:\/\/www.ifbaiano.edu.br\/unidades\/lapa\/files\/2015\/07\/EDITAL1315MATRICULABJL20152INFORMATICA1.pdf\">Acessem o Edital de Matr\u00edculas<\/a><\/p>\n<p><a href=\"http:\/\/www.ifbaiano.edu.br\/unidades\/lapa\/files\/2015\/07\/1CHAMADADEMATRiCULAS20152.pdf\">Acessem a rela\u00e7\u00e3o de convocados 1\u00aa Chamada<\/a><\/p>\n<p dir=\"ltr\">Para se inscrever estando dentro do Campus, <a href=\"http:\/\/10.20.0.71:8080\/apex\/f?p=108\">CLIQUE AQUI!<\/a><\/p>\n<p dir=\"ltr\">Para de inscrever fora do Campus, <a href=\"http:\/\/177.91.97.194:8081\/apex\/f?p=108\">CLIQUE AQUI!<\/a><\/p>\n<p dir=\"ltr\">Participem e divulguem!<\/p>\n","protected":false},"excerpt":{"rendered":"<p>O Diretor Geral do Instituto Federal de Educa\u00e7\u00e3o, Ci\u00eancia e Tecnologia Baiano, Campus Bom Jesus da Lapa\u00a0FAZ SABER:<\/p>\n","protected":false},"author":36,"featured_media":0,"parent":0,"menu_order":0,"comment_status":"open","ping_status":"open","template":"","meta":[],"_links":{"self":[{"href":"https:\/\/www.ifbaiano.edu.br\/unidades\/lapa\/wp-json\/wp\/v2\/pages\/3537"}],"collection":[{"href":"https:\/\/www.ifbaiano.edu.br\/unidades\/lapa\/wp-json\/wp\/v2\/pages"}],"about":[{"href":"https:\/\/www.ifbaiano.edu.br\/unidades\/lapa\/wp-json\/wp\/v2\/types\/page"}],"author":[{"embeddable":true,"href":"https:\/\/www.ifbaiano.edu.br\/unidades\/lapa\/wp-json\/wp\/v2\/users\/36"}],"replies":[{"embeddable":true,"href":"https:\/\/www.ifbaiano.edu.br\/unidades\/lapa\/wp-json\/wp\/v2\/comments?post=3537"}],"version-history":[{"count":12,"href":"https:\/\/www.ifbaiano.edu.br\/unidades\/lapa\/wp-json\/wp\/v2\/pages\/3537\/revisions"}],"predecessor-version":[{"id":3539,"href":"https:\/\/www.ifbaiano.edu.br\/unidades\/lapa\/wp-json\/wp\/v2\/pages\/3537\/revisions\/3539"}],"wp:attachment":[{"href":"https:\/\/www.ifbaiano.edu.br\/unidades\/lapa\/wp-json\/wp\/v2\/media?parent=3537"}],"curies":[{"name":"wp","href":"https:\/\/api.w.org\/{rel}","templated":true}]}}

Seleção de Vagas Remanescentes Informática 2015.2

<p>O Diretor Geral do Instituto Federal de Educação, Ciência e Tecnologia Baiano, <em>Campus</em> Bom Jesus da Lapa <strong>FAZ SABER: </strong></p>
<p><!--more--></p>
<p>estão abertas as inscrições, no período de 03 a 12 de julho de 2015, do Processo Seletivo de Vagas Remanescentes para ingresso de estudantes no segundo semestre de 2015 do Curso Técnico em Informática/ modalidade SUBSEQUENTE &#8211; turnos matutino e noturno.</p>
<p><a href="http://www.ifbaiano.edu.br/unidades/lapa/files/2015/07/edital_11.pdf">Acessem aqui o Edital do Processo Seletivo.</a></p>
<p><a href="http://www.ifbaiano.edu.br/unidades/lapa/files/2015/07/candidatoshomologados1.pdf">Homologação das Inscrições</a></p>
<p dir="ltr"><a title="Aprovados e Classificados" href="http://www.ifbaiano.edu.br/unidades/lapa/files/2015/07/prosel20152infoaprovadosclassificados.pdf">Candidatos Aprovados e Classificados</a><strong></strong></p>
<p dir="ltr"><a title="PROSEL 2015.2 Eliminados" href="http://www.ifbaiano.edu.br/unidades/lapa/files/2015/07/prosel20152infoeliminados.pdf">Candidatos Eliminados</a></p>
<p><a href="http://www.ifbaiano.edu.br/unidades/lapa/files/2015/07/prosel20152inforesultadofinal.pdf">Acessem o Resultado Final</a></p>
<p><a href="http://www.ifbaiano.edu.br/unidades/lapa/files/2015/07/EDITAL1315MATRICULABJL20152INFORMATICA1.pdf">Acessem o Edital de Matrículas</a></p>
<p><a href="http://www.ifbaiano.edu.br/unidades/lapa/files/2015/07/1CHAMADADEMATRiCULAS20152.pdf">Acessem a relação de convocados 1ª Chamada</a></p>
<p dir="ltr">Para se inscrever estando dentro do Campus, <a href="http://10.20.0.71:8080/apex/f?p=108">CLIQUE AQUI!</a></p>
<p dir="ltr">Para de inscrever fora do Campus, <a href="http://177.91.97.194:8081/apex/f?p=108">CLIQUE AQUI!</a></p>
<p dir="ltr">Participem e divulguem!</p>

<p>O Diretor Geral do Instituto Federal de Educação, Ciência e Tecnologia Baiano, Campus Bom Jesus da Lapa FAZ SABER:</p>
