{"id":424,"date":"2012-09-27T21:31:18","date_gmt":"2012-09-27T23:31:18","guid":{"rendered":"http:\/\/www.ifbaiano.edu.br\/unidades\/lapa\/?page_id=424"},"modified":"2022-09-20T17:15:30","modified_gmt":"2022-09-20T20:15:30","slug":"historico-2","status":"publish","type":"page","link":"https:\/\/www.ifbaiano.edu.br\/unidades\/lapa\/historico-2\/","title":{"rendered":"Hist\u00f3rico"},"content":{"rendered":"<p style=\"text-align: justify\">O <em>Campus<\/em> Bom Jesus da Lapa foi criado atrav\u00e9s da lei 11.892 de 2008, pretendendo atender \u00e0 demanda dos munic\u00edpios localizados na regi\u00e3o do M\u00e9dio S\u00e3o Francisco, formando m\u00e3o-de-obra qualificada para atuar em diversos setores da sociedade. A previs\u00e3o inicial \u00e9 de ser&nbsp;oferecidos cursos profissionalizantes nas \u00e1reas de edifica\u00e7\u00f5es, turismo, agricultura, qu\u00edmica e inform\u00e1tica e cursos superiores nas \u00e1reas de engenharia civil e inform\u00e1tica, atualmente \u00e9 ofertado cursos de Agroecologia, Agricultura e Inform\u00e1tica, na modalidade integrado, Agricultura e Inform\u00e1tica na modalidade subsequente, Engenharia Agron\u00f4mica na modalidade bacharelado&nbsp;e especializa\u00e7\u00f5es nas \u00e1reas de Educa\u00e7\u00e3o do Campo e Educa\u00e7\u00e3o Matem\u00e1tica. O IF Baiano \u2013 <em>Campus<\/em> Bom Jesus da Lapa conta com&nbsp;aproximadamente 1080 alunos de todos os cursos.<\/p>\n<p style=\"text-align: justify\">O <em>Campus<\/em> de Bom Jesus da Lapa do Instituto Federal de Educa\u00e7\u00e3o, Ci\u00eancia e Tecnologia Baiano (IF Baiano), o d\u00e9cimo da institui\u00e7\u00e3o em atividade na Bahia, teve a inaugura\u00e7\u00e3o de sua sede nova no dia 22 de Novembro de 2013. Al\u00e9m da estrutura f\u00edsica do pr\u00e9dio principal, que conta com salas de aula, audit\u00f3rio, gin\u00e1sio poliesportivo e laborat\u00f3rios, o campus possui uma \u00e1rea de 94 hectares que ser\u00e3o utilizados para as aulas pr\u00e1ticas com atividades agr\u00edcolas.<\/p>\n\n\t\t<style type=\"text\/css\">\n\t\t\t#gallery-1 {\n\t\t\t\tmargin: auto;\n\t\t\t}\n\t\t\t#gallery-1 .gallery-item {\n\t\t\t\tfloat: left;\n\t\t\t\tmargin-top: 10px;\n\t\t\t\ttext-align: center;\n\t\t\t\twidth: 50%;\n\t\t\t}\n\t\t\t#gallery-1 img {\n\t\t\t\tborder: 2px solid #cfcfcf;\n\t\t\t}\n\t\t\t#gallery-1 .gallery-caption {\n\t\t\t\tmargin-left: 0;\n\t\t\t}\n\t\t\t\/* see gallery_shortcode() in wp-includes\/media.php *\/\n\t\t<\/style>\n\t\t<div id='gallery-1' class='gallery galleryid-424 gallery-columns-2 gallery-size-medium'><dl class='gallery-item'>\n\t\t\t<dt class='gallery-icon landscape'>\n\t\t\t\t<a href='https:\/\/www.ifbaiano.edu.br\/unidades\/lapa\/files\/2012\/09\/IF-Baiano.jpg'><img width=\"300\" height=\"188\" src=\"https:\/\/www.ifbaiano.edu.br\/unidades\/lapa\/files\/2012\/09\/IF-Baiano-300x188.jpg\" class=\"attachment-medium size-medium\" alt=\"\" decoding=\"async\" loading=\"lazy\" aria-describedby=\"gallery-1-4898\" srcset=\"https:\/\/www.ifbaiano.edu.br\/unidades\/lapa\/files\/2012\/09\/IF-Baiano-300x188.jpg 300w, https:\/\/www.ifbaiano.edu.br\/unidades\/lapa\/files\/2012\/09\/IF-Baiano-400x251.jpg 400w, https:\/\/www.ifbaiano.edu.br\/unidades\/lapa\/files\/2012\/09\/IF-Baiano.jpg 723w\" sizes=\"(max-width: 300px) 100vw, 300px\" \/><\/a>\n\t\t\t<\/dt>\n\t\t\t\t<dd class='wp-caption-text gallery-caption' id='gallery-1-4898'>\n\t\t\t\tSede Nova\n\t\t\t\t<\/dd><\/dl><dl class='gallery-item'>\n\t\t\t<dt class='gallery-icon landscape'>\n\t\t\t\t<a href='https:\/\/www.ifbaiano.edu.br\/unidades\/lapa\/files\/2012\/09\/sedeantiga.jpg'><img width=\"300\" height=\"225\" src=\"https:\/\/www.ifbaiano.edu.br\/unidades\/lapa\/files\/2012\/09\/sedeantiga-300x225.jpg\" class=\"attachment-medium size-medium\" alt=\"\" decoding=\"async\" loading=\"lazy\" aria-describedby=\"gallery-1-3772\" srcset=\"https:\/\/www.ifbaiano.edu.br\/unidades\/lapa\/files\/2012\/09\/sedeantiga-300x225.jpg 300w, https:\/\/www.ifbaiano.edu.br\/unidades\/lapa\/files\/2012\/09\/sedeantiga-1024x768.jpg 1024w, https:\/\/www.ifbaiano.edu.br\/unidades\/lapa\/files\/2012\/09\/sedeantiga-400x300.jpg 400w\" sizes=\"(max-width: 300px) 100vw, 300px\" \/><\/a>\n\t\t\t<\/dt>\n\t\t\t\t<dd class='wp-caption-text gallery-caption' id='gallery-1-3772'>\n\t\t\t\tSede Antiga\n\t\t\t\t<\/dd><\/dl><br style=\"clear: both\" \/>\n\t\t<\/div>\n\n\n\n<h2 class=\"wp-block-heading\">Comemora\u00e7\u00e3o dos Dez Anos de Cria\u00e7\u00e3o<\/h2>\n\n\n\n<p>Em 2020, o Campus completou dez anos de sua cria\u00e7\u00e3o. Em alus\u00e3o a este fato, diversas atividades e solenidades marcaram esta data hist\u00f3rica.<\/p>\n\n\n\n<p>Confira no link abaixo alguns registros destes acontecimentos:<\/p>\n\n\n\n<p><a href=\"https:\/\/www.ifbaiano.edu.br\/unidades\/lapa\/dez-anos-if-lapa\/\" data-type=\"URL\" data-id=\"https:\/\/www.ifbaiano.edu.br\/unidades\/lapa\/dez-anos-if-lapa\/\">https:\/\/www.ifbaiano.edu.br\/unidades\/lapa\/dez-anos-if-lapa<\/a><\/p>\n\n\n\n<p><\/p>\n","protected":false},"excerpt":{"rendered":"<p>O Campus Bom Jesus da Lapa foi criado atrav\u00e9s da lei 11.892 de 2008, pretendendo atender \u00e0 demanda dos munic\u00edpios localizados na regi\u00e3o do M\u00e9dio S\u00e3o Francisco, formando m\u00e3o-de-obra qualificada para atuar em diversos setores da sociedade. A previs\u00e3o inicial \u00e9 de ser&nbsp;oferecidos cursos profissionalizantes nas \u00e1reas de edifica\u00e7\u00f5es, turismo, agricultura, qu\u00edmica e inform\u00e1tica e [&hellip;]<\/p>\n","protected":false},"author":23,"featured_media":0,"parent":0,"menu_order":0,"comment_status":"open","ping_status":"open","template":"","meta":[],"_links":{"self":[{"href":"https:\/\/www.ifbaiano.edu.br\/unidades\/lapa\/wp-json\/wp\/v2\/pages\/424"}],"collection":[{"href":"https:\/\/www.ifbaiano.edu.br\/unidades\/lapa\/wp-json\/wp\/v2\/pages"}],"about":[{"href":"https:\/\/www.ifbaiano.edu.br\/unidades\/lapa\/wp-json\/wp\/v2\/types\/page"}],"author":[{"embeddable":true,"href":"https:\/\/www.ifbaiano.edu.br\/unidades\/lapa\/wp-json\/wp\/v2\/users\/23"}],"replies":[{"embeddable":true,"href":"https:\/\/www.ifbaiano.edu.br\/unidades\/lapa\/wp-json\/wp\/v2\/comments?post=424"}],"version-history":[{"count":25,"href":"https:\/\/www.ifbaiano.edu.br\/unidades\/lapa\/wp-json\/wp\/v2\/pages\/424\/revisions"}],"predecessor-version":[{"id":23608,"href":"https:\/\/www.ifbaiano.edu.br\/unidades\/lapa\/wp-json\/wp\/v2\/pages\/424\/revisions\/23608"}],"wp:attachment":[{"href":"https:\/\/www.ifbaiano.edu.br\/unidades\/lapa\/wp-json\/wp\/v2\/media?parent=424"}],"curies":[{"name":"wp","href":"https:\/\/api.w.org\/{rel}","templated":true}]}}

Histórico

<p style="text-align: justify">O <em>Campus</em> Bom Jesus da Lapa foi criado através da lei 11.892 de 2008, pretendendo atender à demanda dos municípios localizados na região do Médio São Francisco, formando mão-de-obra qualificada para atuar em diversos setores da sociedade. A previsão inicial é de ser&nbsp;oferecidos cursos profissionalizantes nas áreas de edificações, turismo, agricultura, química e informática e cursos superiores nas áreas de engenharia civil e informática, atualmente é ofertado cursos de Agroecologia, Agricultura e Informática, na modalidade integrado, Agricultura e Informática na modalidade subsequente, Engenharia Agronômica na modalidade bacharelado&nbsp;e especializações nas áreas de Educação do Campo e Educação Matemática. O IF Baiano – <em>Campus</em> Bom Jesus da Lapa conta com&nbsp;aproximadamente 1080 alunos de todos os cursos.</p>
<p style="text-align: justify">O <em>Campus</em> de Bom Jesus da Lapa do Instituto Federal de Educação, Ciência e Tecnologia Baiano (IF Baiano), o décimo da instituição em atividade na Bahia, teve a inauguração de sua sede nova no dia 22 de Novembro de 2013. Além da estrutura física do prédio principal, que conta com salas de aula, auditório, ginásio poliesportivo e laboratórios, o campus possui uma área de 94 hectares que serão utilizados para as aulas práticas com atividades agrícolas.</p>

		<style type="text/css">
			#gallery-1 {
				margin: auto;
			}
			#gallery-1 .gallery-item {
				float: left;
				margin-top: 10px;
				text-align: center;
				width: 50%;
			}
			#gallery-1 img {
				border: 2px solid #cfcfcf;
			}
			#gallery-1 .gallery-caption {
				margin-left: 0;
			}
			/* see gallery_shortcode() in wp-includes/media.php */
		</style>
		<div id='gallery-1' class='gallery galleryid-424 gallery-columns-2 gallery-size-medium'><dl class='gallery-item'>
			<dt class='gallery-icon landscape'>
				<a href='https://www.ifbaiano.edu.br/unidades/lapa/files/2012/09/IF-Baiano.jpg'><img width="300" height="188" src="https://www.ifbaiano.edu.br/unidades/lapa/files/2012/09/IF-Baiano-300x188.jpg" class="attachment-medium size-medium" alt="" decoding="async" loading="lazy" aria-describedby="gallery-1-4898" srcset="https://www.ifbaiano.edu.br/unidades/lapa/files/2012/09/IF-Baiano-300x188.jpg 300w, https://www.ifbaiano.edu.br/unidades/lapa/files/2012/09/IF-Baiano-400x251.jpg 400w, https://www.ifbaiano.edu.br/unidades/lapa/files/2012/09/IF-Baiano.jpg 723w" sizes="(max-width: 300px) 100vw, 300px" /></a>
			</dt>
				<dd class='wp-caption-text gallery-caption' id='gallery-1-4898'>
				Sede Nova
				</dd></dl><dl class='gallery-item'>
			<dt class='gallery-icon landscape'>
				<a href='https://www.ifbaiano.edu.br/unidades/lapa/files/2012/09/sedeantiga.jpg'><img width="300" height="225" src="https://www.ifbaiano.edu.br/unidades/lapa/files/2012/09/sedeantiga-300x225.jpg" class="attachment-medium size-medium" alt="" decoding="async" loading="lazy" aria-describedby="gallery-1-3772" srcset="https://www.ifbaiano.edu.br/unidades/lapa/files/2012/09/sedeantiga-300x225.jpg 300w, https://www.ifbaiano.edu.br/unidades/lapa/files/2012/09/sedeantiga-1024x768.jpg 1024w, https://www.ifbaiano.edu.br/unidades/lapa/files/2012/09/sedeantiga-400x300.jpg 400w" sizes="(max-width: 300px) 100vw, 300px" /></a>
			</dt>
				<dd class='wp-caption-text gallery-caption' id='gallery-1-3772'>
				Sede Antiga
				</dd></dl><br style="clear: both" />
		</div>



<h2 class="wp-block-heading">Comemoração dos Dez Anos de Criação</h2>



<p>Em 2020, o Campus completou dez anos de sua criação. Em alusão a este fato, diversas atividades e solenidades marcaram esta data histórica.</p>



<p>Confira no link abaixo alguns registros destes acontecimentos:</p>



<p><a href="https://www.ifbaiano.edu.br/unidades/lapa/dez-anos-if-lapa/" data-type="URL" data-id="https://www.ifbaiano.edu.br/unidades/lapa/dez-anos-if-lapa/">https://www.ifbaiano.edu.br/unidades/lapa/dez-anos-if-lapa</a></p>



<p></p>

<p>O Campus Bom Jesus da Lapa foi criado através da lei 11.892 de 2008, pretendendo atender à demanda dos municípios localizados na região do Médio São Francisco, formando mão-de-obra qualificada para atuar em diversos setores da sociedade. A previsão inicial é de ser&nbsp;oferecidos cursos profissionalizantes nas áreas de edificações, turismo, agricultura, química e informática e [&hellip;]</p>
