{"id":436,"date":"2012-09-27T21:41:42","date_gmt":"2012-09-27T23:41:42","guid":{"rendered":"http:\/\/www.ifbaiano.edu.br\/unidades\/lapa\/?page_id=436"},"modified":"2017-03-27T12:40:10","modified_gmt":"2017-03-27T14:40:10","slug":"documentos","status":"publish","type":"page","link":"https:\/\/www.ifbaiano.edu.br\/unidades\/lapa\/documentos\/","title":{"rendered":"Documentos Discentes"},"content":{"rendered":"<p><strong>Rela\u00e7\u00e3o de alunos matriculados 2014:<\/strong><\/p>\n<p><a href=\"http:\/\/www.ifbaiano.edu.br\/unidades\/lapa\/files\/2012\/09\/inform\u00e1tica.pdf\">Inform\u00e1tica &#8211; M\u00f3dulo 1<\/a><\/p>\n<p>Inform\u00e1tica &#8211; M\u00f3dulo 2<\/p>\n<p><a href=\"http:\/\/www.ifbaiano.edu.br\/unidades\/lapa\/files\/2012\/09\/agricultura.pdf\">Agricultura &#8211; M\u00f3dulo 1<\/a><\/p>\n<p><strong>Para solicita\u00e7\u00f5es diversas, preencher o seguinte requerimento:<\/strong><\/p>\n<p><a href=\"http:\/\/www.ifbaiano.edu.br\/unidades\/lapa\/files\/2017\/03\/Formul\u00e1rio-de-Requerimento-2017.pdf\" target=\"_blank\">Formul\u00e1rio\u00a0de Requerimento Discente\u00a0<\/a><\/p>\n<p>&nbsp;<\/p>\n<p>&nbsp;<\/p>\n<p><strong>Para processo de Certifica\u00e7\u00e3o pelo Enem:<\/strong><\/p>\n<p align=\"justify\"><span style=\"color: #000000\"><span style=\"font-family: 'Times New Roman', serif\"><strong>Quem pode solicitar a certifica\u00e7\u00e3o pelo Enem?<\/strong><\/span><\/span><\/p>\n<p align=\"justify\"><span style=\"color: #000000\"><span style=\"font-family: 'Times New Roman', serif\">Para solicitar a certifica\u00e7\u00e3o, o participante do Enem deve atender aos seguintes requisitos:<\/span><\/span><\/p>\n<p align=\"justify\"><span style=\"color: #000000\"><span style=\"font-family: 'Times New Roman', serif\">I \u2013 indicar a pretens\u00e3o de utilizar os resultados de desempenho no exame para fins de certifica\u00e7\u00e3o de conclus\u00e3o do ensino m\u00e9dio, no ato da inscri\u00e7\u00e3o, bem como a Institui\u00e7\u00e3o Certificadora;<\/span><\/span><\/p>\n<p align=\"justify\"><span style=\"color: #000000\"><span style=\"font-family: 'Times New Roman', serif\">II \u2013 possuir no m\u00ednimo 18 (dezoito) anos completos na data de realiza\u00e7\u00e3o da primeira<\/span><\/span><\/p>\n<p align=\"justify\"><span style=\"color: #000000\"><span style=\"font-family: 'Times New Roman', serif\">prova da edi\u00e7\u00e3o do Exame;<\/span><\/span><\/p>\n<p align=\"justify\"><span style=\"color: #000000\"><span style=\"font-family: 'Times New Roman', serif\">III \u2013 atingir o m\u00ednimo de 450 (quatrocentos e cinquenta) pontos em cada uma das<\/span><\/span><\/p>\n<p align=\"justify\"><span style=\"color: #000000\"><span style=\"font-family: 'Times New Roman', serif\">\u00e1reas de conhecimento do Exame;<\/span><\/span><\/p>\n<p align=\"justify\"><span style=\"color: #000000\"><span style=\"font-family: 'Times New Roman', serif\">IV \u2013 atingir o m\u00ednimo de 500 (quinhentos) pontos na reda\u00e7\u00e3o.<\/span><\/span><\/p>\n<p align=\"justify\"><span style=\"color: #000000\"><span style=\"font-family: 'Times New Roman', serif\">O participante do Enem que estiver interessado em obter a <strong>declara\u00e7\u00e3o parcial de profici\u00eancia <\/strong>dever\u00e1 alcan\u00e7ar o m\u00ednimo de 450 (quatrocentos e cinquenta) pontos na \u00e1rea de conhecimento pretendida, entre as seguintes:<\/span><\/span><\/p>\n<p align=\"justify\"><span style=\"color: #000000\">\u2022 <span style=\"font-family: 'Times New Roman', serif\">Ci\u00eancias Humanas e suas Tecnologias;<\/span><\/span><\/p>\n<p align=\"justify\"><span style=\"color: #000000\">\u2022 <span style=\"font-family: 'Times New Roman', serif\">Ci\u00eancias da Natureza e suas Tecnologias;<\/span><\/span><\/p>\n<p align=\"justify\"><span style=\"color: #000000\">\u2022 <span style=\"font-family: 'Times New Roman', serif\">Matem\u00e1tica e suas Tecnologias.<\/span><\/span><\/p>\n<p align=\"justify\"><span style=\"color: #000000\"><span style=\"font-family: 'Times New Roman', serif\">Em raz\u00e3o de sua natureza e das diretrizes da Matriz de Refer\u00eancia do Enem, a <strong>prova de reda\u00e7\u00e3o <\/strong>\u00e9 concebida como integrante da \u00e1rea de Linguagens, C\u00f3digos e suas Tecnologias. Para que o participante obtenha a <strong>declara\u00e7\u00e3o parcial de profici\u00eancia <\/strong>na \u00e1rea de <strong>Linguagens, C\u00f3digos e suas Tecnologias<\/strong>, dever\u00e1 atingir duas notas m\u00ednimas <strong>ao mesmo tempo<\/strong>: o m\u00ednimo de 450 (quatrocentos e cinquenta) pontos na prova objetiva <strong>e <\/strong>o m\u00ednimo de 500 (quinhentos) pontos na prova de reda\u00e7\u00e3o <strong>em uma mesma edi\u00e7\u00e3o do Exame<\/strong>.<\/span><\/span><\/p>\n<p align=\"center\"><span style=\"color: #00000a\"><span style=\"font-family: 'Times New Roman', serif\"><span style=\"text-decoration: underline\"><strong>DOCUMENTA\u00c7\u00c3O <\/strong><\/span><\/span><\/span><\/p>\n<ol>\n<li>\n<p align=\"left\"><span style=\"color: #00000a\"><span style=\"font-family: 'Times New Roman', serif\">Requerimento (preencher na Secretaria Acad\u00eamica do Campus)<\/span><\/span><\/p>\n<\/li>\n<li>\n<p align=\"left\"><span style=\"color: #00000a\"><span style=\"font-family: 'Times New Roman', serif\">Boletim de desempenho do Enem<\/span><\/span><\/p>\n<\/li>\n<li>\n<p align=\"left\"><span style=\"color: #00000a\"><span style=\"font-family: 'Times New Roman', serif\">Carteira de Identidade (RG)<\/span><\/span><\/p>\n<\/li>\n<li>\n<p align=\"left\"><span style=\"color: #00000a\"><span style=\"font-family: 'Times New Roman', serif\">Cadastro de Pessoas F\u00edsicas (CPF)<\/span><\/span><\/p>\n<\/li>\n<li>\n<p align=\"left\"><span style=\"color: #00000a\"><span style=\"font-family: 'Times New Roman', serif\">Certid\u00e3o de Nascimento ou Casamento<\/span><\/span><\/p>\n<\/li>\n<li>\n<p align=\"left\"><span style=\"color: #00000a\"><span style=\"font-family: 'Times New Roman', serif\">Comprovante de quita\u00e7\u00e3o com a Justi\u00e7a Eleitoral<\/span><\/span><\/p>\n<\/li>\n<li>\n<p align=\"justify\"><span style=\"color: #000000\"><span style=\"font-family: 'Times New Roman', serif\">Comprovante de quita\u00e7\u00e3o ou regularidade com o Servi\u00e7o Militar (sexo masculino)<\/span><\/span><\/p>\n<\/li>\n<\/ol>\n<p align=\"left\"><span style=\"color: #000000\"><span style=\"font-family: 'Times New Roman', serif\">REFER\u00caNCIA<\/span><\/span><\/p>\n<p align=\"left\"><span style=\"color: #000000\"><span style=\"font-family: 'Times New Roman', serif\">BRASIL, Minist\u00e9rio da Educa\u00e7\u00e3o. <strong>Guia de Certifica\u00e7\u00e3o.<\/strong> Exame Nacional do Ensino M\u00e9dio. Instituto Nacional de Estudos e Pesquisas Educacionais An\u00edsio Teixeira. Bras\u00edlia \u2013 DF. Maio\/2015. Dispon\u00edvel em: &lt;<a href=\"http:\/\/download.inep.gov.br\/educacao_basica\/enem\/certificacao\/2015\/guia_certificacao_enem_2015.pdf\">http:\/\/download.inep.gov.br\/educacao_basica\/enem\/certificacao\/2015\/guia_certificacao_enem_2015.pdf<\/a>&gt;. Acesso em 13 jan. 2016.<\/span><\/span><\/p>\n<p><strong><br \/>\n<\/strong><\/p>\n<p>&nbsp;<\/p>\n<p>&nbsp;<\/p>\n<p>&nbsp;<\/p>\n<p>&nbsp;<\/p>\n<p>&nbsp;<\/p>\n<p>&nbsp;<\/p>\n<p>&nbsp;<\/p>\n<p>&nbsp;<\/p>\n<p>&nbsp;<\/p>\n<p>&nbsp;<\/p>\n<p>&nbsp;<\/p>\n<p>&nbsp;<\/p>\n<p>&nbsp;<\/p>\n<p>&nbsp;<\/p>\n<p>&nbsp;<\/p>\n<p>&nbsp;<\/p>\n<p>&nbsp;<\/p>\n<p>&nbsp;<\/p>\n<p>&nbsp;<\/p>\n<p>&nbsp;<\/p>\n<p>&nbsp;<\/p>\n","protected":false},"excerpt":{"rendered":"<p>Rela\u00e7\u00e3o de alunos matriculados 2014: Inform\u00e1tica &#8211; M\u00f3dulo 1 Inform\u00e1tica &#8211; M\u00f3dulo 2 Agricultura &#8211; M\u00f3dulo 1 Para solicita\u00e7\u00f5es diversas, preencher o seguinte requerimento: Formul\u00e1rio\u00a0de Requerimento Discente\u00a0 &nbsp; &nbsp; Para processo de Certifica\u00e7\u00e3o pelo Enem: Quem pode solicitar a certifica\u00e7\u00e3o pelo Enem? Para solicitar a certifica\u00e7\u00e3o, o participante do Enem deve atender aos seguintes requisitos: [&hellip;]<\/p>\n","protected":false},"author":23,"featured_media":0,"parent":0,"menu_order":0,"comment_status":"open","ping_status":"open","template":"","meta":[],"_links":{"self":[{"href":"https:\/\/www.ifbaiano.edu.br\/unidades\/lapa\/wp-json\/wp\/v2\/pages\/436"}],"collection":[{"href":"https:\/\/www.ifbaiano.edu.br\/unidades\/lapa\/wp-json\/wp\/v2\/pages"}],"about":[{"href":"https:\/\/www.ifbaiano.edu.br\/unidades\/lapa\/wp-json\/wp\/v2\/types\/page"}],"author":[{"embeddable":true,"href":"https:\/\/www.ifbaiano.edu.br\/unidades\/lapa\/wp-json\/wp\/v2\/users\/23"}],"replies":[{"embeddable":true,"href":"https:\/\/www.ifbaiano.edu.br\/unidades\/lapa\/wp-json\/wp\/v2\/comments?post=436"}],"version-history":[{"count":20,"href":"https:\/\/www.ifbaiano.edu.br\/unidades\/lapa\/wp-json\/wp\/v2\/pages\/436\/revisions"}],"predecessor-version":[{"id":7438,"href":"https:\/\/www.ifbaiano.edu.br\/unidades\/lapa\/wp-json\/wp\/v2\/pages\/436\/revisions\/7438"}],"wp:attachment":[{"href":"https:\/\/www.ifbaiano.edu.br\/unidades\/lapa\/wp-json\/wp\/v2\/media?parent=436"}],"curies":[{"name":"wp","href":"https:\/\/api.w.org\/{rel}","templated":true}]}}