{"id":439,"date":"2012-09-27T21:44:44","date_gmt":"2012-09-27T23:44:44","guid":{"rendered":"http:\/\/www.ifbaiano.edu.br\/unidades\/lapa\/?page_id=439"},"modified":"2017-08-15T17:15:07","modified_gmt":"2017-08-15T20:15:07","slug":"regimento","status":"publish","type":"page","link":"https:\/\/www.ifbaiano.edu.br\/unidades\/lapa\/regimento\/","title":{"rendered":"Regimento Discente"},"content":{"rendered":"<p style=\"text-align: justify\">O Regulamento Disciplinar Discente estabelece direitos e deveres, bem como, regras de conviv\u00eancia e medidas disciplinares para todos os estudantes matriculados em cursos regulares, disciplinas isoladas ou inscritos em atividades de ensino, pesquisa e extens\u00e3o do IF Baiano, quaisquer que sejam suas formas e dura\u00e7\u00e3o, em todos os n\u00edveis e modalidades de ensino. Contribui com a forma\u00e7\u00e3o do educando, assegura o funcionamento das atividades pedag\u00f3gicas, o desenvolvimento dos servi\u00e7os associados, o cumprimento efetivo do Regimento Interno do Campus e a consecu\u00e7\u00e3o dos objetivos nele previstos.<\/p>\n<p>Clique <a href=\"http:\/\/www.ifbaiano.edu.br\/unidades\/lapa\/files\/2012\/09\/resolucao_25-2015_aprovou_regulamento_disciplinar_discente_instituto_federal_educacao_ciencia_tecnologia_baiano.pdf\">aqui<\/a>\u00a0e acesse o documento.<\/p>\n<p>&nbsp;<\/p>\n<p>&nbsp;<\/p>\n","protected":false},"excerpt":{"rendered":"<p>O Regulamento Disciplinar Discente estabelece direitos e deveres, bem como, regras de conviv\u00eancia e medidas disciplinares para todos os estudantes matriculados em cursos regulares, disciplinas isoladas ou inscritos em atividades de ensino, pesquisa e extens\u00e3o do IF Baiano, quaisquer que sejam suas formas e dura\u00e7\u00e3o, em todos os n\u00edveis e modalidades de ensino. Contribui com [&hellip;]<\/p>\n","protected":false},"author":23,"featured_media":0,"parent":0,"menu_order":0,"comment_status":"open","ping_status":"open","template":"","meta":[],"_links":{"self":[{"href":"https:\/\/www.ifbaiano.edu.br\/unidades\/lapa\/wp-json\/wp\/v2\/pages\/439"}],"collection":[{"href":"https:\/\/www.ifbaiano.edu.br\/unidades\/lapa\/wp-json\/wp\/v2\/pages"}],"about":[{"href":"https:\/\/www.ifbaiano.edu.br\/unidades\/lapa\/wp-json\/wp\/v2\/types\/page"}],"author":[{"embeddable":true,"href":"https:\/\/www.ifbaiano.edu.br\/unidades\/lapa\/wp-json\/wp\/v2\/users\/23"}],"replies":[{"embeddable":true,"href":"https:\/\/www.ifbaiano.edu.br\/unidades\/lapa\/wp-json\/wp\/v2\/comments?post=439"}],"version-history":[{"count":5,"href":"https:\/\/www.ifbaiano.edu.br\/unidades\/lapa\/wp-json\/wp\/v2\/pages\/439\/revisions"}],"predecessor-version":[{"id":8108,"href":"https:\/\/www.ifbaiano.edu.br\/unidades\/lapa\/wp-json\/wp\/v2\/pages\/439\/revisions\/8108"}],"wp:attachment":[{"href":"https:\/\/www.ifbaiano.edu.br\/unidades\/lapa\/wp-json\/wp\/v2\/media?parent=439"}],"curies":[{"name":"wp","href":"https:\/\/api.w.org\/{rel}","templated":true}]}}

<p style="text-align: justify">O Regulamento Disciplinar Discente estabelece direitos e deveres, bem como, regras de convivência e medidas disciplinares para todos os estudantes matriculados em cursos regulares, disciplinas isoladas ou inscritos em atividades de ensino, pesquisa e extensão do IF Baiano, quaisquer que sejam suas formas e duração, em todos os níveis e modalidades de ensino. Contribui com a formação do educando, assegura o funcionamento das atividades pedagógicas, o desenvolvimento dos serviços associados, o cumprimento efetivo do Regimento Interno do Campus e a consecução dos objetivos nele previstos.</p>
<p>Clique <a href="http://www.ifbaiano.edu.br/unidades/lapa/files/2012/09/resolucao_25-2015_aprovou_regulamento_disciplinar_discente_instituto_federal_educacao_ciencia_tecnologia_baiano.pdf">aqui</a> e acesse o documento.</p>
<p>&nbsp;</p>
<p>&nbsp;</p>

<p>O Regulamento Disciplinar Discente estabelece direitos e deveres, bem como, regras de convivência e medidas disciplinares para todos os estudantes matriculados em cursos regulares, disciplinas isoladas ou inscritos em atividades de ensino, pesquisa e extensão do IF Baiano, quaisquer que sejam suas formas e duração, em todos os níveis e modalidades de ensino. Contribui com [&hellip;]</p>
