{"id":443,"date":"2012-09-27T21:48:00","date_gmt":"2012-09-27T23:48:00","guid":{"rendered":"http:\/\/www.ifbaiano.edu.br\/unidades\/lapa\/?page_id=443"},"modified":"2023-09-06T17:15:00","modified_gmt":"2023-09-06T20:15:00","slug":"tecnico-em-informatica-subquente","status":"publish","type":"page","link":"https:\/\/www.ifbaiano.edu.br\/unidades\/lapa\/tecnico-em-informatica-subquente\/","title":{"rendered":"T\u00e9cnico em Inform\u00e1tica Subsequente"},"content":{"rendered":"\n<p><strong>Sobre o Curso T\u00e9cnico em Inform\u00e1tica Subsequente<\/strong><\/p>\n<p>O Curso T\u00e9cnico em Inform\u00e1tica Subsequente passou a ser oferecido no Campus no semestre 2010.1.<\/p>\n<p>Ele \u00e9 dividido em semestres (M\u00f3dulos), num total de tr\u00eas, o que constitui 1 ano e meio de curso. A carga hor\u00e1ria integral do curso \u00e9 de 1.200 horas com mais 200 horas de est\u00e1gio.<\/p>\n<p>A forma de ingresso \u00e9 atrav\u00e9s de processo seletivo, sorteio ou transfer\u00eancia. Para concorrer \u00e0s vagas, o candidato deve ter conclu\u00eddo o ensino m\u00e9dio.<\/p>\n<hr>\n<p style=\"text-align: justify\"><strong>Informa\u00e7\u00f5es gerais sobre o curso<\/strong>O Curso T\u00e9cnico Subsequente em Inform\u00e1tica forma profissionais que atuam no desenvolvimento de sistemas para computador, seguindo as especifica\u00e7\u00f5es e paradigmas da l\u00f3gica e linguagens de programa\u00e7\u00e3o; utilizam ambientes de desenvolvimentos de sistemas, sistemas operacionais, al\u00e9m de projetar e construir banco de dados e realizar testes de software, mantendo registro que possibilitem an\u00e1lises e refinamento dos resultados; analisa, executa e planeja a manuten\u00e7\u00e3o de programas de computadores implantados. Igualmente, atua no suporte de hardware e infraestrutura de redes de computadores. Vale destacar que a \u00eanfase do curso n\u00e3o \u00e9 a qualifica\u00e7\u00e3o de operador de computador, ou seja, n\u00e3o \u00e9 um curso b\u00e1sico de inform\u00e1tica com o objetivo de formar usu\u00e1rios de computador. O foco do curso \u00e9 no desenvolvimento de sistemas computacionais, e suporte na infraestrutura de hardware e rede de computadores, uma pr\u00e1tica mais avan\u00e7ada da Inform\u00e1tica que prop\u00f5e ao aluno o desenvolvimento do seu racioc\u00ednio l\u00f3gico.<\/p>\n<p>Possibilidades de atua\u00e7\u00e3o: Institui\u00e7\u00f5es p\u00fablicas, privadas e do terceiro setor que demandem sistemas computacionais, especialmente envolvendo programa\u00e7\u00e3o de computadores e suporte em sua infraestrutura de tecnologia da informa\u00e7\u00e3o.<\/p>\n<hr>\n<p><strong>Coordena\u00e7\u00e3o<\/strong>: \u00c1kila Luz Fernandes<\/p>\n<p><strong>E-mail<\/strong>: subsequente.informatica@lapa.ifbaiano.edu.br<\/p>\n<p><strong>Acesse aqui: <\/strong><a href=\"https:\/\/www.ifbaiano.edu.br\/unidades\/lapa\/files\/2021\/01\/PPC-Alteracao-Curricular-Curso-Tecnico-Informatica-Subsequente.pdf\" target=\"_blank\" rel=\"noopener noreferrer\">Projeto Pedag\u00f3gico do Curso Alterado-2020 (documento pdf, abre em nova aba)<\/a><\/p>\n<p><strong>Acesse aqui: <\/strong><a href=\"https:\/\/www.ifbaiano.edu.br\/unidades\/lapa\/files\/2021\/01\/NAP-Subsequente-Informatica.pdf\" target=\"_blank\" rel=\"noopener noreferrer\">Portaria do N\u00facleo de Assessoria Pedag\u00f3gica do Curso (documento pdf, abre em nova aba)<\/a><\/p>\n<p><strong>Acesse aqui: <\/strong><a href=\"https:\/\/www.ifbaiano.edu.br\/unidades\/lapa\/files\/2021\/01\/Portaria-Conselho-Curso-Informatica-Subsequente.pdf\" target=\"_blank\" rel=\"noopener noreferrer\">Portaria do Conselho do Curso (documento pdf, abre em nova aba)<\/a><\/p>\n<p><strong>Acesse aqui: <\/strong><a href=\"https:\/\/www.ifbaiano.edu.br\/unidades\/lapa\/files\/2023\/09\/Matriz-Curricular-Informatica-Subsequente.pdf\" target=\"_blank\" rel=\"noopener noreferrer\">Matriz Curricular T\u00e9cnico em Inform\u00e1tica Subsequente (documento pdf, abre em nova aba)<\/a><\/p>\n<hr>\n<p>Listagem de docentes que lecionam no curso T\u00e9cnico de Inform\u00e1tica Subsequente.<\/p>\n<div>\n<ol>\n<li>Prof. \u00c1kila Luz Fernandes<\/li>\n<li>Prof. Alex Leal de Oliveira<\/li>\n<li>Prof. Caio Henrique Rodrigues Carvalho<\/li>\n<li>Prof. Danyele de Oliveira Santana<\/li> \n<li>Prof. Franciele Souza Lapa\n<li>Prof. Ivna Herbenia da Silva Souza<\/li>\n<li>Prof. Ketchen P\u00e2mela dos Santos Gouveia<\/li>\n<li>Prof. Lorena Sabino Ramos<\/li>\n<li>Prof. Lourivaldo Barreto Pereira<\/li>\n<li>Prof. Thamiles Santos Nunes<\/li>\n<li>Prof. Tiago do Carmo Nogueira<\/li>\n<\/ol>\n<div><hr>\n<div>Hor\u00e1rio de aulas 2023:<\/div>\n<div><a href=\"https:\/\/www.ifbaiano.edu.br\/unidades\/lapa\/files\/2023\/09\/HORARIO-INFORMATICA-SUBSEQUENTE-2023.21-1.pdf\">Hor\u00e1rio 2023 &#8211; Subsequente de Inform\u00e1tica<\/a><\/div>\n<hr>\n<div><strong>Fonte:<\/strong>&nbsp;Coordena\u00e7\u00e3o do Curso<\/div>\n<\/div>\n<\/div>\n","protected":false},"excerpt":{"rendered":"<p>Sobre o Curso T\u00e9cnico em Inform\u00e1tica Subsequente O Curso T\u00e9cnico em Inform\u00e1tica Subsequente passou a ser oferecido no Campus no semestre 2010.1. Ele \u00e9 dividido em semestres (M\u00f3dulos), num total de tr\u00eas, o que constitui 1 ano e meio de curso. A carga hor\u00e1ria integral do curso \u00e9 de 1.200 horas com mais 200 horas [&hellip;]<\/p>\n","protected":false},"author":23,"featured_media":0,"parent":0,"menu_order":0,"comment_status":"open","ping_status":"open","template":"","meta":[],"_links":{"self":[{"href":"https:\/\/www.ifbaiano.edu.br\/unidades\/lapa\/wp-json\/wp\/v2\/pages\/443"}],"collection":[{"href":"https:\/\/www.ifbaiano.edu.br\/unidades\/lapa\/wp-json\/wp\/v2\/pages"}],"about":[{"href":"https:\/\/www.ifbaiano.edu.br\/unidades\/lapa\/wp-json\/wp\/v2\/types\/page"}],"author":[{"embeddable":true,"href":"https:\/\/www.ifbaiano.edu.br\/unidades\/lapa\/wp-json\/wp\/v2\/users\/23"}],"replies":[{"embeddable":true,"href":"https:\/\/www.ifbaiano.edu.br\/unidades\/lapa\/wp-json\/wp\/v2\/comments?post=443"}],"version-history":[{"count":52,"href":"https:\/\/www.ifbaiano.edu.br\/unidades\/lapa\/wp-json\/wp\/v2\/pages\/443\/revisions"}],"predecessor-version":[{"id":26230,"href":"https:\/\/www.ifbaiano.edu.br\/unidades\/lapa\/wp-json\/wp\/v2\/pages\/443\/revisions\/26230"}],"wp:attachment":[{"href":"https:\/\/www.ifbaiano.edu.br\/unidades\/lapa\/wp-json\/wp\/v2\/media?parent=443"}],"curies":[{"name":"wp","href":"https:\/\/api.w.org\/{rel}","templated":true}]}}