{"id":4895,"date":"2015-12-16T10:00:26","date_gmt":"2015-12-16T12:00:26","guid":{"rendered":"http:\/\/www.ifbaiano.edu.br\/unidades\/lapa\/?page_id=4895"},"modified":"2016-05-08T13:12:21","modified_gmt":"2016-05-08T15:12:21","slug":"tecnico-secretario-escolar","status":"publish","type":"page","link":"https:\/\/www.ifbaiano.edu.br\/unidades\/lapa\/tecnico-secretario-escolar\/","title":{"rendered":"T\u00e9cnico Secret\u00e1rio Escolar"},"content":{"rendered":"<p>Sobre o Curso T\u00e9cnico em Secretaria Escolar<\/p>\n<p>O Curso foi implantado no Campus no semestre 2015.2.<\/p>\n<p><strong>Informa\u00e7\u00f5es gerais<\/strong>:<\/p>\n<p>______________________________________________________________________________________________________<\/p>\n<p><a href=\"http:\/\/www.ifbaiano.edu.br\/unidades\/lapa\/files\/2015\/12\/resolucao3-secretario-escolar.pdf\">Acessem aqui<\/a> Resolu\u00e7\u00e3o que Aprovou o curso<\/p>\n<p>Acessem aqui Projeto Pedag\u00f3gico do Curso<\/p>\n<p>______________________________________________________________________________________________________<\/p>\n<p>&nbsp;<\/p>\n","protected":false},"excerpt":{"rendered":"<p>Sobre o Curso T\u00e9cnico em Secretaria Escolar O Curso foi implantado no Campus no semestre 2015.2. Informa\u00e7\u00f5es gerais: ______________________________________________________________________________________________________ Acessem aqui Resolu\u00e7\u00e3o que Aprovou o curso Acessem aqui Projeto Pedag\u00f3gico do Curso ______________________________________________________________________________________________________ &nbsp;<\/p>\n","protected":false},"author":36,"featured_media":0,"parent":0,"menu_order":0,"comment_status":"open","ping_status":"open","template":"","meta":[],"_links":{"self":[{"href":"https:\/\/www.ifbaiano.edu.br\/unidades\/lapa\/wp-json\/wp\/v2\/pages\/4895"}],"collection":[{"href":"https:\/\/www.ifbaiano.edu.br\/unidades\/lapa\/wp-json\/wp\/v2\/pages"}],"about":[{"href":"https:\/\/www.ifbaiano.edu.br\/unidades\/lapa\/wp-json\/wp\/v2\/types\/page"}],"author":[{"embeddable":true,"href":"https:\/\/www.ifbaiano.edu.br\/unidades\/lapa\/wp-json\/wp\/v2\/users\/36"}],"replies":[{"embeddable":true,"href":"https:\/\/www.ifbaiano.edu.br\/unidades\/lapa\/wp-json\/wp\/v2\/comments?post=4895"}],"version-history":[{"count":3,"href":"https:\/\/www.ifbaiano.edu.br\/unidades\/lapa\/wp-json\/wp\/v2\/pages\/4895\/revisions"}],"predecessor-version":[{"id":5919,"href":"https:\/\/www.ifbaiano.edu.br\/unidades\/lapa\/wp-json\/wp\/v2\/pages\/4895\/revisions\/5919"}],"wp:attachment":[{"href":"https:\/\/www.ifbaiano.edu.br\/unidades\/lapa\/wp-json\/wp\/v2\/media?parent=4895"}],"curies":[{"name":"wp","href":"https:\/\/api.w.org\/{rel}","templated":true}]}}

Técnico Secretário Escolar

<p>Sobre o Curso Técnico em Secretaria Escolar</p>
<p>O Curso foi implantado no Campus no semestre 2015.2.</p>
<p><strong>Informações gerais</strong>:</p>
<p>______________________________________________________________________________________________________</p>
<p><a href="http://www.ifbaiano.edu.br/unidades/lapa/files/2015/12/resolucao3-secretario-escolar.pdf">Acessem aqui</a> Resolução que Aprovou o curso</p>
<p>Acessem aqui Projeto Pedagógico do Curso</p>
<p>______________________________________________________________________________________________________</p>
<p>&nbsp;</p>

<p>Sobre o Curso Técnico em Secretaria Escolar O Curso foi implantado no Campus no semestre 2015.2. Informações gerais: ______________________________________________________________________________________________________ Acessem aqui Resolução que Aprovou o curso Acessem aqui Projeto Pedagógico do Curso ______________________________________________________________________________________________________ &nbsp;</p>
