{"id":520,"date":"2012-09-28T16:30:42","date_gmt":"2012-09-28T18:30:42","guid":{"rendered":"http:\/\/www.ifbaiano.edu.br\/unidades\/lapa\/?page_id=520"},"modified":"2026-01-29T10:24:14","modified_gmt":"2026-01-29T13:24:14","slug":"patrimonio","status":"publish","type":"page","link":"https:\/\/www.ifbaiano.edu.br\/unidades\/lapa\/patrimonio\/","title":{"rendered":"Patrim\u00f4nio"},"content":{"rendered":"\n<p style=\"text-transform:uppercase;font-weight:bold\">Respons\u00e1veis pelo Patrim\u00f4nio<\/p>\n\n\n\n<p>Jo\u00e3o Bastos Rocha<br>Edna Souza Costa<\/p>\n<p>email: patrimonio@lapa.ifbaiano.edu.br<\/p>\n\n\n\n<p style=\"text-transform:uppercase;font-weight: bold\">Atribui\u00e7\u00f5es Gerais:<\/p>\n\n\n\n<ol>\n<li>Receber, registrar e cadastrar os bens m\u00f3veis e im\u00f3veis do Campus;<\/li>\n\n\n\n<li>Controlar a numera\u00e7\u00e3o de tombamento do material permanente;<\/li>\n\n\n\n<li>Realizar o registro dos materiais e equipamentos da Institui\u00e7\u00e3o;<\/li>\n\n\n\n<li>Manter o controle de distribui\u00e7\u00e3o e localiza\u00e7\u00e3o dos bens m\u00f3veis;<\/li>\n\n\n\n<li>Realizar vistorias peri\u00f3dicas, indicar os reparos que se fizerem necess\u00e1rios nos bens patrimoniais e apura\u00e7\u00e3o dos recursos envolvidos, bem como propor a aliena\u00e7\u00e3o daqueles em desuso, ou de uso e recupera\u00e7\u00e3o antiecon\u00f4micos;<\/li>\n\n\n\n<li>Promover a avalia\u00e7\u00e3o e reavalia\u00e7\u00e3o dos bens m\u00f3veis e im\u00f3veis para efeito de aliena\u00e7\u00e3o, incorpora\u00e7\u00e3o, seguro ou loca\u00e7\u00e3o;<\/li>\n\n\n\n<li>Manter atualizado em arquivo pr\u00f3prio os termos de responsabilidades dos bens patrimoniais distribu\u00eddos no Campus;<\/li>\n\n\n\n<li>Propor apura\u00e7\u00e3o de responsabilidades nos casos de danifica\u00e7\u00e3o ou desaparecimento de bens, mediante inspe\u00e7\u00e3o peri\u00f3dica;<\/li>\n\n\n\n<li>Prestar assist\u00eancia a comiss\u00f5es de invent\u00e1rios dos bens m\u00f3veis e im\u00f3veis do Campus;<\/li>\n\n\n\n<li>Propor o encaminhamento de bens m\u00f3veis e equipamentos \u00e0s empresas especializadas, quando esses ainda estiverem sob cobertura de garantia ou n\u00e3o for poss\u00edvel o seu conserto no IF Baiano;<\/li>\n\n\n\n<li>Realizar concilia\u00e7\u00f5es junto \u00e0 Coordena\u00e7\u00e3o de Or\u00e7amento e Finan\u00e7as, quanto \u00e0s contas de patrim\u00f4nio e controles pr\u00f3prios do setor;<\/li>\n\n\n\n<li>Realizar outras atividades correlatas e afins.<\/li>\n<\/ol>\n\n\n\n<p><a href=\"http:\/\/www.ifbaiano.edu.br\/unidades\/lapa\/files\/2019\/10\/REGIMENTO-DO-PATRIM\u00d4NIO-PORTARIA-71_2019-BJL-GAB_BJL-DG_RET_IFBAIANO.pdf\" target=\"_blank\" rel=\"noopener noreferrer\">Regimento do Patrim\u00f4nio (Documento pdf, abre em nova aba)<\/a><\/p>\n\n\n\n\n\n<p><a href=\"https:\/\/www.ifbaiano.edu.br\/unidades\/lapa\/files\/2020\/11\/Portaria_105-2020.pdf\" target=\"_blank\" rel=\"noreferrer noopener\">Portaria 105\/2020 (Documento pdf, abre em nova aba)<\/a><\/p>\n\n\n\n<p><a href=\"https:\/\/www.ifbaiano.edu.br\/unidades\/lapa\/files\/2020\/11\/Regulamento-emprestimo-bens.pdf\" target=\"_blank\" rel=\"noreferrer noopener\">Regulamento de Empr\u00e9stimo de Bens (Documento pdf, abre em nova aba)<\/a><\/p>\n\n\n\n<div class=\"wp-block-file\"><a id=\"wp-block-file--media-1d43281b-b732-48ac-be0e-ed5cd08f8f69\" href=\"https:\/\/www.ifbaiano.edu.br\/unidades\/lapa\/files\/2021\/09\/Manual_SIP.pdf\" target=\"_blank\" rel=\"noreferrer noopener\">Manual do SIP &#8211; Sistema de Invent\u00e1rio de Patrim\u00f4nio (Documento pdf, abre em nova aba)<\/a><\/div>\n","protected":false},"excerpt":{"rendered":"<p>Respons\u00e1veis pelo Patrim\u00f4nio Jo\u00e3o Bastos RochaEdna Souza Costa email: patrimonio@lapa.ifbaiano.edu.br Atribui\u00e7\u00f5es Gerais: Regimento do Patrim\u00f4nio (Documento pdf, abre em nova aba) Portaria 105\/2020 (Documento pdf, abre em nova aba) Regulamento de Empr\u00e9stimo de Bens (Documento pdf, abre em nova aba)<\/p>\n","protected":false},"author":23,"featured_media":0,"parent":0,"menu_order":0,"comment_status":"open","ping_status":"open","template":"","meta":[],"_links":{"self":[{"href":"https:\/\/www.ifbaiano.edu.br\/unidades\/lapa\/wp-json\/wp\/v2\/pages\/520"}],"collection":[{"href":"https:\/\/www.ifbaiano.edu.br\/unidades\/lapa\/wp-json\/wp\/v2\/pages"}],"about":[{"href":"https:\/\/www.ifbaiano.edu.br\/unidades\/lapa\/wp-json\/wp\/v2\/types\/page"}],"author":[{"embeddable":true,"href":"https:\/\/www.ifbaiano.edu.br\/unidades\/lapa\/wp-json\/wp\/v2\/users\/23"}],"replies":[{"embeddable":true,"href":"https:\/\/www.ifbaiano.edu.br\/unidades\/lapa\/wp-json\/wp\/v2\/comments?post=520"}],"version-history":[{"count":35,"href":"https:\/\/www.ifbaiano.edu.br\/unidades\/lapa\/wp-json\/wp\/v2\/pages\/520\/revisions"}],"predecessor-version":[{"id":30283,"href":"https:\/\/www.ifbaiano.edu.br\/unidades\/lapa\/wp-json\/wp\/v2\/pages\/520\/revisions\/30283"}],"wp:attachment":[{"href":"https:\/\/www.ifbaiano.edu.br\/unidades\/lapa\/wp-json\/wp\/v2\/media?parent=520"}],"curies":[{"name":"wp","href":"https:\/\/api.w.org\/{rel}","templated":true}]}}