{"id":5248,"date":"2016-03-02T12:21:35","date_gmt":"2016-03-02T14:21:35","guid":{"rendered":"http:\/\/www.ifbaiano.edu.br\/unidades\/lapa\/?page_id=5248"},"modified":"2025-10-06T13:55:02","modified_gmt":"2025-10-06T16:55:02","slug":"tecnico-em-agricultura-integrado","status":"publish","type":"page","link":"https:\/\/www.ifbaiano.edu.br\/unidades\/lapa\/tecnico-em-agricultura-integrado\/","title":{"rendered":"T\u00e9cnico em Agricultura Integrado"},"content":{"rendered":"\n<div class=\"wp-block-group is-layout-constrained\"><div class=\"wp-block-group__inner-container\">\n<div class=\"wp-block-columns is-layout-flex wp-container-2\">\n<div class=\"wp-block-column is-layout-flow\" style=\"flex-basis:100%\">\n<div class=\"wp-block-column is-layout-flow\" style=\"flex-basis:100%\">\n\n<p><strong>Sobre o Curso em Agricultura Integrado<\/strong><\/p>\n<p>O&nbsp;Curso T\u00e9cnico em Agricultura Integrado&nbsp;passou a ser&nbsp;oferecido&nbsp;no&nbsp;<em>Campus<\/em>&nbsp;no semestre&nbsp;<strong>2016.1<\/strong>.<\/p>\n<hr>\n<p style=\"text-align: justify\"><strong>Informa\u00e7\u00f5es Gerais:<\/strong> Trata-se de um curso voltado para atividades ligadas \u00e0 agricultura, em que os profissionais formados podem atuar em empresas de produ\u00e7\u00e3o e consultoria agr\u00edcola; Institui\u00e7\u00f5es de assist\u00eancia t\u00e9cnica, extens\u00e3o rural e pesquisa; com\u00e9rcio de equipamentos e produtos agr\u00edcolas; unidades de produ\u00e7\u00e3o familiar; Cooperativas e associa\u00e7\u00f5es de produ\u00e7\u00e3o agr\u00edcola dentre outros. O curso buscar\u00e1 atender \u00e0s demandas das popula\u00e7\u00f5es rurais \u2013 produtores rurais, povos quilombolas, agricultores familiares, comunidades ribeirinhas, egressos do ensino fundamental de modo geral que tenham interesse em ampliar e qualificar o conhecimento te\u00f3rico-pr\u00e1tico vinculado ao setor de produ\u00e7\u00e3o agr\u00edcola.<\/p>\n<hr>\n<p><strong>Identifica\u00e7\u00e3o do Curso<\/strong><\/p>\n<p>\u00c9 um curso voltado para o desenvolvimento de atividades ligadas \u00e0 agricultura, em que os profissionais formados podem atuar em empresas de produ\u00e7\u00e3o e consultoria agr\u00edcola; Institui\u00e7\u00f5es de assist\u00eancia\/assessoria t\u00e9cnica, extens\u00e3o rural e pesquisa; Com\u00e9rcio de equipamentos e produtos agr\u00edcolas; Unidades de produ\u00e7\u00e3o familiar; Cooperativas e associa\u00e7\u00f5es de produ\u00e7\u00e3o agr\u00edcola e tamb\u00e9m de forma aut\u00f4noma.<\/p>\n<hr>\n<p><strong>Perfil do Curso<\/strong><\/p>\n<p>Trata-se de um curso voltado para atividades ligadas \u00e0 agricultura, em que os profissionais formados podem atuar em empresas de produ\u00e7\u00e3o e consultoria agr\u00edcola; Institui\u00e7\u00f5es de assist\u00eancia\/assessoria t\u00e9cnica, extens\u00e3o rural e pesquisa; com\u00e9rcio de equipamentos e produtos agr\u00edcolas; unidades de produ\u00e7\u00e3o familiar; cooperativas e associa\u00e7\u00f5es de produ\u00e7\u00e3o agr\u00edcola e de forma aut\u00f4noma. <br>\nO curso buscar\u00e1 atender \u00e0s demandas das popula\u00e7\u00f5es rurais \u2013produtores rurais, povos quilombolas, agricultores familiares, comunidades ribeirinhas, egressos do ensino fundamental de modo geral que tenham interesse em ampliar e qualificar o conhecimento te\u00f3rico-pr\u00e1tico vinculado ao setor de produ\u00e7\u00e3o agr\u00edcola.<br>\nSegundo o Cat\u00e1logo Nacional de Cursos T\u00e9cnicos, institu\u00eddo pelo MEC, Art. 29 da Resolu\u00e7\u00e3o n\u00ba 06, de 22 de setembro de 2012\/CEB\/CNE (CNE, 2012), o curso dever\u00e1 propiciar um contato com a tecnologia agropecu\u00e1ria e contribuir para que o egresso possa planejar, executar e \nmonitorar etapas da produ\u00e7\u00e3o agr\u00edcola; planejar e acompanhar a colheita e a p\u00f3s-colheita das principais culturas; auxiliar na implanta\u00e7\u00e3o e gerenciamento de sistemas de controle de qualidade na produ\u00e7\u00e3o agr\u00edcola; identificar e aplicar t\u00e9cnicas mercadol\u00f3gicas para distribui\u00e7\u00e3o e \ncomercializa\u00e7\u00e3o de produtos; elaborar laudos, per\u00edcias, pareceres, relat\u00f3rios e projeto; atuar em atividades de extens\u00e3o e associativismo. \nO curso enfatizar\u00e1, paralelamente \u00e0 forma\u00e7\u00e3o profissional espec\u00edfica, o desenvolvimento de todos os saberes e valores necess\u00e1rios ao profissional-cidad\u00e3o, tais como o dom\u00ednio da linguagem, o racioc\u00ednio l\u00f3gico, rela\u00e7\u00f5es interpessoais, responsabilidade, solidariedade e \u00e9tica, entre outros.<br>Ser\u00e3o desenvolvidas a\u00e7\u00f5es planejadas em parcerias com empresas, produtores, entidades e Institui\u00e7\u00f5es ligadas ao setor prim\u00e1rio, oportunizando aos estudantes o contato direto com o mundo do trabalho e a possibilidade de constru\u00e7\u00e3o de conhecimento tecnol\u00f3gico, atrav\u00e9s de pesquisas e experi\u00eancias desenvolvidas.<br>Os princ\u00edpios pedag\u00f3gicos, filos\u00f3ficos e legais que subsidiam a organiza\u00e7\u00e3o pedag\u00f3gica do curso s\u00e3o aqueles em que a rela\u00e7\u00e3o teoria-pr\u00e1tica \u00e9 o princ\u00edpio fundamental que associados \u00e0 estrutura curricular do curso, conduzem a um fazer pedag\u00f3gico no qual atividades como semin\u00e1rios, visitas t\u00e9cnicas, pr\u00e1ticas laboratoriais e desenvolvimento de projetos, entre outros, est\u00e3o presentes em todos os per\u00edodos letivos.<br>A integra\u00e7\u00e3o entre a teoria e as pr\u00e1ticas de trabalho ocorrer\u00e3o durante toda a vida acad\u00eamica do aluno e principalmente nos seguintes momentos: nas aulas realizadas nos laborat\u00f3rios do curso; nas visitas a empresas agr\u00edcolas da regi\u00e3o; na realiza\u00e7\u00e3o do est\u00e1gio, quando o aluno \nvivenciar\u00e1 o trabalho do T\u00e9cnico em Agricultura sob a orienta\u00e7\u00e3o de um professor orientador; nas disciplinas dos n\u00facleos tem\u00e1ticos, os quais s\u00e3o formas de trabalhar a teoria e a pr\u00e1tica de modo mais veemente, uma vez que consolida o trabalho em equipe e a ampla discuss\u00e3o de problemas locais e regionais sob a \u00f3tica do pensar estrat\u00e9gico, do pensar para a\u00e7\u00e3o; na participa\u00e7\u00e3o em eventos t\u00e9cnicos e cient\u00edficos da \u00e1rea de agricultura; na participa\u00e7\u00e3o em projetos de pesquisa e extens\u00e3o.<\/p>\n<hr>\n<p><strong>Coordenador:<\/strong> D\u00e9bora Francine Gomes Silva Pereira<\/p>\n<p><strong>E-mail<\/strong>: debora.pereira@ifbaiano.edu.br<\/p>\n<p><strong>E-mail do curso<\/strong>: integrado.agricultura@lapa.ifbaiano.edu.br; <\/p>\n<p><strong>PPC ATUAL<\/strong>: <strong><a href=\"https:\/\/www.ifbaiano.edu.br\/unidades\/lapa\/files\/2020\/07\/PPC-Agricultura-Reformulado.pdf\" target=\"_blank\" rel=\"noopener noreferrer\">Projeto Pedag\u00f3gico do Curso 2020<\/a><\/strong><\/p>\n<p><strong>Acesse aqui:<\/strong> <a href=\"https:\/\/www.ifbaiano.edu.br\/unidades\/lapa\/files\/2021\/01\/PPC-Alteracao-Curricular-Curso-Tecnico-Integrado-Agricultura.pdf\" target=\"_blank\" rel=\"noopener noreferrer\">Projeto Pedag\u00f3gico do Curso Alterado-2020 (documento pdf, abre em nova aba)<\/a><\/p>\n\n<p><strong>Acesse aqui<\/strong>:&nbsp;<strong><a href=\"https:\/\/www.ifbaiano.edu.br\/unidades\/lapa\/files\/2020\/07\/PPC-Agricultura-Alterado2\u00ba-e-3\u00ba-ano.pdf\" target=\"_blank\" rel=\"noopener noreferrer\">Projeto Pedag\u00f3gico do Curso 2017<\/a><\/strong><\/p>\n<p><strong>Acesse aqui:<\/strong>&nbsp;<a href=\"https:\/\/www.ifbaiano.edu.br\/unidades\/lapa\/files\/2020\/07\/Resolucao-aprova-Agricultura.pdf\" target=\"_blank\" rel=\"noopener noreferrer\">Resolu\u00e7\u00e3o que aprovou o Curso<\/a><\/p>\n<p><strong>Acesse aqui:<\/strong> <a href=\"https:\/\/www.ifbaiano.edu.br\/unidades\/lapa\/files\/2021\/01\/Organizacao-Didatica-EPTNM-2019.pdf\" target=\"_blank\" rel=\"noopener noreferrer\">Organiza\u00e7\u00e3o Did\u00e1tica dos Cursos T\u00e9cnicos Integrados 2019<\/a><\/p>\n<p><strong>Acesse aqui:<\/strong> <a href=\"https:\/\/www.ifbaiano.edu.br\/unidades\/lapa\/files\/2020\/07\/Organizacao-Didatica-EPTNM-2011.pdf\" target=\"_blank\" rel=\"noopener noreferrer\">Organiza\u00e7\u00e3o Did\u00e1tica dos Cursos T\u00e9cnicos Integrados 2011<\/a><\/p>\n<p><strong>Acesse aqui:<\/strong> <a href=\"https:\/\/www.ifbaiano.edu.br\/unidades\/lapa\/files\/2020\/07\/Matriz-Curricular-1\u00ba-Ano.pdf\" target=\"_blank\" rel=\"noopener noreferrer\">Matriz Curricular 2020<\/a><\/p>\n<p><strong>Acesse aqui:<\/strong> <a href=\"https:\/\/www.ifbaiano.edu.br\/unidades\/lapa\/files\/2020\/07\/Matriz-Equival\u00eancia-2\u00ba-3\u00ba-Ano.pdf\" target=\"_blank\" rel=\"noopener noreferrer\">Matriz Curricular 2011<\/a><\/p>\n<p><strong>Acesse aqui:<\/strong> <a href=\"https:\/\/www.ifbaiano.edu.br\/unidades\/lapa\/files\/2021\/01\/NAP-Integrado-Agricultura.pdf\" target=\"_blank\" rel=\"noopener noreferrer\">Portaria do N\u00facleo de Assessoria Pedag\u00f3gica do Curso (documento pdf, abre em nova aba)<\/a><\/p>\n<p><strong>Acesse aqui:<\/strong> <a href=\"https:\/\/www.ifbaiano.edu.br\/unidades\/lapa\/files\/2021\/01\/Portaria-Conselho-Curso-Agricultura-Integrado.pdf\" target=\"_blank\" rel=\"noopener noreferrer\">Portaria do Conselho do Curso (documento pdf, abre em nova aba)<\/a><\/p>\n<hr>\n\n<div>\n<div><hr><\/div>\n<div>Hor\u00e1rio de aulas:<\/div>\n<div>\n    <a href=\"https:\/\/www.ifbaiano.edu.br\/unidades\/lapa\/files\/2025\/10\/HORARIO-INTEGRADO-AGRICULTURA_2025.2.pdf\" target=\"_blank\" rel=\"noopener noreferrer\">\n        Hor\u00e1rios 2025\n    <\/a>\n<\/div>\n<div><hr><\/div>\n<div><strong>Fonte:<\/strong>&nbsp;Coordena\u00e7\u00e3o do Curso<\/div>\n<\/div>\n\n<\/div>\n<\/div>\n<\/div>\n<\/div><\/div>\n\n\n\n<div class=\"wp-block-file\"><\/div>\n","protected":false},"excerpt":{"rendered":"<p>Sobre o Curso em Agricultura Integrado O&nbsp;Curso T\u00e9cnico em Agricultura Integrado&nbsp;passou a ser&nbsp;oferecido&nbsp;no&nbsp;Campus&nbsp;no semestre&nbsp;2016.1. Informa\u00e7\u00f5es Gerais: Trata-se de um curso voltado para atividades ligadas \u00e0 agricultura, em que os profissionais formados podem atuar em empresas de produ\u00e7\u00e3o e consultoria agr\u00edcola; Institui\u00e7\u00f5es de assist\u00eancia t\u00e9cnica, extens\u00e3o rural e pesquisa; com\u00e9rcio de equipamentos e produtos agr\u00edcolas; unidades [&hellip;]<\/p>\n","protected":false},"author":65,"featured_media":0,"parent":0,"menu_order":0,"comment_status":"open","ping_status":"open","template":"","meta":[],"_links":{"self":[{"href":"https:\/\/www.ifbaiano.edu.br\/unidades\/lapa\/wp-json\/wp\/v2\/pages\/5248"}],"collection":[{"href":"https:\/\/www.ifbaiano.edu.br\/unidades\/lapa\/wp-json\/wp\/v2\/pages"}],"about":[{"href":"https:\/\/www.ifbaiano.edu.br\/unidades\/lapa\/wp-json\/wp\/v2\/types\/page"}],"author":[{"embeddable":true,"href":"https:\/\/www.ifbaiano.edu.br\/unidades\/lapa\/wp-json\/wp\/v2\/users\/65"}],"replies":[{"embeddable":true,"href":"https:\/\/www.ifbaiano.edu.br\/unidades\/lapa\/wp-json\/wp\/v2\/comments?post=5248"}],"version-history":[{"count":56,"href":"https:\/\/www.ifbaiano.edu.br\/unidades\/lapa\/wp-json\/wp\/v2\/pages\/5248\/revisions"}],"predecessor-version":[{"id":30150,"href":"https:\/\/www.ifbaiano.edu.br\/unidades\/lapa\/wp-json\/wp\/v2\/pages\/5248\/revisions\/30150"}],"wp:attachment":[{"href":"https:\/\/www.ifbaiano.edu.br\/unidades\/lapa\/wp-json\/wp\/v2\/media?parent=5248"}],"curies":[{"name":"wp","href":"https:\/\/api.w.org\/{rel}","templated":true}]}}