{"id":5254,"date":"2016-03-02T12:12:59","date_gmt":"2016-03-02T14:12:59","guid":{"rendered":"http:\/\/www.ifbaiano.edu.br\/unidades\/lapa\/?page_id=5254"},"modified":"2025-10-06T09:36:50","modified_gmt":"2025-10-06T12:36:50","slug":"tecnico-em-informatica-integrado","status":"publish","type":"page","link":"https:\/\/www.ifbaiano.edu.br\/unidades\/lapa\/tecnico-em-informatica-integrado\/","title":{"rendered":"T\u00e9cnico em Inform\u00e1tica Integrado"},"content":{"rendered":"\n<p><strong>Sobre o Curso em Inform\u00e1tica Integrado<\/strong><\/p>\n\n\n\n<p>O&nbsp;Curso T\u00e9cnico em Inform\u00e1tica Integrado&nbsp;passou a ser&nbsp;oferecido&nbsp;no&nbsp;<em>Campus<\/em>&nbsp;no semestre&nbsp;<strong>2016.1<\/strong>.<\/p>\n\n\n\n<hr class=\"wp-block-separator has-alpha-channel-opacity\" \/>\n\n\n\n<p><strong>Informa\u00e7\u00f5es Gerais:<\/strong>&nbsp;Trata-se de um curso que, para al\u00e9m da forma\u00e7\u00e3o proped\u00eautica, busca formar profissionais em N\u00edvel M\u00e9dio com compet\u00eancias e habilidades para atuar cr\u00edtica e reflexivamente na sociedade, no mundo do trabalho e nas diversas \u00e1reas de inform\u00e1tica, capazes de desenvolver programas computacionais e realizar manuten\u00e7\u00e3o e suporte de computadores e redes, tanto em hardware quanto software, al\u00e9m de favorecer condi\u00e7\u00f5es ao prosseguimento de estudos posteriores.<\/p>\n\n\n\n<hr class=\"wp-block-separator has-alpha-channel-opacity\" \/>\n\n\n\n<p><strong>Coordenador:<\/strong> Prof. Daniel Pinto Moror\u00f3<\/p>\n\n\n\n<p><strong>Contato:<\/strong> integrado.informatica@lapa.ifbaiano.edu.br<\/p>\n\n\n\n<hr class=\"wp-block-separator has-alpha-channel-opacity\" \/>\n\n\n\n<p><strong>Acesse aqui: <\/strong><a href=\"https:\/\/www.ifbaiano.edu.br\/unidades\/lapa\/files\/2021\/01\/PPC-Alteracao-Curricular-Curso-Tecnico-Integrado-Informatica.pdf\" target=\"_blank\" rel=\"noreferrer noopener\">Projeto Pedag\u00f3gico do Curso Alterado-2020 (documento pdf, abre em nova aba)<\/a><\/p>\n\n\n\n<p><strong>Acesse aqui o PPC ATUAL: <\/strong><a rel=\"noreferrer noopener\" href=\"https:\/\/www.ifbaiano.edu.br\/unidades\/lapa\/files\/2021\/01\/PPC-Reformulacao-Curricular-Curso-Tecnico-Integrado-Informatica.pdf\" target=\"_blank\">Projeto Pedag\u00f3gico do Curso 2020.<\/a><\/p>\n\n\n\n<p><strong>Acesse aqui: <\/strong><a href=\"http:\/\/www.ifbaiano.edu.br\/unidades\/lapa\/files\/2016\/03\/PPC_INFORMATICA_INTEGRADO_-_2017.pdf\" target=\"_blank\" rel=\"noreferrer noopener\">Projeto Pedag\u00f3gico do Curso 2017.<\/a><\/p>\n\n\n\n<p><strong>Acesse aqui:<\/strong> <a href=\"https:\/\/www.ifbaiano.edu.br\/unidades\/lapa\/files\/2021\/01\/Organizacao-Didatica-EPTNM-2019.pdf\" target=\"_blank\" rel=\"noreferrer noopener\">Organiza\u00e7\u00e3o Did\u00e1tica dos Cursos T\u00e9cnicos Integrados 2019<\/a><\/p>\n\n\n\n<p><strong>Acesse aqui:<\/strong> <a href=\"https:\/\/www.ifbaiano.edu.br\/unidades\/lapa\/files\/2020\/07\/Organizacao-Didatica-EPTNM-2011.pdf\" target=\"_blank\" rel=\"noreferrer noopener\">Organiza\u00e7\u00e3o Did\u00e1tica dos Cursos T\u00e9cnicos Integrados 2011<\/a><\/p>\n\n\n\n<p><strong>Acesse aqui: <\/strong><a href=\"https:\/\/www.ifbaiano.edu.br\/unidades\/lapa\/files\/2021\/01\/NAP-Integrado-Informatica.pdf\" target=\"_blank\" rel=\"noreferrer noopener\">Portaria do N\u00facleo de Assessoria Pedag\u00f3gica do Curso (documento pdf, abre em nova aba)<\/a><\/p>\n\n\n\n<p><strong>Acesse aqui: <\/strong><a href=\"https:\/\/www.ifbaiano.edu.br\/unidades\/lapa\/files\/2021\/01\/PORTARIA-56-2019-Informatica-Integrado.pdf\" target=\"_blank\" rel=\"noreferrer noopener\">Portaria do Conselho do Curso (documento pdf, abre em nova aba)<\/a><\/p>\n\n\n\n<hr class=\"wp-block-separator has-alpha-channel-opacity\" \/>\n\n\n\n<p>Hor\u00e1rio de aulas 2025:<\/p>\n\n\n\n<p><a href=\"https:\/\/www.ifbaiano.edu.br\/unidades\/lapa\/files\/2025\/10\/HORARIO-INTEGRADO-INFORMATICA_2025.2.pdf\" target=\"_blank\" rel=\"noreferrer noopener\">ACESSEM AQUI<\/a><\/p>\n\n\n\n<hr class=\"wp-block-separator has-alpha-channel-opacity\" \/>\n\n\n\n<p><strong>Fonte:<\/strong>&nbsp;Coordena\u00e7\u00e3o do Curso<\/p>\n","protected":false},"excerpt":{"rendered":"<p>Sobre o Curso em Inform\u00e1tica Integrado O&nbsp;Curso T\u00e9cnico em Inform\u00e1tica Integrado&nbsp;passou a ser&nbsp;oferecido&nbsp;no&nbsp;Campus&nbsp;no semestre&nbsp;2016.1. Informa\u00e7\u00f5es Gerais:&nbsp;Trata-se de um curso que, para al\u00e9m da forma\u00e7\u00e3o proped\u00eautica, busca formar profissionais em N\u00edvel M\u00e9dio com compet\u00eancias e habilidades para atuar cr\u00edtica e reflexivamente na sociedade, no mundo do trabalho e nas diversas \u00e1reas de inform\u00e1tica, capazes de desenvolver [&hellip;]<\/p>\n","protected":false},"author":65,"featured_media":0,"parent":0,"menu_order":0,"comment_status":"open","ping_status":"open","template":"","meta":[],"_links":{"self":[{"href":"https:\/\/www.ifbaiano.edu.br\/unidades\/lapa\/wp-json\/wp\/v2\/pages\/5254"}],"collection":[{"href":"https:\/\/www.ifbaiano.edu.br\/unidades\/lapa\/wp-json\/wp\/v2\/pages"}],"about":[{"href":"https:\/\/www.ifbaiano.edu.br\/unidades\/lapa\/wp-json\/wp\/v2\/types\/page"}],"author":[{"embeddable":true,"href":"https:\/\/www.ifbaiano.edu.br\/unidades\/lapa\/wp-json\/wp\/v2\/users\/65"}],"replies":[{"embeddable":true,"href":"https:\/\/www.ifbaiano.edu.br\/unidades\/lapa\/wp-json\/wp\/v2\/comments?post=5254"}],"version-history":[{"count":44,"href":"https:\/\/www.ifbaiano.edu.br\/unidades\/lapa\/wp-json\/wp\/v2\/pages\/5254\/revisions"}],"predecessor-version":[{"id":30148,"href":"https:\/\/www.ifbaiano.edu.br\/unidades\/lapa\/wp-json\/wp\/v2\/pages\/5254\/revisions\/30148"}],"wp:attachment":[{"href":"https:\/\/www.ifbaiano.edu.br\/unidades\/lapa\/wp-json\/wp\/v2\/media?parent=5254"}],"curies":[{"name":"wp","href":"https:\/\/api.w.org\/{rel}","templated":true}]}}

Técnico em Informática Integrado

<p><strong>Sobre o Curso em Informática Integrado</strong></p>



<p>O&nbsp;Curso Técnico em Informática Integrado&nbsp;passou a ser&nbsp;oferecido&nbsp;no&nbsp;<em>Campus</em>&nbsp;no semestre&nbsp;<strong>2016.1</strong>.</p>



<hr class="wp-block-separator has-alpha-channel-opacity" />



<p><strong>Informações Gerais:</strong>&nbsp;Trata-se de um curso que, para além da formação propedêutica, busca formar profissionais em Nível Médio com competências e habilidades para atuar crítica e reflexivamente na sociedade, no mundo do trabalho e nas diversas áreas de informática, capazes de desenvolver programas computacionais e realizar manutenção e suporte de computadores e redes, tanto em hardware quanto software, além de favorecer condições ao prosseguimento de estudos posteriores.</p>



<hr class="wp-block-separator has-alpha-channel-opacity" />



<p><strong>Coordenador:</strong> Prof. Daniel Pinto Mororó</p>



<p><strong>Contato:</strong> integrado.informatica@lapa.ifbaiano.edu.br</p>



<hr class="wp-block-separator has-alpha-channel-opacity" />



<p><strong>Acesse aqui: </strong><a href="https://www.ifbaiano.edu.br/unidades/lapa/files/2021/01/PPC-Alteracao-Curricular-Curso-Tecnico-Integrado-Informatica.pdf" target="_blank" rel="noreferrer noopener">Projeto Pedagógico do Curso Alterado-2020 (documento pdf, abre em nova aba)</a></p>



<p><strong>Acesse aqui o PPC ATUAL: </strong><a rel="noreferrer noopener" href="https://www.ifbaiano.edu.br/unidades/lapa/files/2021/01/PPC-Reformulacao-Curricular-Curso-Tecnico-Integrado-Informatica.pdf" target="_blank">Projeto Pedagógico do Curso 2020.</a></p>



<p><strong>Acesse aqui: </strong><a href="http://www.ifbaiano.edu.br/unidades/lapa/files/2016/03/PPC_INFORMATICA_INTEGRADO_-_2017.pdf" target="_blank" rel="noreferrer noopener">Projeto Pedagógico do Curso 2017.</a></p>



<p><strong>Acesse aqui:</strong> <a href="https://www.ifbaiano.edu.br/unidades/lapa/files/2021/01/Organizacao-Didatica-EPTNM-2019.pdf" target="_blank" rel="noreferrer noopener">Organização Didática dos Cursos Técnicos Integrados 2019</a></p>



<p><strong>Acesse aqui:</strong> <a href="https://www.ifbaiano.edu.br/unidades/lapa/files/2020/07/Organizacao-Didatica-EPTNM-2011.pdf" target="_blank" rel="noreferrer noopener">Organização Didática dos Cursos Técnicos Integrados 2011</a></p>



<p><strong>Acesse aqui: </strong><a href="https://www.ifbaiano.edu.br/unidades/lapa/files/2021/01/NAP-Integrado-Informatica.pdf" target="_blank" rel="noreferrer noopener">Portaria do Núcleo de Assessoria Pedagógica do Curso (documento pdf, abre em nova aba)</a></p>



<p><strong>Acesse aqui: </strong><a href="https://www.ifbaiano.edu.br/unidades/lapa/files/2021/01/PORTARIA-56-2019-Informatica-Integrado.pdf" target="_blank" rel="noreferrer noopener">Portaria do Conselho do Curso (documento pdf, abre em nova aba)</a></p>



<hr class="wp-block-separator has-alpha-channel-opacity" />



<p>Horário de aulas 2025:</p>



<p><a href="https://www.ifbaiano.edu.br/unidades/lapa/files/2025/10/HORARIO-INTEGRADO-INFORMATICA_2025.2.pdf" target="_blank" rel="noreferrer noopener">ACESSEM AQUI</a></p>



<hr class="wp-block-separator has-alpha-channel-opacity" />



<p><strong>Fonte:</strong>&nbsp;Coordenação do Curso</p>

<p>Sobre o Curso em Informática Integrado O&nbsp;Curso Técnico em Informática Integrado&nbsp;passou a ser&nbsp;oferecido&nbsp;no&nbsp;Campus&nbsp;no semestre&nbsp;2016.1. Informações Gerais:&nbsp;Trata-se de um curso que, para além da formação propedêutica, busca formar profissionais em Nível Médio com competências e habilidades para atuar crítica e reflexivamente na sociedade, no mundo do trabalho e nas diversas áreas de informática, capazes de desenvolver [&hellip;]</p>
