{"id":5524,"date":"2016-04-13T10:10:52","date_gmt":"2016-04-13T12:10:52","guid":{"rendered":"http:\/\/www.ifbaiano.edu.br\/unidades\/lapa\/?page_id=5524"},"modified":"2023-04-10T13:11:41","modified_gmt":"2023-04-10T16:11:41","slug":"nagp","status":"publish","type":"page","link":"https:\/\/www.ifbaiano.edu.br\/unidades\/lapa\/nagp\/","title":{"rendered":"NAGP"},"content":{"rendered":"<p style=\"text-align: justify\">O N\u00facleo de Apoio \u00e0 Gest\u00e3o de Pessoas \u00e9 estrat\u00e9gia para o desenvolvimento de pessoal e de assessoramento \u00e0 Gest\u00e3o no campus, est\u00e1 subordinado ao Diretor Geral e ligado as pol\u00edticas e diretrizes da Diretoria de Gest\u00e3o de Pessoas do IF Baiano. \u00c9 respons\u00e1vel pelas execu\u00e7\u00e3o, supervis\u00e3o e avalia\u00e7\u00e3o da pol\u00edtica de gest\u00e3o de pessoas do IF Baiano no Campus, atribuindo, executando, desenvolvendo, assessorando, controle e avalia\u00e7\u00e3o de processos relativas ao recrutamento e sele\u00e7\u00e3o, ao desenvolvimento de pessoal, \u00e0 administra\u00e7\u00e3o e \u00e0 sa\u00fade e qualidade de vida dos servidores do IF Baiano &#8211; Campus Bom Jesus da Lapa.<\/p>\n<p><strong>Atribui\u00e7\u00f5es<\/strong><\/p>\n<p style=\"padding-left: 30px\">\u2022 Executar as pol\u00edticas e diretrizes da Diretoria de Gest\u00e3o de Pessoas do IF Baiano;<\/p>\n<p style=\"padding-left: 30px\">\u2022 Representar o N\u00facleo de Apoio \u00e0 gest\u00e3o de Pessoas interna e externamente ao Campus;<\/p>\n<p style=\"padding-left: 30px\">\u2022 Promover reuni\u00f5es e eventos que trate dos assuntos da \u00e1rea de gest\u00e3o de pessoas;<\/p>\n<p style=\"padding-left: 30px\">\u2022 Aplicar a correta interpreta\u00e7\u00e3o de dispositivos legais apresentados pela DGP, quando os mesmos forem pass\u00edveis de conflitos de interpreta\u00e7\u00e3o;<\/p>\n<p style=\"padding-left: 30px\">\u2022 Implementar programas de gest\u00e3o de pessoas, com a participa\u00e7\u00e3o da coletividade;<\/p>\n<p style=\"padding-left: 30px\">\u2022 Propor a aloca\u00e7\u00e3o de recursos or\u00e7ament\u00e1rios e financeiros para as pol\u00edticas de gest\u00e3o de pessoas;<\/p>\n<p style=\"padding-left: 30px\">\u2022 Participar das atividades programadas pelo IF Baiano;<\/p>\n<p style=\"padding-left: 30px\">\u2022 Apresentar subs\u00eddios \u00e0 PF\/IF Baiano nas a\u00e7\u00f5es judiciais;<\/p>\n<p style=\"padding-left: 30px\">\u2022 Assessorar a Gest\u00e3o quanto a assuntos referentes a Gest\u00e3o de Pessoas.<\/p>\n<p><strong>Contatos<\/strong><\/p>\n<p><strong>N\u00facleo de Apoio \u00e0 Gest\u00e3o de Pessoas (NAGP) &#8211; Campus Bom Jesus da Lapa<\/strong><\/p>\n<p><strong>E-mail:<\/strong> nagp@lapa.ifbaiano.edu.br<\/p>\n<p><strong>Chefe do NAGP &#8211; Thiago Santos Souza<br \/>\n<\/strong><\/p>\n<p><strong>E-mail:<\/strong> thiago.souza@ifbaiano.edu.br<\/p>\n<p><strong>Chefe do NAGP &#8211; Substituta &#8211; Nelma Nascimento Castro<br \/>\n<\/strong><\/p>\n<p><strong>E-mail:<\/strong> nelma.castro@ifbaiano.edu.br<\/p>\n","protected":false},"excerpt":{"rendered":"<p>O N\u00facleo de Apoio \u00e0 Gest\u00e3o de Pessoas \u00e9 estrat\u00e9gia para o desenvolvimento de pessoal e de assessoramento \u00e0 Gest\u00e3o no campus, est\u00e1 subordinado ao Diretor Geral e ligado as pol\u00edticas e diretrizes da Diretoria de Gest\u00e3o de Pessoas do IF Baiano. \u00c9 respons\u00e1vel pelas execu\u00e7\u00e3o, supervis\u00e3o e avalia\u00e7\u00e3o da pol\u00edtica de gest\u00e3o de pessoas [&hellip;]<\/p>\n","protected":false},"author":65,"featured_media":0,"parent":0,"menu_order":0,"comment_status":"open","ping_status":"open","template":"","meta":[],"_links":{"self":[{"href":"https:\/\/www.ifbaiano.edu.br\/unidades\/lapa\/wp-json\/wp\/v2\/pages\/5524"}],"collection":[{"href":"https:\/\/www.ifbaiano.edu.br\/unidades\/lapa\/wp-json\/wp\/v2\/pages"}],"about":[{"href":"https:\/\/www.ifbaiano.edu.br\/unidades\/lapa\/wp-json\/wp\/v2\/types\/page"}],"author":[{"embeddable":true,"href":"https:\/\/www.ifbaiano.edu.br\/unidades\/lapa\/wp-json\/wp\/v2\/users\/65"}],"replies":[{"embeddable":true,"href":"https:\/\/www.ifbaiano.edu.br\/unidades\/lapa\/wp-json\/wp\/v2\/comments?post=5524"}],"version-history":[{"count":31,"href":"https:\/\/www.ifbaiano.edu.br\/unidades\/lapa\/wp-json\/wp\/v2\/pages\/5524\/revisions"}],"predecessor-version":[{"id":25114,"href":"https:\/\/www.ifbaiano.edu.br\/unidades\/lapa\/wp-json\/wp\/v2\/pages\/5524\/revisions\/25114"}],"wp:attachment":[{"href":"https:\/\/www.ifbaiano.edu.br\/unidades\/lapa\/wp-json\/wp\/v2\/media?parent=5524"}],"curies":[{"name":"wp","href":"https:\/\/api.w.org\/{rel}","templated":true}]}}

<p style="text-align: justify">O Núcleo de Apoio à Gestão de Pessoas é estratégia para o desenvolvimento de pessoal e de assessoramento à Gestão no campus, está subordinado ao Diretor Geral e ligado as políticas e diretrizes da Diretoria de Gestão de Pessoas do IF Baiano. É responsável pelas execução, supervisão e avaliação da política de gestão de pessoas do IF Baiano no Campus, atribuindo, executando, desenvolvendo, assessorando, controle e avaliação de processos relativas ao recrutamento e seleção, ao desenvolvimento de pessoal, à administração e à saúde e qualidade de vida dos servidores do IF Baiano &#8211; Campus Bom Jesus da Lapa.</p>
<p><strong>Atribuições</strong></p>
<p style="padding-left: 30px">• Executar as políticas e diretrizes da Diretoria de Gestão de Pessoas do IF Baiano;</p>
<p style="padding-left: 30px">• Representar o Núcleo de Apoio à gestão de Pessoas interna e externamente ao Campus;</p>
<p style="padding-left: 30px">• Promover reuniões e eventos que trate dos assuntos da área de gestão de pessoas;</p>
<p style="padding-left: 30px">• Aplicar a correta interpretação de dispositivos legais apresentados pela DGP, quando os mesmos forem passíveis de conflitos de interpretação;</p>
<p style="padding-left: 30px">• Implementar programas de gestão de pessoas, com a participação da coletividade;</p>
<p style="padding-left: 30px">• Propor a alocação de recursos orçamentários e financeiros para as políticas de gestão de pessoas;</p>
<p style="padding-left: 30px">• Participar das atividades programadas pelo IF Baiano;</p>
<p style="padding-left: 30px">• Apresentar subsídios à PF/IF Baiano nas ações judiciais;</p>
<p style="padding-left: 30px">• Assessorar a Gestão quanto a assuntos referentes a Gestão de Pessoas.</p>
<p><strong>Contatos</strong></p>
<p><strong>Núcleo de Apoio à Gestão de Pessoas (NAGP) &#8211; Campus Bom Jesus da Lapa</strong></p>
<p><strong>E-mail:</strong> nagp@lapa.ifbaiano.edu.br</p>
<p><strong>Chefe do NAGP &#8211; Thiago Santos Souza<br />
</strong></p>
<p><strong>E-mail:</strong> thiago.souza@ifbaiano.edu.br</p>
<p><strong>Chefe do NAGP &#8211; Substituta &#8211; Nelma Nascimento Castro<br />
</strong></p>
<p><strong>E-mail:</strong> nelma.castro@ifbaiano.edu.br</p>

<p>O Núcleo de Apoio à Gestão de Pessoas é estratégia para o desenvolvimento de pessoal e de assessoramento à Gestão no campus, está subordinado ao Diretor Geral e ligado as políticas e diretrizes da Diretoria de Gestão de Pessoas do IF Baiano. É responsável pelas execução, supervisão e avaliação da política de gestão de pessoas [&hellip;]</p>
