{"id":5575,"date":"2016-04-15T09:10:10","date_gmt":"2016-04-15T11:10:10","guid":{"rendered":"http:\/\/www.ifbaiano.edu.br\/unidades\/lapa\/?page_id=5575"},"modified":"2016-04-15T09:12:28","modified_gmt":"2016-04-15T11:12:28","slug":"relacao-de-cargos-e-funcoes","status":"publish","type":"page","link":"https:\/\/www.ifbaiano.edu.br\/unidades\/lapa\/relacao-de-cargos-e-funcoes\/","title":{"rendered":"Rela\u00e7\u00e3o de Cargos e Fun\u00e7\u00f5es"},"content":{"rendered":"<p>Em constru\u00e7\u00e3o!!!!<\/p>\n","protected":false},"excerpt":{"rendered":"<p>Em constru\u00e7\u00e3o!!!!<\/p>\n","protected":false},"author":65,"featured_media":0,"parent":0,"menu_order":0,"comment_status":"open","ping_status":"open","template":"","meta":[],"_links":{"self":[{"href":"https:\/\/www.ifbaiano.edu.br\/unidades\/lapa\/wp-json\/wp\/v2\/pages\/5575"}],"collection":[{"href":"https:\/\/www.ifbaiano.edu.br\/unidades\/lapa\/wp-json\/wp\/v2\/pages"}],"about":[{"href":"https:\/\/www.ifbaiano.edu.br\/unidades\/lapa\/wp-json\/wp\/v2\/types\/page"}],"author":[{"embeddable":true,"href":"https:\/\/www.ifbaiano.edu.br\/unidades\/lapa\/wp-json\/wp\/v2\/users\/65"}],"replies":[{"embeddable":true,"href":"https:\/\/www.ifbaiano.edu.br\/unidades\/lapa\/wp-json\/wp\/v2\/comments?post=5575"}],"version-history":[{"count":5,"href":"https:\/\/www.ifbaiano.edu.br\/unidades\/lapa\/wp-json\/wp\/v2\/pages\/5575\/revisions"}],"predecessor-version":[{"id":5581,"href":"https:\/\/www.ifbaiano.edu.br\/unidades\/lapa\/wp-json\/wp\/v2\/pages\/5575\/revisions\/5581"}],"wp:attachment":[{"href":"https:\/\/www.ifbaiano.edu.br\/unidades\/lapa\/wp-json\/wp\/v2\/media?parent=5575"}],"curies":[{"name":"wp","href":"https:\/\/api.w.org\/{rel}","templated":true}]}}

Relação de Cargos e Funções

<p>Em construção!!!!</p>
