{"id":6421,"date":"2016-07-25T09:42:54","date_gmt":"2016-07-25T11:42:54","guid":{"rendered":"http:\/\/www.ifbaiano.edu.br\/unidades\/lapa\/?page_id=6421"},"modified":"2024-08-21T08:31:51","modified_gmt":"2024-08-21T11:31:51","slug":"biblio-sobre","status":"publish","type":"page","link":"https:\/\/www.ifbaiano.edu.br\/unidades\/lapa\/biblio-sobre\/","title":{"rendered":"Biblioteca"},"content":{"rendered":"\n<h2 id=\"ProreitoriaMeioDireitaTitulo\" style=\"color:#00510f;text-transform:uppercase;border-top: 3px solid #00510F\" class=\"has-inline-color\">\n    Apresenta\u00e7\u00e3o\n<\/h2>\n<p>A Biblioteca tem import\u00e2ncia fundamental no contexto escolar, incentiva o h\u00e1bito de leitura e estimula o desenvolvimento e a capacidade de pesquisa. Ser um elo no aprendizado e proporcionar o aumento do n\u00edvel de conhecimento dos seus usu\u00e1rios. Nesse intuito a Biblioteca do Campus Bom Jesus da Lapa convida voc\u00ea para visitar o seu acervo e mergulhar no mundo da informa\u00e7\u00e3o e conhecimento. Aberta ao p\u00fablico para consultas, a Biblioteca permite o empr\u00e9stimo domiciliar aos usu\u00e1rios vinculados ao Instituto Federal baiano &#8211; alunos, professores, servidores e colaboradores terceirizados, devidamente registrados na Biblioteca de cada Campus. \nAcessando <a href=\"https:\/\/pergamum.ifbaiano.edu.br\/pergamum\/biblioteca\/index.php\" target=\"_blank\" rel=\"noopener\">https:\/\/pergamum.ifbaiano.edu.br<\/a>, \u00e9 poss\u00edvel renovar empr\u00e9stimos, reservar exemplares e pesquisar todo o acervo composto de 16.220 itens entre livros, peri\u00f3dicos, monografias, relat\u00f3rios, CD\u00b4s e DVD\u00b4s. Al\u00e9m do acervo f\u00edsico temos a  <a href=\"https:\/\/plataforma.bvirtual.com.br\/\" target=\"_blank\" rel=\"noopener\">Bibioteca Virtual da Pearson<\/a> composta com 14.000 e-books de diversas \u00e1reas do conhecimento.\nA biblioteca conta tamb\u00e9m com 20 computadores com acesso \u00e0 internet para pesquisa e trabalhos acad\u00eamicos, 10 cabines individuais de estudo, vinte mesas e duas salas de leitura, multim\u00eddia e estudo em grupo. Al\u00e9m disso, disp\u00f5e de arm\u00e1rios onde os usu\u00e1rios podem guardar seus materiais, como bolsas e mochilas enquanto permanecem no espa\u00e7o. Bebedouro e sanit\u00e1rios acess\u00edveis.\n<\/p>\n\n\n\n<h2 id=\"ProreitoriaMeioDireitaTitulo\" style=\"color:#00510f;text-transform:uppercase;border-top: 3px solid #00510F\" class=\"has-inline-color\">\n    Miss\u00e3o\n<\/h2>\n<p>Promover o acesso \u00e0 informa\u00e7\u00e3o para toda a comunidade acad\u00eamica, de forma atualizada, oferecendo servi\u00e7os e produtos necess\u00e1rios ao desenvolvimento das atividades de ensino, pesquisa e extens\u00e3o.<\/p>\n\n\n\n<h2 id=\"ProreitoriaMeioDireitaTitulo\" style=\"color:#00510f;text-transform:uppercase;border-top: 3px solid #00510F\" class=\"has-inline-color\">\n   Principais Servi\u00e7os\n<\/h2>\n<ul>\n<li>Orienta\u00e7\u00f5es sobre utiliza\u00e7\u00e3o do Acervo<\/li>\n<li>Acesso ao acervo (Pergamum)<\/li>\n<li>Empr\u00e9stimo domiciliar e renova\u00e7\u00e3o das obras e outros materiais<\/li>\n<li>Consulta local do acervo<\/li>\n<li>Servi\u00e7o de Refer\u00eancia<\/li>\n<li>Elabora\u00e7\u00e3o de ficha catalogr\u00e1fica<\/li>\n<li>Orienta\u00e7\u00e3o t\u00e9cnica para elabora\u00e7\u00e3o e apresenta\u00e7\u00e3o de trabalhos acad\u00eamicos, com base nas normas da ABNT (este <\/li><li>servi\u00e7o dever\u00e1 ser agendado com o Bibliotec\u00e1rio)\n<\/li><li>Consulta e pesquisa na internet\n<\/li><li>Dissemina\u00e7\u00e3o seletiva da informa\u00e7\u00e3o (DSI)\n<\/li><li>Levantamento Bibliogr\u00e1fico<\/li>\n<\/ul>\n\n\n\n<h2 id=\"ProreitoriaMeioDireitaTitulo\" style=\"color:#00510f;text-transform:uppercase;border-top: 3px solid #00510F\" class=\"has-inline-color\">\n    Hor\u00e1rio de Funcionamento\n<\/h2>\n<p>A Biblioteca funciona de segunda a sexta de 8h \u00e0s 20h<\/p>\n\n\n\n<h2 id=\"ProreitoriaMeioDireitaTitulo\" style=\"color:#00510f;text-transform:uppercase;border-top: 3px solid #00510F\" class=\"has-inline-color\">\n    Contato\n<\/h2>\n<p>Tel.: (77) 3481-2521 \/ 3481-4513<br>E-mail: biblioteca@lapa.ifbaiano.edu.br<\/p>\n\n\n\n<h2 id=\"ProreitoriaMeioDireitaTitulo\" style=\"color:#00510f;text-transform:uppercase;border-top: 3px solid #00510F\" class=\"has-inline-color\">\n    Consulta e pesquisa web\n<\/h2>\n<p>A Biblioteca disponibiliza computadores com acesso \u00e0 internet.<\/p>\n\n\n\n<h2 id=\"ProreitoriaMeioDireitaTitulo\" style=\"color:#00510f;text-transform:uppercase;border-top: 3px solid #00510F\" class=\"has-inline-color\">\n    Documentos\n<\/h2>\n\n<ul>\n\n<li><a href=\"https:\/\/www.ifbaiano.edu.br\/unidades\/lapa\/files\/2024\/03\/Plano-de-contingencia-e-Plano-de-atualizacao-da-Biblioteca-Virtual-Person-01.2024.pdf\" target=\"_blank\" rel=\"noopener noreferrer\">Plano de conting\u00eancia e Plano de atualiza\u00e7\u00e3o da Biblioteca Virtual &#8211; Person &#8211; 01.2024<\/a>\n\n\n<li><a href=\"https:\/\/www.ifbaiano.edu.br\/unidades\/lapa\/files\/2023\/12\/AUTORIZACAO-DE-DIVULGACAO-DO-TRABALHO-DE-CONCLUSAO-DE-CURSO-.pdf\" target=\"_blank\" rel=\"noopener noreferrer\">Autoriza\u00e7\u00e3o de Divulga\u00e7\u00e3o do Trabalho de Conclus\u00e3o de Curso<\/a>\n\n<li><a href=\"https:\/\/www.ifbaiano.edu.br\/unidades\/lapa\/files\/2023\/12\/TERMO-DE-DEPOSITO-DEFINITIVO-DO-TRABALHO-DE-CONCLUSAO-DE-CURSO-TCC-\u2013-A-SER-ENTREGUE-A-BIBLIOTECA-1.pdf\" target=\"_blank\" rel=\"noopener noreferrer\">Termo de Dep\u00f3sito Definitivo do Trabalho de Conclus\u00e3o de Curso (TCC) \u00e0 ser Entregue a Biblioteca<\/a>\n\n<li><a href=\"https:\/\/www.ifbaiano.edu.br\/unidades\/lapa\/files\/2023\/05\/Folder-MANUAL-DO-USUARIO-BIBLIOTECA-IFBAIANO-LAPA.pdf\" target=\"_blank\" rel=\"noopener noreferrer\">Manual do Usu\u00e1rio da Biblioteca<\/a>\n\n<li><a href=\"https:\/\/www.ifbaiano.edu.br\/unidades\/lapa\/files\/2023\/05\/REGULAMENTO-UNIFICADO-DAS-BIBLIOTECAS-DO-IFBAIANO.pdf\" target=\"_blank\" rel=\"noopener noreferrer\">Regimento do Comit\u00ea Gestor do Sistema Integrado de Bibliotecas<\/a>\n\n<li><a href=\"https:\/\/www.ifbaiano.edu.br\/unidades\/lapa\/files\/2023\/05\/Plano-de-contingencia-oficial-2023.pdf\" target=\"_blank\" rel=\"noopener noreferrer\">Plano de Conting\u00eancia para Garantir o Acesso e Servi\u00e7os da Biblioteca<\/a>\n\n<li><a href=\"https:\/\/www.ifbaiano.edu.br\/unidades\/lapa\/files\/2023\/05\/Manual-de-Procedimentos-e-rotinas-Bibliotecas-IF-Baiano.pdf\" target=\"_blank\" rel=\"noopener noreferrer\">Manual de Procedimentos e Rotinas<\/a>\n\n<li><a href=\"https:\/\/www.ifbaiano.edu.br\/unidades\/lapa\/files\/2023\/05\/RELACAO-DE-PERIODICOS.pdf\" target=\"_blank\" rel=\"noopener noreferrer\">Rela\u00e7\u00e3o de Peri\u00f3dicos de Gest\u00e3o em Tecnologia da Informa\u00e7\u00e3o<\/a>\n\n<li><a href=\"https:\/\/www.ifbaiano.edu.br\/unidades\/lapa\/files\/2023\/05\/GUIA-DE-PESQUISA-BASE-PERGAMUM.pdf\" target=\"_blank\" rel=\"noopener noreferrer\">Guia de Pesquisa na Base do Pergamum<\/a>\n\n<li><a href=\"https:\/\/www.ifbaiano.edu.br\/unidades\/lapa\/files\/2023\/05\/Manual-de-normalizacao-academica-Versao-Final.pdf\" target=\"_blank\" rel=\"noopener noreferrer\">Manual de Normaliza\u00e7\u00e3o Acad\u00eamica<\/a>\n\n<li><a href=\"https:\/\/www.ifbaiano.edu.br\/unidades\/lapa\/files\/2023\/05\/Solicitacao-de-levantamento-bibliografico.pdf\" target=\"_blank\" rel=\"noopener noreferrer\">Orienta\u00e7\u00f5es para Solicita\u00e7\u00e3o de Levantamento Bibliogr\u00e1fico<\/a>\n\n<li><a href=\"https:\/\/www.ifbaiano.edu.br\/unidades\/lapa\/files\/2023\/05\/Solicitacao-de-ficha-catalografica.pdf\" target=\"_blank\" rel=\"noopener noreferrer\">Orienta\u00e7\u00f5es para Solicita\u00e7\u00e3o de Ficha Catalogr\u00e1fica<\/a>\n\n<li><a href=\"https:\/\/www.ifbaiano.edu.br\/unidades\/lapa\/files\/2024\/08\/ORIENTACOES-PARA-SOLICITACAO-DE-NADA-CONSTA-NA-BIBLIOTECA-.pdf\" target=\"_blank\" rel=\"noopener noreferrer\">Orienta\u00e7\u00f5es para Solicita\u00e7\u00e3o de Nada Consta na Biblioteca<\/a>\n\n\n<\/li>\n<\/ul>\n","protected":false},"excerpt":{"rendered":"<p>Apresenta\u00e7\u00e3o A Biblioteca tem import\u00e2ncia fundamental no contexto escolar, incentiva o h\u00e1bito de leitura e estimula o desenvolvimento e a capacidade de pesquisa. Ser um elo no aprendizado e proporcionar o aumento do n\u00edvel de conhecimento dos seus usu\u00e1rios. Nesse intuito a Biblioteca do Campus Bom Jesus da Lapa convida voc\u00ea para visitar o seu [&hellip;]<\/p>\n","protected":false},"author":65,"featured_media":0,"parent":0,"menu_order":0,"comment_status":"open","ping_status":"open","template":"","meta":[],"_links":{"self":[{"href":"https:\/\/www.ifbaiano.edu.br\/unidades\/lapa\/wp-json\/wp\/v2\/pages\/6421"}],"collection":[{"href":"https:\/\/www.ifbaiano.edu.br\/unidades\/lapa\/wp-json\/wp\/v2\/pages"}],"about":[{"href":"https:\/\/www.ifbaiano.edu.br\/unidades\/lapa\/wp-json\/wp\/v2\/types\/page"}],"author":[{"embeddable":true,"href":"https:\/\/www.ifbaiano.edu.br\/unidades\/lapa\/wp-json\/wp\/v2\/users\/65"}],"replies":[{"embeddable":true,"href":"https:\/\/www.ifbaiano.edu.br\/unidades\/lapa\/wp-json\/wp\/v2\/comments?post=6421"}],"version-history":[{"count":36,"href":"https:\/\/www.ifbaiano.edu.br\/unidades\/lapa\/wp-json\/wp\/v2\/pages\/6421\/revisions"}],"predecessor-version":[{"id":28539,"href":"https:\/\/www.ifbaiano.edu.br\/unidades\/lapa\/wp-json\/wp\/v2\/pages\/6421\/revisions\/28539"}],"wp:attachment":[{"href":"https:\/\/www.ifbaiano.edu.br\/unidades\/lapa\/wp-json\/wp\/v2\/media?parent=6421"}],"curies":[{"name":"wp","href":"https:\/\/api.w.org\/{rel}","templated":true}]}}

<h2 id="ProreitoriaMeioDireitaTitulo" style="color:#00510f;text-transform:uppercase;border-top: 3px solid #00510F" class="has-inline-color">
    Apresentação
</h2>
<p>A Biblioteca tem importância fundamental no contexto escolar, incentiva o hábito de leitura e estimula o desenvolvimento e a capacidade de pesquisa. Ser um elo no aprendizado e proporcionar o aumento do nível de conhecimento dos seus usuários. Nesse intuito a Biblioteca do Campus Bom Jesus da Lapa convida você para visitar o seu acervo e mergulhar no mundo da informação e conhecimento. Aberta ao público para consultas, a Biblioteca permite o empréstimo domiciliar aos usuários vinculados ao Instituto Federal baiano &#8211; alunos, professores, servidores e colaboradores terceirizados, devidamente registrados na Biblioteca de cada Campus. 
Acessando <a href="https://pergamum.ifbaiano.edu.br/pergamum/biblioteca/index.php" target="_blank" rel="noopener">https://pergamum.ifbaiano.edu.br</a>, é possível renovar empréstimos, reservar exemplares e pesquisar todo o acervo composto de 16.220 itens entre livros, periódicos, monografias, relatórios, CD´s e DVD´s. Além do acervo físico temos a  <a href="https://plataforma.bvirtual.com.br/" target="_blank" rel="noopener">Bibioteca Virtual da Pearson</a> composta com 14.000 e-books de diversas áreas do conhecimento.
A biblioteca conta também com 20 computadores com acesso à internet para pesquisa e trabalhos acadêmicos, 10 cabines individuais de estudo, vinte mesas e duas salas de leitura, multimídia e estudo em grupo. Além disso, dispõe de armários onde os usuários podem guardar seus materiais, como bolsas e mochilas enquanto permanecem no espaço. Bebedouro e sanitários acessíveis.
</p>



<h2 id="ProreitoriaMeioDireitaTitulo" style="color:#00510f;text-transform:uppercase;border-top: 3px solid #00510F" class="has-inline-color">
    Missão
</h2>
<p>Promover o acesso à informação para toda a comunidade acadêmica, de forma atualizada, oferecendo serviços e produtos necessários ao desenvolvimento das atividades de ensino, pesquisa e extensão.</p>



<h2 id="ProreitoriaMeioDireitaTitulo" style="color:#00510f;text-transform:uppercase;border-top: 3px solid #00510F" class="has-inline-color">
   Principais Serviços
</h2>
<ul>
<li>Orientações sobre utilização do Acervo</li>
<li>Acesso ao acervo (Pergamum)</li>
<li>Empréstimo domiciliar e renovação das obras e outros materiais</li>
<li>Consulta local do acervo</li>
<li>Serviço de Referência</li>
<li>Elaboração de ficha catalográfica</li>
<li>Orientação técnica para elaboração e apresentação de trabalhos acadêmicos, com base nas normas da ABNT (este </li><li>serviço deverá ser agendado com o Bibliotecário)
</li><li>Consulta e pesquisa na internet
</li><li>Disseminação seletiva da informação (DSI)
</li><li>Levantamento Bibliográfico</li>
</ul>



<h2 id="ProreitoriaMeioDireitaTitulo" style="color:#00510f;text-transform:uppercase;border-top: 3px solid #00510F" class="has-inline-color">
    Horário de Funcionamento
</h2>
<p>A Biblioteca funciona de segunda a sexta de 8h às 20h</p>



<h2 id="ProreitoriaMeioDireitaTitulo" style="color:#00510f;text-transform:uppercase;border-top: 3px solid #00510F" class="has-inline-color">
    Contato
</h2>
<p>Tel.: (77) 3481-2521 / 3481-4513<br>E-mail: biblioteca@lapa.ifbaiano.edu.br</p>



<h2 id="ProreitoriaMeioDireitaTitulo" style="color:#00510f;text-transform:uppercase;border-top: 3px solid #00510F" class="has-inline-color">
    Consulta e pesquisa web
</h2>
<p>A Biblioteca disponibiliza computadores com acesso à internet.</p>



<h2 id="ProreitoriaMeioDireitaTitulo" style="color:#00510f;text-transform:uppercase;border-top: 3px solid #00510F" class="has-inline-color">
    Documentos
</h2>

<ul>

<li><a href="https://www.ifbaiano.edu.br/unidades/lapa/files/2024/03/Plano-de-contingencia-e-Plano-de-atualizacao-da-Biblioteca-Virtual-Person-01.2024.pdf" target="_blank" rel="noopener noreferrer">Plano de contingência e Plano de atualização da Biblioteca Virtual &#8211; Person &#8211; 01.2024</a>


<li><a href="https://www.ifbaiano.edu.br/unidades/lapa/files/2023/12/AUTORIZACAO-DE-DIVULGACAO-DO-TRABALHO-DE-CONCLUSAO-DE-CURSO-.pdf" target="_blank" rel="noopener noreferrer">Autorização de Divulgação do Trabalho de Conclusão de Curso</a>

<li><a href="https://www.ifbaiano.edu.br/unidades/lapa/files/2023/12/TERMO-DE-DEPOSITO-DEFINITIVO-DO-TRABALHO-DE-CONCLUSAO-DE-CURSO-TCC-–-A-SER-ENTREGUE-A-BIBLIOTECA-1.pdf" target="_blank" rel="noopener noreferrer">Termo de Depósito Definitivo do Trabalho de Conclusão de Curso (TCC) à ser Entregue a Biblioteca</a>

<li><a href="https://www.ifbaiano.edu.br/unidades/lapa/files/2023/05/Folder-MANUAL-DO-USUARIO-BIBLIOTECA-IFBAIANO-LAPA.pdf" target="_blank" rel="noopener noreferrer">Manual do Usuário da Biblioteca</a>

<li><a href="https://www.ifbaiano.edu.br/unidades/lapa/files/2023/05/REGULAMENTO-UNIFICADO-DAS-BIBLIOTECAS-DO-IFBAIANO.pdf" target="_blank" rel="noopener noreferrer">Regimento do Comitê Gestor do Sistema Integrado de Bibliotecas</a>

<li><a href="https://www.ifbaiano.edu.br/unidades/lapa/files/2023/05/Plano-de-contingencia-oficial-2023.pdf" target="_blank" rel="noopener noreferrer">Plano de Contingência para Garantir o Acesso e Serviços da Biblioteca</a>

<li><a href="https://www.ifbaiano.edu.br/unidades/lapa/files/2023/05/Manual-de-Procedimentos-e-rotinas-Bibliotecas-IF-Baiano.pdf" target="_blank" rel="noopener noreferrer">Manual de Procedimentos e Rotinas</a>

<li><a href="https://www.ifbaiano.edu.br/unidades/lapa/files/2023/05/RELACAO-DE-PERIODICOS.pdf" target="_blank" rel="noopener noreferrer">Relação de Periódicos de Gestão em Tecnologia da Informação</a>

<li><a href="https://www.ifbaiano.edu.br/unidades/lapa/files/2023/05/GUIA-DE-PESQUISA-BASE-PERGAMUM.pdf" target="_blank" rel="noopener noreferrer">Guia de Pesquisa na Base do Pergamum</a>

<li><a href="https://www.ifbaiano.edu.br/unidades/lapa/files/2023/05/Manual-de-normalizacao-academica-Versao-Final.pdf" target="_blank" rel="noopener noreferrer">Manual de Normalização Acadêmica</a>

<li><a href="https://www.ifbaiano.edu.br/unidades/lapa/files/2023/05/Solicitacao-de-levantamento-bibliografico.pdf" target="_blank" rel="noopener noreferrer">Orientações para Solicitação de Levantamento Bibliográfico</a>

<li><a href="https://www.ifbaiano.edu.br/unidades/lapa/files/2023/05/Solicitacao-de-ficha-catalografica.pdf" target="_blank" rel="noopener noreferrer">Orientações para Solicitação de Ficha Catalográfica</a>

<li><a href="https://www.ifbaiano.edu.br/unidades/lapa/files/2024/08/ORIENTACOES-PARA-SOLICITACAO-DE-NADA-CONSTA-NA-BIBLIOTECA-.pdf" target="_blank" rel="noopener noreferrer">Orientações para Solicitação de Nada Consta na Biblioteca</a>


</li>
</ul>

<p>Apresentação A Biblioteca tem importância fundamental no contexto escolar, incentiva o hábito de leitura e estimula o desenvolvimento e a capacidade de pesquisa. Ser um elo no aprendizado e proporcionar o aumento do nível de conhecimento dos seus usuários. Nesse intuito a Biblioteca do Campus Bom Jesus da Lapa convida você para visitar o seu [&hellip;]</p>
