{"id":6929,"date":"2016-11-12T12:43:27","date_gmt":"2016-11-12T14:43:27","guid":{"rendered":"http:\/\/www.ifbaiano.edu.br\/unidades\/lapa\/?page_id=6929"},"modified":"2021-04-09T11:25:20","modified_gmt":"2021-04-09T14:25:20","slug":"especializacao-em-educacao-matematica","status":"publish","type":"page","link":"https:\/\/www.ifbaiano.edu.br\/unidades\/lapa\/especializacao-em-educacao-matematica\/","title":{"rendered":"Especializa\u00e7\u00e3o em Educa\u00e7\u00e3o Matem\u00e1tica"},"content":{"rendered":"\n<h2><strong>P\u00f3s-Gradua\u00e7\u00e3o <em>Lato Sensu&nbsp; <\/em>em Educa\u00e7\u00e3o Matem\u00e1tica<\/strong><\/h2>\n<p><strong>Sobre o Curso de Especializa\u00e7\u00e3o<br>\n<\/strong><\/p>\n<p>O Curso de Especializa\u00e7\u00e3o em Educa\u00e7\u00e3o Matem\u00e1tica ser\u00e1 ofertado no Campus no semestre letivo 2017.1.<\/p>\n<hr><p style=\"text-align: justify\"><strong>Informa\u00e7\u00f5es gerais sobre o curso<\/strong>: A Especializa\u00e7\u00e3o em Educa\u00e7\u00e3o Matem\u00e1tica busca proporcionar a forma\u00e7\u00e3o continuada e interdisciplinar de professores que atuam com a Matem\u00e1tica ou \u00e1reas afins, contribuindo para a oferta de uma educa\u00e7\u00e3o pautada no planejamento, implementa\u00e7\u00e3o e avalia\u00e7\u00e3o de pr\u00e1ticas de ensino e aprendizagem matem\u00e1tica, relacionadas aos m\u00faltiplos contextos, n\u00edveis e modalidades da educa\u00e7\u00e3o b\u00e1sica.<\/p>\n<hr>\n<p><strong>Coordena\u00e7\u00e3o<\/strong>:<br>Edi\u00eanio Vieira Farias  (Per\u00edodo: outubro\/2016 a dezembro\/2020)\n<br>Thamiles Santos Nunes<\/p>\n<p><strong>Vice-Coordena\u00e7\u00e3o<\/strong>:<br>Paulo dos Santos Correia<\/p>\n<p><strong>Assessoria Pedag\u00f3gica<\/strong>: <br>Junio Batista Cust\u00f3dio (Per\u00edodo: fevereiro\/2017 a novembro\/2018)<br>\nGrace Itana Cruz de Oliveira (Per\u00edodo: abril\/2019 a dezembro\/2020)<\/p>\n<p><strong>E-mail: <\/strong>pos.mat@lapa.ifbaiano.edu.br<\/p>\n<p>Clique nos links abaixo para acessar os documentos do curso:\n<\/p><p style=\"padding-left: 30px\"><a href=\"http:\/\/www.ifbaiano.edu.br\/unidades\/lapa\/files\/2016\/11\/PPC-da-Especializa\u00e7\u00e3o-da-Educa\u00e7\u00e3o-Matem\u00e1tica.pdf\" target=\"_blank\" rel=\"noopener noreferrer\">-Projeto Pedag\u00f3gico do Curso<\/a><\/p>\n<p style=\"padding-left: 30px\"><a href=\"http:\/\/www.ifbaiano.edu.br\/unidades\/lapa\/files\/2016\/11\/Resolu\u00e7\u00e3o-n\u00ba-56-2016.pdf\" target=\"_blank\" rel=\"noopener noreferrer\">-Resolu\u00e7\u00e3o que aprovou o Curso<\/a><\/p>\n<p style=\"padding-left: 30px\"><a href=\"http:\/\/www.ifbaiano.edu.br\/unidades\/lapa\/files\/2014\/02\/Portaria_94-2018.pdf\" target=\"_blank\" rel=\"noopener noreferrer\">-Portaria de composi\u00e7\u00e3o do colegiado 2016.2<\/a><\/p>\n<p style=\"padding-left: 30px\"><a href=\"http:\/\/www.ifbaiano.edu.br\/unidades\/lapa\/files\/2019\/11\/Portaria_95_Campus_Lapa.pdf\" target=\"_blank\" rel=\"noopener noreferrer\">-Portaria de composi\u00e7\u00e3o do colegiado 2019.1<\/a><\/p>\n<p style=\"padding-left: 30px\"><a href=\"http:\/\/www.ifbaiano.edu.br\/unidades\/lapa\/files\/2016\/11\/Regimento-da-Especializa\u00e7\u00e3o-em-Educa\u00e7\u00e3o-Matem\u00e1tica.pdf\" target=\"_blank\" rel=\"noopener noreferrer\">-Regimento Interno<\/a><\/p>\n<p style=\"padding-left: 30px\"><a href=\"http:\/\/www.ifbaiano.edu.br\/unidades\/lapa\/files\/2016\/11\/Edital-de-Sele\u00e7\u00e3o-2016.2.pdf\" target=\"_blank\" rel=\"noopener noreferrer\">-Edital de Sele\u00e7\u00e3o &#8211; Ingresso de Estudantes 2016.2<\/a><\/p>\n<p style=\"padding-left: 30px\"><a href=\"http:\/\/www.ifbaiano.edu.br\/unidades\/lapa\/files\/2016\/07\/Edital_113-2018.pdf\" target=\"_blank\" rel=\"noopener noreferrer\">-Edital de Sele\u00e7\u00e3o &#8211; Ingresso de Estudantes 2019.1<\/a><\/p>\n<p style=\"padding-left: 30px\"><a href=\"http:\/\/www.ifbaiano.edu.br\/unidades\/lapa\/planos-de-ensino-turma-2016-2\/\">-Planos de Ensino &#8211; Turma 2016.2<\/a><\/p>\n<p style=\"padding-left: 30px\"><a href=\"http:\/\/www.ifbaiano.edu.br\/unidades\/lapa\/planos-de-ensino-turma-2019-1\/\">-Planos de Ensino &#8211; Turma 2019.1<\/a><\/p>\n\n<p style=\"padding-left: 30px\"><a href=\"http:\/\/www.ifbaiano.edu.br\/unidades\/lapa\/cronograma-das-aulas-turma-2016-2\/\">-Cronograma das aulas &#8211; Turma 2016.2<\/a><\/p>\n\n<p style=\"padding-left: 30px\"><a href=\"http:\/\/www.ifbaiano.edu.br\/unidades\/lapa\/cronograma-das-aulas-turma-2019-1\/\">-Cronograma das aulas &#8211; Turma 2019.1<\/a><\/p>\n<p style=\"padding-left: 30px\"><a href=\"https:\/\/www.ifbaiano.edu.br\/unidades\/lapa\/files\/2020\/12\/Relatorio_oferta_2016-2-2018-2.pdf\">&#8211;<span style=\"text-transform:uppercase\">Relat\u00f3rio de Oferta 2016.2 &#8211; 2018.1<\/span><\/a><\/p>\n<p style=\"padding-left: 30px\"><a href=\"https:\/\/www.ifbaiano.edu.br\/unidades\/lapa\/files\/2020\/12\/Relatorio_oferta_2019-1-2020-2.pdf\">&#8211;<span style=\"text-transform:uppercase\">Relat\u00f3rio de Oferta 2019.1 &#8211; 2020.2<\/span><\/a><\/p>\n\n<p><strong>Orienta\u00e7\u00f5es para elabora\u00e7\u00e3o de TCC<\/strong><\/p>\n<ol>\n<li><a href=\"http:\/\/www.ifbaiano.edu.br\/unidades\/lapa\/files\/2016\/11\/Diretrizes-para-as-atividades-de-orienta\u00e7\u00e3o-de-TCC.pdf\" target=\"_blank\" rel=\"noopener noreferrer\">Diretrizes para as atividades de orienta\u00e7\u00e3o de TCC<\/a><\/li>\n<li><a href=\"http:\/\/www.ifbaiano.edu.br\/unidades\/lapa\/files\/2016\/11\/Modelo-de-Projeto-de-Pesquisa.doc\" target=\"_blank\" rel=\"noopener noreferrer\">Modelo de Projeto de Pesquisa<\/a><\/li>\n<li><a href=\"http:\/\/www.ifbaiano.edu.br\/unidades\/lapa\/files\/2016\/11\/Modelo-de-Termo-de-Consentimento-Livre-e-Esclarecido.doc\" target=\"_blank\" rel=\"noopener noreferrer\">Modelo de Termo de Consentimento Livre e Esclarecido<\/a><\/li>\n<li><a href=\"http:\/\/www.ifbaiano.edu.br\/unidades\/lapa\/files\/2016\/11\/Termo-de-Autoriza\u00e7\u00e3o-Institucional.doc\" target=\"_blank\" rel=\"noopener noreferrer\">Termo de Autoriza\u00e7\u00e3o Institucional<\/a><\/li>\n<li><a href=\"http:\/\/www.ifbaiano.edu.br\/unidades\/lapa\/files\/2016\/11\/Rela\u00e7\u00e3o-dos-projetos-de-pesquisa-turma-2016.2.pdf\" target=\"_blank\" rel=\"noopener noreferrer\">Rela\u00e7\u00e3o dos projetos de pesquisa &#8211; turma 2016.2<\/a><\/li>\n<li><a href=\"https:\/\/www.ifbaiano.edu.br\/unidades\/lapa\/files\/2020\/06\/Relacao_dos_projetos_de_pesquisa-turma_2019-1.pdf\" target=\"_blank\" rel=\"noopener noreferrer\">Rela\u00e7\u00e3o dos projetos de pesquisa &#8211; turma 2019.1<\/a><\/li>\n<li><a href=\"http:\/\/www.ifbaiano.edu.br\/unidades\/lapa\/files\/2016\/11\/Orientacoes-finais-para-os-estudantes-e-orientadores.pdf\" target=\"_blank\" rel=\"noopener noreferrer\">Orienta\u00e7\u00f5es para elabora\u00e7\u00e3o de TCC<\/a><\/li>\n<li><a href=\"http:\/\/www.ifbaiano.edu.br\/unidades\/lapa\/files\/2016\/11\/Modelo-de-artigo-cientifico-TCC-Pos-Educacao-Matematica.doc\" target=\"_blank\" rel=\"noopener noreferrer\">Modelo de artigo cient\u00edfico TCC P\u00f3s Educa\u00e7\u00e3o&nbsp;Matem\u00e1tica<\/a><\/li>\n<li><a href=\"https:\/\/www.ifbaiano.edu.br\/unidades\/lapa\/files\/2020\/04\/Cadastro_na_Plataforma_Brasil_-_Manual_do_pesquisador.pdf\" target=\"_blank\" rel=\"noopener noreferrer\">Cadastro na Plataforma Brasil &#8211; manual do pesquisador<\/a><\/li>\n<li><a href=\"https:\/\/www.ifbaiano.edu.br\/unidades\/lapa\/files\/2020\/04\/Cadastro_na_Plataforma_Brasil_-_Manual_do_pesquisador.pdf\" target=\"_blank\" rel=\"noopener noreferrer\">Cadastro na Plataforma Brasil &#8211; manual do pesquisador<\/a><\/li>\n\n<\/ol>\n","protected":false},"excerpt":{"rendered":"<p>P\u00f3s-Gradua\u00e7\u00e3o Lato Sensu&nbsp; em Educa\u00e7\u00e3o Matem\u00e1tica Sobre o Curso de Especializa\u00e7\u00e3o O Curso de Especializa\u00e7\u00e3o em Educa\u00e7\u00e3o Matem\u00e1tica ser\u00e1 ofertado no Campus no semestre letivo 2017.1. Informa\u00e7\u00f5es gerais sobre o curso: A Especializa\u00e7\u00e3o em Educa\u00e7\u00e3o Matem\u00e1tica busca proporcionar a forma\u00e7\u00e3o continuada e interdisciplinar de professores que atuam com a Matem\u00e1tica ou \u00e1reas afins, contribuindo para [&hellip;]<\/p>\n","protected":false},"author":65,"featured_media":0,"parent":0,"menu_order":0,"comment_status":"closed","ping_status":"closed","template":"","meta":[],"_links":{"self":[{"href":"https:\/\/www.ifbaiano.edu.br\/unidades\/lapa\/wp-json\/wp\/v2\/pages\/6929"}],"collection":[{"href":"https:\/\/www.ifbaiano.edu.br\/unidades\/lapa\/wp-json\/wp\/v2\/pages"}],"about":[{"href":"https:\/\/www.ifbaiano.edu.br\/unidades\/lapa\/wp-json\/wp\/v2\/types\/page"}],"author":[{"embeddable":true,"href":"https:\/\/www.ifbaiano.edu.br\/unidades\/lapa\/wp-json\/wp\/v2\/users\/65"}],"replies":[{"embeddable":true,"href":"https:\/\/www.ifbaiano.edu.br\/unidades\/lapa\/wp-json\/wp\/v2\/comments?post=6929"}],"version-history":[{"count":50,"href":"https:\/\/www.ifbaiano.edu.br\/unidades\/lapa\/wp-json\/wp\/v2\/pages\/6929\/revisions"}],"predecessor-version":[{"id":19719,"href":"https:\/\/www.ifbaiano.edu.br\/unidades\/lapa\/wp-json\/wp\/v2\/pages\/6929\/revisions\/19719"}],"wp:attachment":[{"href":"https:\/\/www.ifbaiano.edu.br\/unidades\/lapa\/wp-json\/wp\/v2\/media?parent=6929"}],"curies":[{"name":"wp","href":"https:\/\/api.w.org\/{rel}","templated":true}]}}

Especialização em Educação Matemática

<h2><strong>Pós-Graduação <em>Lato Sensu&nbsp; </em>em Educação Matemática</strong></h2>
<p><strong>Sobre o Curso de Especialização<br>
</strong></p>
<p>O Curso de Especialização em Educação Matemática será ofertado no Campus no semestre letivo 2017.1.</p>
<hr><p style="text-align: justify"><strong>Informações gerais sobre o curso</strong>: A Especialização em Educação Matemática busca proporcionar a formação continuada e interdisciplinar de professores que atuam com a Matemática ou áreas afins, contribuindo para a oferta de uma educação pautada no planejamento, implementação e avaliação de práticas de ensino e aprendizagem matemática, relacionadas aos múltiplos contextos, níveis e modalidades da educação básica.</p>
<hr>
<p><strong>Coordenação</strong>:<br>Ediênio Vieira Farias  (Período: outubro/2016 a dezembro/2020)
<br>Thamiles Santos Nunes</p>
<p><strong>Vice-Coordenação</strong>:<br>Paulo dos Santos Correia</p>
<p><strong>Assessoria Pedagógica</strong>: <br>Junio Batista Custódio (Período: fevereiro/2017 a novembro/2018)<br>
Grace Itana Cruz de Oliveira (Período: abril/2019 a dezembro/2020)</p>
<p><strong>E-mail: </strong>pos.mat@lapa.ifbaiano.edu.br</p>
<p>Clique nos links abaixo para acessar os documentos do curso:
</p><p style="padding-left: 30px"><a href="http://www.ifbaiano.edu.br/unidades/lapa/files/2016/11/PPC-da-Especialização-da-Educação-Matemática.pdf" target="_blank" rel="noopener noreferrer">-Projeto Pedagógico do Curso</a></p>
<p style="padding-left: 30px"><a href="http://www.ifbaiano.edu.br/unidades/lapa/files/2016/11/Resolução-nº-56-2016.pdf" target="_blank" rel="noopener noreferrer">-Resolução que aprovou o Curso</a></p>
<p style="padding-left: 30px"><a href="http://www.ifbaiano.edu.br/unidades/lapa/files/2014/02/Portaria_94-2018.pdf" target="_blank" rel="noopener noreferrer">-Portaria de composição do colegiado 2016.2</a></p>
<p style="padding-left: 30px"><a href="http://www.ifbaiano.edu.br/unidades/lapa/files/2019/11/Portaria_95_Campus_Lapa.pdf" target="_blank" rel="noopener noreferrer">-Portaria de composição do colegiado 2019.1</a></p>
<p style="padding-left: 30px"><a href="http://www.ifbaiano.edu.br/unidades/lapa/files/2016/11/Regimento-da-Especialização-em-Educação-Matemática.pdf" target="_blank" rel="noopener noreferrer">-Regimento Interno</a></p>
<p style="padding-left: 30px"><a href="http://www.ifbaiano.edu.br/unidades/lapa/files/2016/11/Edital-de-Seleção-2016.2.pdf" target="_blank" rel="noopener noreferrer">-Edital de Seleção &#8211; Ingresso de Estudantes 2016.2</a></p>
<p style="padding-left: 30px"><a href="http://www.ifbaiano.edu.br/unidades/lapa/files/2016/07/Edital_113-2018.pdf" target="_blank" rel="noopener noreferrer">-Edital de Seleção &#8211; Ingresso de Estudantes 2019.1</a></p>
<p style="padding-left: 30px"><a href="http://www.ifbaiano.edu.br/unidades/lapa/planos-de-ensino-turma-2016-2/">-Planos de Ensino &#8211; Turma 2016.2</a></p>
<p style="padding-left: 30px"><a href="http://www.ifbaiano.edu.br/unidades/lapa/planos-de-ensino-turma-2019-1/">-Planos de Ensino &#8211; Turma 2019.1</a></p>

<p style="padding-left: 30px"><a href="http://www.ifbaiano.edu.br/unidades/lapa/cronograma-das-aulas-turma-2016-2/">-Cronograma das aulas &#8211; Turma 2016.2</a></p>

<p style="padding-left: 30px"><a href="http://www.ifbaiano.edu.br/unidades/lapa/cronograma-das-aulas-turma-2019-1/">-Cronograma das aulas &#8211; Turma 2019.1</a></p>
<p style="padding-left: 30px"><a href="https://www.ifbaiano.edu.br/unidades/lapa/files/2020/12/Relatorio_oferta_2016-2-2018-2.pdf">&#8211;<span style="text-transform:uppercase">Relatório de Oferta 2016.2 &#8211; 2018.1</span></a></p>
<p style="padding-left: 30px"><a href="https://www.ifbaiano.edu.br/unidades/lapa/files/2020/12/Relatorio_oferta_2019-1-2020-2.pdf">&#8211;<span style="text-transform:uppercase">Relatório de Oferta 2019.1 &#8211; 2020.2</span></a></p>

<p><strong>Orientações para elaboração de TCC</strong></p>
<ol>
<li><a href="http://www.ifbaiano.edu.br/unidades/lapa/files/2016/11/Diretrizes-para-as-atividades-de-orientação-de-TCC.pdf" target="_blank" rel="noopener noreferrer">Diretrizes para as atividades de orientação de TCC</a></li>
<li><a href="http://www.ifbaiano.edu.br/unidades/lapa/files/2016/11/Modelo-de-Projeto-de-Pesquisa.doc" target="_blank" rel="noopener noreferrer">Modelo de Projeto de Pesquisa</a></li>
<li><a href="http://www.ifbaiano.edu.br/unidades/lapa/files/2016/11/Modelo-de-Termo-de-Consentimento-Livre-e-Esclarecido.doc" target="_blank" rel="noopener noreferrer">Modelo de Termo de Consentimento Livre e Esclarecido</a></li>
<li><a href="http://www.ifbaiano.edu.br/unidades/lapa/files/2016/11/Termo-de-Autorização-Institucional.doc" target="_blank" rel="noopener noreferrer">Termo de Autorização Institucional</a></li>
<li><a href="http://www.ifbaiano.edu.br/unidades/lapa/files/2016/11/Relação-dos-projetos-de-pesquisa-turma-2016.2.pdf" target="_blank" rel="noopener noreferrer">Relação dos projetos de pesquisa &#8211; turma 2016.2</a></li>
<li><a href="https://www.ifbaiano.edu.br/unidades/lapa/files/2020/06/Relacao_dos_projetos_de_pesquisa-turma_2019-1.pdf" target="_blank" rel="noopener noreferrer">Relação dos projetos de pesquisa &#8211; turma 2019.1</a></li>
<li><a href="http://www.ifbaiano.edu.br/unidades/lapa/files/2016/11/Orientacoes-finais-para-os-estudantes-e-orientadores.pdf" target="_blank" rel="noopener noreferrer">Orientações para elaboração de TCC</a></li>
<li><a href="http://www.ifbaiano.edu.br/unidades/lapa/files/2016/11/Modelo-de-artigo-cientifico-TCC-Pos-Educacao-Matematica.doc" target="_blank" rel="noopener noreferrer">Modelo de artigo científico TCC Pós Educação&nbsp;Matemática</a></li>
<li><a href="https://www.ifbaiano.edu.br/unidades/lapa/files/2020/04/Cadastro_na_Plataforma_Brasil_-_Manual_do_pesquisador.pdf" target="_blank" rel="noopener noreferrer">Cadastro na Plataforma Brasil &#8211; manual do pesquisador</a></li>
<li><a href="https://www.ifbaiano.edu.br/unidades/lapa/files/2020/04/Cadastro_na_Plataforma_Brasil_-_Manual_do_pesquisador.pdf" target="_blank" rel="noopener noreferrer">Cadastro na Plataforma Brasil &#8211; manual do pesquisador</a></li>

</ol>

<p>Pós-Graduação Lato Sensu&nbsp; em Educação Matemática Sobre o Curso de Especialização O Curso de Especialização em Educação Matemática será ofertado no Campus no semestre letivo 2017.1. Informações gerais sobre o curso: A Especialização em Educação Matemática busca proporcionar a formação continuada e interdisciplinar de professores que atuam com a Matemática ou áreas afins, contribuindo para [&hellip;]</p>
