{"id":7278,"date":"2017-02-17T16:59:11","date_gmt":"2017-02-17T18:59:11","guid":{"rendered":"http:\/\/www.ifbaiano.edu.br\/unidades\/lapa\/?page_id=7278"},"modified":"2023-05-17T11:46:31","modified_gmt":"2023-05-17T14:46:31","slug":"biblioteca-base-de-dados","status":"publish","type":"page","link":"https:\/\/www.ifbaiano.edu.br\/unidades\/lapa\/biblioteca-base-de-dados\/","title":{"rendered":"Biblioteca &#8211; Base de Dados"},"content":{"rendered":"\n<h2 id=\"ProreitoriaMeioDireitaTitulo\" style=\"color:#00510f;text-transform:uppercase;border-top: 3px solid #00510F\" class=\"has-inline-color\">\n    Acesso as Bases de Dados\n<\/h2>\n<p style=\"text-transform:uppercase\"><strong>Pergamum<\/strong><\/p>\n<p><a href=\"https:\/\/pergamum.ifbaiano.edu.br\" target=\"_blank\" rel=\"noopener\">http:\/\/pergamum.ifbaiano.edu.br<\/a><\/p>\n<br>\n<p style=\"text-transform:uppercase\"><strong>Dom\u00ednio P\u00fablico<\/strong><\/p>\n<p><a href=\"http:\/\/www.dominiopublico.gov.br\/pesquisa\/PesquisaObraForm.jsp\" target=\"_blank\" rel=\"noopener\">Dom\u00ednio P\u00fablico &#8211; Acesso Livre (site externo, abre em nova aba)<\/a><\/p>\n<br>\n<p style=\"text-transform:uppercase\"><strong>Portal de Peri\u00f3dicos da Capes<\/strong><\/p>\n<p><a href=\"http:\/\/www-periodicos-capes-gov-br.ez356.periodicos.capes.gov.br\/index.php?option=com_phome\" target=\"_blank\" rel=\"noopener noreferrer\">Peri\u00f3dicos <span style=\"text-transform:uppercase\">Capes<\/span> (p\u00e1gina externa, abre em nova aba)<\/a> &#8211; Acesso exclusivo na rede do IF Baiano <\/p>\n<p><a href=\"http:\/\/www-periodicos-capes-gov-br.ezl.periodicos.capes.gov.br\/index.php\" target=\"_blank\" rel=\"noopener noreferrer\">Peri\u00f3dicos <span style=\"text-transform:uppercase\">Capes<\/span> (p\u00e1gina externa, abre em nova aba)<\/a> &#8211; Acesso externo a rede do IF Baiano <\/p>\n<p><a href=\"http:\/\/www.ifbaiano.edu.br\/unidades\/lapa\/files\/2019\/11\/portal-de-peridicos-da-capes.pdf\" target=\"_blank\" rel=\"noopener\">Tutorial de uso do portal de Peri\u00f3dicos <span style=\"text-transform:uppercase\">Capes<\/span> (documento pdf, abre em nova aba)<\/a><\/p>\n<p><a href=\"https:\/\/www.ifbaiano.edu.br\/unidades\/lapa\/files\/2021\/06\/infografico-cafe-capes.pdf\" target=\"_blank\" rel=\"noopener\">Tutorial de acesso ao portal de Peri\u00f3dicos <span style=\"text-transform:uppercase\">Capes<\/span> (documento pdf, abre em nova aba)<\/a><\/p>\n<br>\n<p style=\"text-transform:uppercase\"><strong>Scielo<\/strong><\/p>\n<p><a href=\"http:\/\/www.scielo.br\/\" target=\"_blank\" rel=\"noopener noreferrer\"><span style=\"text-transform:uppercase\">Scielo <\/span>(site externa, abre em nova aba)<\/a> &#8211; Acesso livre<\/p>\n<br>\n<p><strong>BDTD &#8211; Biblioteca Digital de Teses e Disserta\u00e7\u00f5es<\/strong><\/p>\n<p><a href=\"http:\/\/bdtd.ibict.br\" target=\"_blank\" rel=\"noopener\">BDTD &#8211; Biblioteca Digital de Teses e Disserta\u00e7\u00f5es (site externa, abre em nova aba)<\/a> &#8211; Acesso Livre <\/p>\n","protected":false},"excerpt":{"rendered":"<p>Acesso as Bases de Dados Pergamum http:\/\/pergamum.ifbaiano.edu.br Dom\u00ednio P\u00fablico Dom\u00ednio P\u00fablico &#8211; Acesso Livre (site externo, abre em nova aba) Portal de Peri\u00f3dicos da Capes Peri\u00f3dicos Capes (p\u00e1gina externa, abre em nova aba) &#8211; Acesso exclusivo na rede do IF Baiano Peri\u00f3dicos Capes (p\u00e1gina externa, abre em nova aba) &#8211; Acesso externo a rede do [&hellip;]<\/p>\n","protected":false},"author":65,"featured_media":0,"parent":0,"menu_order":0,"comment_status":"closed","ping_status":"closed","template":"","meta":[],"_links":{"self":[{"href":"https:\/\/www.ifbaiano.edu.br\/unidades\/lapa\/wp-json\/wp\/v2\/pages\/7278"}],"collection":[{"href":"https:\/\/www.ifbaiano.edu.br\/unidades\/lapa\/wp-json\/wp\/v2\/pages"}],"about":[{"href":"https:\/\/www.ifbaiano.edu.br\/unidades\/lapa\/wp-json\/wp\/v2\/types\/page"}],"author":[{"embeddable":true,"href":"https:\/\/www.ifbaiano.edu.br\/unidades\/lapa\/wp-json\/wp\/v2\/users\/65"}],"replies":[{"embeddable":true,"href":"https:\/\/www.ifbaiano.edu.br\/unidades\/lapa\/wp-json\/wp\/v2\/comments?post=7278"}],"version-history":[{"count":16,"href":"https:\/\/www.ifbaiano.edu.br\/unidades\/lapa\/wp-json\/wp\/v2\/pages\/7278\/revisions"}],"predecessor-version":[{"id":25447,"href":"https:\/\/www.ifbaiano.edu.br\/unidades\/lapa\/wp-json\/wp\/v2\/pages\/7278\/revisions\/25447"}],"wp:attachment":[{"href":"https:\/\/www.ifbaiano.edu.br\/unidades\/lapa\/wp-json\/wp\/v2\/media?parent=7278"}],"curies":[{"name":"wp","href":"https:\/\/api.w.org\/{rel}","templated":true}]}}