{"id":8180,"date":"2017-08-29T17:22:00","date_gmt":"2017-08-29T20:22:00","guid":{"rendered":"http:\/\/www.ifbaiano.edu.br\/unidades\/lapa\/?page_id=8180"},"modified":"2021-12-23T10:58:27","modified_gmt":"2021-12-23T13:58:27","slug":"coordenacao-de-extensao","status":"publish","type":"page","link":"https:\/\/www.ifbaiano.edu.br\/unidades\/lapa\/coordenacao-de-extensao\/","title":{"rendered":"Coordena\u00e7\u00e3o de Extens\u00e3o"},"content":{"rendered":"\n<div id=\"ProreitoriaTopoTitulo\">EQUIPE<\/div>\n<p style=\"font-weight: 400\"><strong>Coordenador de Extens\u00e3o<\/strong>: Junio Batista Custodio<\/p>\n<p style=\"font-weight: 400\"><strong>Contato:<\/strong>&nbsp;junio.batista@ifbaiano.edu.br<\/p>\n<p style=\"font-weight: 400\"><strong>Coordenadora de Extens\u00e3o Substituta<\/strong>: Valdin\u00e9ia Antunes Alves Ramos<\/p>\n<p style=\"font-weight: 400\"><strong>Contato<\/strong>: valdineia.ramos@ifbaiano.edu.br<\/p>\n<div id=\"ProreitoriaTopoTitulo\">O que \u00e9 Extens\u00e3o?<\/div>\n<p style=\"font-weight: 400;text-align: justify\">Extens\u00e3o \u00e9 parte de um trip\u00e9 indissoci\u00e1vel que envolve o Ensino e a Pesquisa. \u00c9 tamb\u00e9m&nbsp; o espa\u00e7o em que as institui\u00e7\u00f5es promovem a articula\u00e7\u00e3o entre o saber fazer e a realidade socioecon\u00f4mica, cultural e ambiental da regi\u00e3o. O F\u00f3rum de Pr\u00f3-Reitores de Extens\u00e3o destaca que Educa\u00e7\u00e3o, Ci\u00eancia e Tecnologia devem articular-se tendo como perspectiva o desenvolvimento local e regional, possibilitando assim, a imbrica\u00e7\u00e3o\/intera\u00e7\u00e3o necess\u00e1ria \u00e0 vida acad\u00eamica.<\/p>\n<div id=\"ProreitoriaTopoTitulo\">Conhe\u00e7am o Regulamento de Extens\u00e3o do IF Baiano<\/div>\n<p style=\"font-weight: 400\">Neste Regulamento, voc\u00ea encontra todas as informa\u00e7\u00f5es necess\u00e1rias para conhecer a pol\u00edtica de extens\u00e3o do IF Baiano e construir sua trajet\u00f3ria de extensionista.<\/p>\n<ul style=\"list-style-type: disc;padding: 10px 40px 20px\">\n<li><a href=\"http:\/\/www.ifbaiano.edu.br\/unidades\/lapa\/files\/2019\/08\/REGULAMENTO_DE_EXTENS\u00c3O.pdf\" target=\"_blank\" rel=\"noopener noreferrer\">Regulamento de Extens\u00e3o<\/a><\/li>\n<\/ul>\n<div id=\"ProreitoriaTopoTitulo\">Cadastro, Acompanhamento e Avalia\u00e7\u00e3o de Projetos de Extens\u00e3o<\/div>\n<p style=\"font-weight: 400;text-align: justify\">Nesta se\u00e7\u00e3o, disponibilizamos, de forma sequenciada todos os documentos necess\u00e1rios para o cadastro, execu\u00e7\u00e3o e presta\u00e7\u00e3o de contas de seus projetos. Antes de iniciar qualquer projeto, \u00e9 importante conhecer as \u00e1reas tem\u00e1ticas da extens\u00e3o e os principais formul\u00e1rios hoje utilizados. Em caso de d\u00favidas, a coordena\u00e7\u00e3o de extens\u00e3o prestar\u00e1 as devidas orienta\u00e7\u00f5es.<\/p>\n<ul style=\"list-style-type: disc;padding: 10px 40px 20px\">\n<li><a href=\"https:\/\/www.ifbaiano.edu.br\/unidades\/lapa\/files\/2020\/06\/AREAS_TEMATICAS_DA_EXTENSAO.pdf\">\u00c1reas tem\u00e1ticas de Extens\u00e3o<\/a><\/li>\n<li><a href=\"http:\/\/www.ifbaiano.edu.br\/unidades\/lapa\/files\/2019\/08\/Folha-de-frequ\u00eancia-de-aluno.odt\">Modelo de Frequ\u00eancia de Estudantes<\/a><\/li>\n<li><a href=\"http:\/\/www.ifbaiano.edu.br\/unidades\/lapa\/files\/2017\/08\/4-Formulario-de-Prestacao-de-Contas-de-Projetos-Versao-mais-atual.doc\">Formul\u00e1rio de Presta\u00e7\u00e3o de Contas de Projetos (Vers\u00e3o mais atual)<\/a><\/li>\n<li><a href=\"http:\/\/www.ifbaiano.edu.br\/unidades\/lapa\/files\/2017\/08\/7-Modelo-de-Recibo-para-Pessoas-Fisicas.doc\">Modelo de Recibo para Pessoas F\u00edsicas<\/a><\/li>\n<li><a href=\"http:\/\/www.ifbaiano.edu.br\/unidades\/lapa\/files\/2017\/08\/9-Formulario-de-Analise-de-Prestacao-de-Contas.odt\">Formul\u00e1rio de An\u00e1lise de Presta\u00e7\u00e3o de Contas<\/a><\/li>\n<li><a href=\"https:\/\/www.ifbaiano.edu.br\/unidades\/lapa\/files\/2020\/06\/MODALIDADES_DAS_ACOES_DE_EXTENSAO.pdf\">Modalidades das a\u00e7\u00f5es de extens\u00e3o<\/a><\/li>\n<li><a href=\"https:\/\/www.ifbaiano.edu.br\/unidades\/lapa\/files\/2020\/06\/Nota_Informativa_PROEX_03-2019.pdf\">Nota Informativa PROEX n\u00ba 03-2019-Orienta\u00e7\u00f5es para altera\u00e7\u00f5es projetos no suap<\/a><\/li>\n<li><a href=\"https:\/\/www.ifbaiano.edu.br\/unidades\/lapa\/files\/2020\/11\/Nota_Informativa_10-2020.pdf\">Nota Informativa 10\/2020\/PROEX &#8211;  orienta\u00e7\u00f5es relativas aos Editais n\u00ba 03 e 04\/2019, do Programa Institucional de Bolsas de Inicia\u00e7\u00e3o em Extens\u00e3o (PIBIEX), durante o per\u00edodo de pandemia da CODIV-19 (documento pdf)<\/a><\/li>\n<li><a href=\"https:\/\/www.ifbaiano.edu.br\/unidades\/lapa\/files\/2020\/11\/Nota_Informativa_11-2020.pdf\">Nota informativa 11\/\/2020\/PROEX &#8211;  orienta\u00e7\u00f5es relativas aos Editais n\u00ba 01 e 02\/2020, do Programa Institucional de Bolsas de Inicia\u00e7\u00e3o em Extens\u00e3o (PIBIEX), durante o per\u00edodo de pandemia da CODIV-19 (documento pdf)<\/a><\/li>\n<li><a href=\"https:\/\/www.ifbaiano.edu.br\/unidades\/lapa\/files\/2020\/11\/Nota-Informativa-12-2020.pdf\">Nota Informativa n\u00ba 12\/2020 &#8211; Informa sobre Prorroga\u00e7\u00e3o do Prazo de execu\u00e7\u00e3o do PIBIEX-2019 (documento pdf)<\/a><\/li>\n<li><a href=\"https:\/\/www.ifbaiano.edu.br\/unidades\/lapa\/files\/2020\/11\/Nota-Informativa-13-2020.pdf\">Nota Informativa n\u00ba 13\/2020 &#8211; Informa sobre Prorroga\u00e7\u00e3o do Prazo de execu\u00e7\u00e3o do PIBIEX-2020 (documento pdf)<\/a><\/li>\n<\/ul>\n<div id=\"ProreitoriaTopoTitulo\">Orienta\u00e7\u00f5es para presta\u00e7\u00e3o de Contas de Projetos<\/div>\n<p style=\"font-weight: 400;text-align: justify\">Aqui, orientamos como cadastrar seu projeto, realizar de forma eficiente e correta o uso dos recursos financeiros, prestar contas e realizar a devolu\u00e7\u00e3o de poss\u00edveis saldos. Leiam cuidadosamente cada documento.<\/p>\n\n<ul style=\"list-style-type: disc;padding: 10px 40px 20px\">\n<li><a href=\"https:\/\/www.ifbaiano.edu.br\/unidades\/lapa\/files\/2020\/06\/Guia_Rapido-Materiais_de_Consumo.pdf\">Guia r\u00e1pido material permanente e de consumo<\/a><\/li>\n<li><a href=\"http:\/\/www.ifbaiano.edu.br\/unidades\/lapa\/files\/2017\/08\/Orientacoes-para-geracao-de-GRU.pdf\" target=\"_blank\" rel=\"noopener noreferrer\">Orienta\u00e7\u00f5es para gera\u00e7\u00e3o de GRU<\/a><\/li>\n<\/ul>\n<div id=\"ProreitoriaTopoTitulo\">Presta\u00e7\u00e3o de Contas a Partir de 2019<\/div>\n<ul style=\"list-style-type: disc;padding: 10px 40px 20px\">\n<li><a href=\"https:\/\/www.ifbaiano.edu.br\/unidades\/lapa\/files\/2020\/05\/Nota-Informativa-06-de-18-05-2020-Prestacao-Contas-no-SUAP.pdf\" target=\"_blank\" rel=\"noopener noreferrer\">Nota informativa 06\/2020 &#8211; Orienta\u00e7\u00f5es para presta\u00e7\u00e3o de contas de projetos a partir de 2019<\/a><\/li>\n<li><a href=\"https:\/\/www.ifbaiano.edu.br\/unidades\/lapa\/files\/2020\/05\/Anexo-I-Instrucoes-para-utilizacao-recursos-financeiros-destinados-a-execucao-de-projetos-de-extensao.pdf\" target=\"_blank\" rel=\"noopener noreferrer\">Anexo I &#8211; Instru\u00e7\u00e3o para utiliza\u00e7\u00e3o de recursos financeiros<\/a><\/li>\n<li><a href=\"https:\/\/www.ifbaiano.edu.br\/unidades\/lapa\/files\/2020\/05\/Anexo-II-Manual-Monitoramento-e-finalizacao-das-acoes-de-extensao.pdf\" target=\"_blank\" rel=\"noopener noreferrer\">Anexo II &#8211; Manual de Monitoramento SUAP<\/a><\/li>\n<li><a href=\"https:\/\/www.ifbaiano.edu.br\/unidades\/lapa\/files\/2020\/05\/Anexo-III-Formulario_de_Analise_de_Prestacao_de_Contas-CEI.pdf\" target=\"_blank\" rel=\"noopener noreferrer\">Anexo III &#8211; Formul\u00e1rio de an\u00e1lise da presta\u00e7\u00e3o de contas<\/a><\/li>\n\n<li><a href=\"https:\/\/www.ifbaiano.edu.br\/unidades\/lapa\/files\/2020\/05\/Anexo-V-Oficio-informa-sobre-conclusao-do-projeto-CP.pdf\" target=\"_blank\" rel=\"noopener noreferrer\">Anexo V &#8211; Modelo de Of\u00edcio do coordenador do projeto informando a conclus\u00e3o da execu\u00e7\u00e3o<\/a><\/li>\n<li><a href=\"https:\/\/www.ifbaiano.edu.br\/unidades\/lapa\/files\/2020\/05\/Anexo-VI-Oficio-solicita-Parecer-Final-Coordenadores-de-Extensao.pdf\" target=\"_blank\" rel=\"noopener noreferrer\">Anexo VI &#8211; Modelo de Of\u00edcio do coordenador de Extens\u00e3o \u00e0 PROEX<\/a><\/li>\n<\/ul>\n<div id=\"ProreitoriaTopoTitulo\">Presta\u00e7\u00e3o de Contas antes de 2019<\/div>\n<ul style=\"list-style-type: disc;padding: 10px 40px 20px\">\n<li><a href=\"https:\/\/www.ifbaiano.edu.br\/unidades\/lapa\/files\/2020\/06\/Nota_Informativa_PROEX_05-2016.pdf\">Nota Informativa 05\/2016 \u2013 Sobre Presta\u00e7\u00e3o de Contas Financeira e de Execu\u00e7\u00e3o do Projeto<\/a><\/li>\n<li><a href=\"https:\/\/www.ifbaiano.edu.br\/unidades\/lapa\/files\/2020\/06\/ANEXO_I-INSTRUCOES_PARA_UTILIZACAO_DOS_AUXILIOS_FINANCEIROS.pdf\">Anexo I \u2013 Instru\u00e7\u00f5es para utiliza\u00e7\u00e3o dos recursos financeiros destinados a execu\u00e7\u00e3o de projetos de extens\u00e3o <\/a><\/li>\n<li><a href=\"https:\/\/www.ifbaiano.edu.br\/unidades\/lapa\/files\/2020\/06\/Anexo_II-Formulario_de_Prestacao_de_Contas.odt\">Anexo II &#8211; Formul\u00e1rio de Presta\u00e7\u00e3o de Contas<\/a><\/li>\n<li><a href=\"https:\/\/www.ifbaiano.edu.br\/unidades\/lapa\/files\/2020\/05\/Anexo-IV-Termo-de-doacao-de-bem-de-capital.pdf\" target=\"_blank\" rel=\"noopener noreferrer\">Anexo IV &#8211; Termo de doa\u00e7\u00e3o de bens de capital<\/a><\/li>\n<li><a href=\"https:\/\/www.ifbaiano.edu.br\/unidades\/lapa\/files\/2020\/06\/Anexo_V-Formulario_de_analise_de_prestacao_de_contas_de_projetos.odt\">Anexo V \u2013 Formul\u00e1rio de an\u00e1lise de presta\u00e7\u00e3o de contas de projetos<\/a><\/li>\n<li><a href=\"https:\/\/www.ifbaiano.edu.br\/unidades\/lapa\/files\/2020\/06\/Anexo-VI-Fluxo-do-processo-de-presta\u00e7\u00e3o-de-contas.odt\">Anexo VI \u2013 Fluxo do Processo de Presta\u00e7\u00e3o de Conta<\/a><\/li>\n<li><a href=\"https:\/\/www.ifbaiano.edu.br\/unidades\/lapa\/files\/2020\/06\/Anexo-VII-Parecer-PROEX-prestacao-de-contas.odt\">Anexo VII \u2013 Parecer da Proex \u2013 Presta\u00e7\u00e3o de Contas<\/a><\/li>\n<li><a href=\"https:\/\/www.ifbaiano.edu.br\/unidades\/lapa\/files\/2020\/06\/Anexo-VIII-Declaracao-de-projeto-em-execucao.odt\">Anexo VIII \u2013 Declara\u00e7\u00e3o de projeto em execu\u00e7\u00e3o<\/a><\/li>\n<\/ul>\n<div id=\"ProreitoriaTopoTitulo\">Orienta\u00e7\u00f5es para a oferta de cursos FIC<\/div>\n<p style=\"font-weight: 400;text-align: justify\">Os cursos FIC s\u00e3o cursos de forma\u00e7\u00e3o inicial ou continuada normatizados pela Resolu\u00e7\u00e3o 11\/2018\/CONSUP\/IF Baiano. H\u00e1 um fluxo espec\u00edfico para a elabora\u00e7\u00e3o e submiss\u00e3o de qualquer uma das modalidades desses projetos. Leiam cuidadosamente a resolu\u00e7\u00e3o e utilize os formul\u00e1rios dispon\u00edveis nessa aba para apresentar sua proposta.<\/p>\n<ul style=\"list-style-type: disc;padding: 10px 40px 20px\">\n<li><a href=\"http:\/\/www.ifbaiano.edu.br\/unidades\/lapa\/files\/2017\/08\/1-Orientacoes-Gerais-para-a-Oferta.odt\">Orienta\u00e7\u00f5es Gerais para a Oferta<\/a><\/li>\n<li><a href=\"http:\/\/www.ifbaiano.edu.br\/unidades\/lapa\/files\/2017\/08\/2-Modelo-de-Projeto-de-Curso-de-Formacao-Inicial.odt\">Modelo de Projeto de Curso de Forma\u00e7\u00e3o Inicial<\/a><\/li>\n<li><a href=\"http:\/\/www.ifbaiano.edu.br\/unidades\/lapa\/files\/2017\/08\/3-Formulario-de-Formacao-Continuada.odt\">Formul\u00e1rio de Forma\u00e7\u00e3o Continuada<\/a><\/li>\n<li><a href=\"http:\/\/www.ifbaiano.edu.br\/unidades\/lapa\/files\/2017\/08\/4-Cursos-de-ate-20-horas-Modelo-de-Projeto.doc\">Cursos de at\u00e9 20 horas &#8211; Modelo de Projeto<\/a><\/li>\n<li><a href=\"http:\/\/www.ifbaiano.edu.br\/unidades\/lapa\/files\/2017\/08\/5-Declaracao-de-Apoio-da-Direcao-Geral.odt\">Declara\u00e7\u00e3o de Apoio da Dire\u00e7\u00e3o Geral<\/a><\/li>\n<li><a href=\"http:\/\/www.ifbaiano.edu.br\/unidades\/lapa\/files\/2017\/08\/6-Modelo-de-Edital-para-cursos-FIC.doc\">Modelo de Edital para cursos FIC<\/a><\/li>\n<li><a href=\"http:\/\/www.ifbaiano.edu.br\/unidades\/lapa\/files\/2017\/08\/Resolu\u00e7\u00e3o-n\u00ba-23-Novo-Regulamento-de-Cursos-FIC.pdf\" target=\"_blank\" rel=\"noopener noreferrer\">Resolu\u00e7\u00e3o n\u00ba 23, de 19\/03\/2019, Novo Regulamento de Cursos FIC<\/a><\/li>\n<li><a href=\"http:\/\/www.ifbaiano.edu.br\/unidades\/lapa\/files\/2017\/08\/8-Guia-de-Cursos-FIC-2016.pdf\" target=\"_blank\" rel=\"noopener noreferrer\">Guia de Cursos FIC 2016<\/a><\/li>\n<li><a href=\"http:\/\/www.ifbaiano.edu.br\/unidades\/lapa\/files\/2017\/08\/Guia-para-implantacao-de-FIC.pdf\" target=\"_blank\" rel=\"noopener noreferrer\">Guia para implanta\u00e7\u00e3o&nbsp;de Cursos FIC<\/a><\/li>\n<li><a href=\"http:\/\/www.ifbaiano.edu.br\/unidades\/lapa\/files\/2017\/08\/RESOLUCAO-N-11-DE-13-DE-MARCO-DE-2018-REGULAMENTO-DOS-CURSOS-FIC.pdf\" target=\"_blank\" rel=\"noopener noreferrer\">Resolu\u00e7\u00e3o n\u00ba 11 de 13 de mar\u00e7o de 2018 &#8211; Regulamenta\u00e7\u00e3o dos Cursos FIC<\/a><\/li>\n<li><a href=\"http:\/\/www.ifbaiano.edu.br\/unidades\/lapa\/files\/2019\/10\/Nota-Informativa-n\u00ba-02-2019-Arquivos-de-cursos-aprovados.pdf\" target=\"_blank\" rel=\"noopener noreferrer\">Nota Informativa n\u00ba 02\/2019 &#8211; Arquivos de cursos aprovados<\/a><\/li>\n<\/ul>\n<div id=\"ProreitoriaTopoTitulo\">A\u00e7\u00f5es de Extens\u00e3o Desenvolvidas<\/div>\n<p style=\"font-weight: 400;text-align: justify\">Click no link abaixo e veja as A\u00e7\u00f5es de Extens\u00e3o em desenvolvimento.<\/p>\n<ul style=\"list-style-type: disc;padding: 10px 40px 20px\">\n<li><a href=\"http:\/\/www.ifbaiano.edu.br\/unidades\/lapa\/projetos-de-extensao-em-desenvolvimento\/\">A\u00e7\u00f5es de Extens\u00e3o em desenvolvimento<\/a><\/li>\n<\/ul>\n\n<div id=\"ProreitoriaTopoTitulo\">Orienta\u00e7\u00f5es para cadastro de atividades de fluxo cont\u00ednuo (Cursos livres, projetos n\u00e3o financiados, eventos de extens\u00e3o, palestras)<\/div>\n<ul style=\"list-style-type: disc;padding: 10px 40px 20px\">\n<li><a href=\"https:\/\/www.ifbaiano.edu.br\/unidades\/lapa\/files\/2020\/06\/Edital_Fluxo_Continuo_2020.pdf\">Edital de Fluxo Cont\u00ednuo 2020<\/a><\/li>\n<li><a href=\"https:\/\/www.ifbaiano.edu.br\/unidades\/lapa\/files\/2020\/06\/Resumo_Procedimentos_cadastro.pdf\">Resumo dos procedimentos para cadastro<\/a><\/li>\n<li><a href=\"https:\/\/www.ifbaiano.edu.br\/unidades\/lapa\/files\/2020\/06\/Formulario_Cadastro_Curso.odt\">Formul\u00e1rio de Cadastro de Curso<\/a><\/li>\n<li><a href=\"https:\/\/www.ifbaiano.edu.br\/unidades\/lapa\/files\/2020\/06\/FORMULARIO_CADASTRO_EVENTO.odt\">Formul\u00e1rio de Cadastro de Evento<\/a><\/li>\n<li><a href=\"https:\/\/www.ifbaiano.edu.br\/unidades\/lapa\/files\/2020\/06\/Formulario_de_Informacoes_dos_discentes_voluntarios.odt\">Formul\u00e1rio de Informa\u00e7\u00f5es dos discentes (volunt\u00e1rios)<\/a><\/li>\n<\/ul>\n\n\n\n<p><\/p>\n","protected":false},"excerpt":{"rendered":"<p>EQUIPE Coordenador de Extens\u00e3o: Junio Batista Custodio Contato:&nbsp;junio.batista@ifbaiano.edu.br Coordenadora de Extens\u00e3o Substituta: Valdin\u00e9ia Antunes Alves Ramos Contato: valdineia.ramos@ifbaiano.edu.br O que \u00e9 Extens\u00e3o? Extens\u00e3o \u00e9 parte de um trip\u00e9 indissoci\u00e1vel que envolve o Ensino e a Pesquisa. \u00c9 tamb\u00e9m&nbsp; o espa\u00e7o em que as institui\u00e7\u00f5es promovem a articula\u00e7\u00e3o entre o saber fazer e a realidade socioecon\u00f4mica, [&hellip;]<\/p>\n","protected":false},"author":84,"featured_media":0,"parent":0,"menu_order":0,"comment_status":"closed","ping_status":"closed","template":"","meta":[],"_links":{"self":[{"href":"https:\/\/www.ifbaiano.edu.br\/unidades\/lapa\/wp-json\/wp\/v2\/pages\/8180"}],"collection":[{"href":"https:\/\/www.ifbaiano.edu.br\/unidades\/lapa\/wp-json\/wp\/v2\/pages"}],"about":[{"href":"https:\/\/www.ifbaiano.edu.br\/unidades\/lapa\/wp-json\/wp\/v2\/types\/page"}],"author":[{"embeddable":true,"href":"https:\/\/www.ifbaiano.edu.br\/unidades\/lapa\/wp-json\/wp\/v2\/users\/84"}],"replies":[{"embeddable":true,"href":"https:\/\/www.ifbaiano.edu.br\/unidades\/lapa\/wp-json\/wp\/v2\/comments?post=8180"}],"version-history":[{"count":111,"href":"https:\/\/www.ifbaiano.edu.br\/unidades\/lapa\/wp-json\/wp\/v2\/pages\/8180\/revisions"}],"predecessor-version":[{"id":22164,"href":"https:\/\/www.ifbaiano.edu.br\/unidades\/lapa\/wp-json\/wp\/v2\/pages\/8180\/revisions\/22164"}],"wp:attachment":[{"href":"https:\/\/www.ifbaiano.edu.br\/unidades\/lapa\/wp-json\/wp\/v2\/media?parent=8180"}],"curies":[{"name":"wp","href":"https:\/\/api.w.org\/{rel}","templated":true}]}}