{"id":9532,"date":"2017-11-28T08:10:13","date_gmt":"2017-11-28T11:10:13","guid":{"rendered":"http:\/\/www.ifbaiano.edu.br\/unidades\/lapa\/?page_id=9532"},"modified":"2018-02-22T14:20:21","modified_gmt":"2018-02-22T17:20:21","slug":"superior","status":"publish","type":"page","link":"https:\/\/www.ifbaiano.edu.br\/unidades\/lapa\/superior\/","title":{"rendered":"Superior"},"content":{"rendered":"<p><strong><a href=\"http:\/\/www.ifbaiano.edu.br\/unidades\/lapa\/bacharelado-em-engenharia-agronomica\/\">Bacharelado em Engenharia Agron\u00f4mica<\/a><\/strong><\/p>\n<p style=\"text-align: justify\">O colegiado do Curso Superior de Bacharelado em Engenharia Agron\u00f4mica oferecido pelo IF Baiano \u2013 Campus\u00a0Bom Jesus da Lapa conta atualmente com 21 professores. Destes, 43,00 % s\u00e3o doutores; 48,00% mestres e 9,00% especialistas. O Campus possui uma estrutura f\u00edsica com \u00e1reas de cultivo e experimenta\u00e7\u00e3o, denominadas de Laborat\u00f3rios Did\u00e1ticos, de diversas Culturas Agr\u00edcolas de interesse regional (\u2026)<\/p>\n<hr \/>\n<p>&nbsp;<\/p>\n","protected":false},"excerpt":{"rendered":"<p>Bacharelado em Engenharia Agron\u00f4mica O colegiado do Curso Superior de Bacharelado em Engenharia Agron\u00f4mica oferecido pelo IF Baiano \u2013 Campus\u00a0Bom Jesus da Lapa conta atualmente com 21 professores. Destes, 43,00 % s\u00e3o doutores; 48,00% mestres e 9,00% especialistas. O Campus possui uma estrutura f\u00edsica com \u00e1reas de cultivo e experimenta\u00e7\u00e3o, denominadas de Laborat\u00f3rios Did\u00e1ticos, de [&hellip;]<\/p>\n","protected":false},"author":84,"featured_media":0,"parent":0,"menu_order":0,"comment_status":"closed","ping_status":"closed","template":"","meta":[],"_links":{"self":[{"href":"https:\/\/www.ifbaiano.edu.br\/unidades\/lapa\/wp-json\/wp\/v2\/pages\/9532"}],"collection":[{"href":"https:\/\/www.ifbaiano.edu.br\/unidades\/lapa\/wp-json\/wp\/v2\/pages"}],"about":[{"href":"https:\/\/www.ifbaiano.edu.br\/unidades\/lapa\/wp-json\/wp\/v2\/types\/page"}],"author":[{"embeddable":true,"href":"https:\/\/www.ifbaiano.edu.br\/unidades\/lapa\/wp-json\/wp\/v2\/users\/84"}],"replies":[{"embeddable":true,"href":"https:\/\/www.ifbaiano.edu.br\/unidades\/lapa\/wp-json\/wp\/v2\/comments?post=9532"}],"version-history":[{"count":9,"href":"https:\/\/www.ifbaiano.edu.br\/unidades\/lapa\/wp-json\/wp\/v2\/pages\/9532\/revisions"}],"predecessor-version":[{"id":10004,"href":"https:\/\/www.ifbaiano.edu.br\/unidades\/lapa\/wp-json\/wp\/v2\/pages\/9532\/revisions\/10004"}],"wp:attachment":[{"href":"https:\/\/www.ifbaiano.edu.br\/unidades\/lapa\/wp-json\/wp\/v2\/media?parent=9532"}],"curies":[{"name":"wp","href":"https:\/\/api.w.org\/{rel}","templated":true}]}}