{"id":1535,"date":"2017-05-09T15:48:26","date_gmt":"2017-05-09T18:48:26","guid":{"rendered":"http:\/\/www.ifbaiano.edu.br\/unidades\/santaines\/?page_id=1535"},"modified":"2025-10-08T15:16:55","modified_gmt":"2025-10-08T18:16:55","slug":"organograma","status":"publish","type":"page","link":"https:\/\/www.ifbaiano.edu.br\/unidades\/santaines\/organograma\/","title":{"rendered":"Organograma e Contatos"},"content":{"rendered":"\n<figure class=\"wp-block-image size-full\"><a href=\"https:\/\/www.ifbaiano.edu.br\/unidades\/santaines\/files\/2025\/03\/4359-Organograma_.webp\"><img decoding=\"async\" loading=\"lazy\" width=\"973\" height=\"664\" src=\"https:\/\/www.ifbaiano.edu.br\/unidades\/santaines\/files\/2025\/03\/4359-Organograma_.webp\" alt=\"\" class=\"wp-image-23266\" srcset=\"https:\/\/www.ifbaiano.edu.br\/unidades\/santaines\/files\/2025\/03\/4359-Organograma_.webp 973w, https:\/\/www.ifbaiano.edu.br\/unidades\/santaines\/files\/2025\/03\/4359-Organograma_-300x205.webp 300w, https:\/\/www.ifbaiano.edu.br\/unidades\/santaines\/files\/2025\/03\/4359-Organograma_-768x524.webp 768w, https:\/\/www.ifbaiano.edu.br\/unidades\/santaines\/files\/2025\/03\/4359-Organograma_-100x68.webp 100w\" sizes=\"(max-width: 973px) 100vw, 973px\" \/><\/a><\/figure>\n\n\n<hr \/>\n<p><a href=\"https:\/\/www.ifbaiano.edu.br\/unidades\/santaines\/files\/2025\/03\/ORGANOGRAMA-27-02-2025.pdf\"><strong>BAIXE O ORGANOGRAMA EM PDF\u00a0<\/strong><\/a><\/p>\n<hr \/>\n<p><strong>CONTATOS:<\/strong><\/p>\n<p><strong>Diretoria Geral (DG)<\/strong><br \/>Genilda de Souza Lima &#8211; Diretora-geral<br \/>Ozeias Pires Silva &#8211; Diretor-geral Substituto<br \/>E-mail: diretor@si.ifbaiano.edu.br<\/p>\n<p><strong>Diretoria Administrativa (DADM)<\/strong><br \/>Daniele Silva de Matos &#8211; Diretora Administrativa<br \/>Gilberto Muniz Santos &#8211; Diretor Administrativo Substituto<br \/>E-mail: dadm@si.ifbaiano.edu.br<\/p>\n<p><strong>Coordena\u00e7\u00e3o Financeira e Cont\u00e1bil (CFC)<\/strong><br \/>Gilberto Muniz Santos &#8211; Coordenador\u00a0<br \/>Antonio Santos Souza &#8211; Coordenador Substituto<br \/>E-mail: gilberto.santos@ifbaiano.edu.br<\/p>\n<p><strong>Diretoria Acad\u00eamica (DA)<\/strong><br \/>Andr\u00e9 Leonardo Vasconcelos Souza &#8211; Diretor Acad\u00eamico<br \/>Anderson Correia dos Santos &#8211; Diretor Acad\u00eamico Substituto<br \/>E-mail: diretoriaacademica@si.ifbaiano.edu.br<\/p>\n<p><strong>Coordena\u00e7\u00e3o de Ensino (CE)<\/strong><br \/>Tharcilla Braz Alves Pess\u00f4a &#8211; Coordenadora<br \/>Jessica Ferreira Lima &#8211; Coordenadora Substituta<br \/>E-mail: coordenacaodeensino@si.ifbaiano.edu.br\u00a0<\/p>\n<p><strong>Coordena\u00e7\u00e3o de Assuntos Estudantis (CAE)<\/strong><br \/>\u00c2ngelo Francisco de Souza &#8211; Coordenador<br \/>Lara Pugliesi de Matos &#8211; Coordenadora Substituta<br \/>E-mail: cae@si.ifbaiano.edu.br<\/p>\n<p><strong>Coordena\u00e7\u00e3o das Unidades Educativas de Campo (CUEC)<\/strong> <br \/>Cl\u00f3vis Costa dos Santos &#8211; Coordenador<br \/>Di\u00f3genes Coelho Micheli &#8211; Coordenador Substituto<br \/>E-mail: cuec@si.ifbaiano.edu.br<\/p>\n<div>\u00a0<\/div>\n<hr \/>\n<p><strong>CONTATOS GERAIS: <a href=\"https:\/\/www.ifbaiano.edu.br\/unidades\/santaines\/files\/2025\/10\/Cargos-e-Funcoes-Contatos-07-10-2025.pdf\">ACESSE O DOCUMENTO EM PDF<\/a><\/strong><\/p>\n\n\n<hr class=\"wp-block-separator has-css-opacity\" \/>\n","protected":false},"excerpt":{"rendered":"<p>BAIXE O ORGANOGRAMA EM PDF\u00a0 CONTATOS: Diretoria Geral (DG)Genilda de Souza Lima &#8211; Diretora-geralOzeias Pires Silva &#8211; Diretor-geral SubstitutoE-mail: diretor@si.ifbaiano.edu.br Diretoria Administrativa (DADM)Daniele Silva de Matos &#8211; Diretora AdministrativaGilberto Muniz Santos &#8211; Diretor Administrativo SubstitutoE-mail: dadm@si.ifbaiano.edu.br Coordena\u00e7\u00e3o Financeira e Cont\u00e1bil (CFC)Gilberto Muniz Santos &#8211; Coordenador\u00a0Antonio Santos Souza &#8211; Coordenador SubstitutoE-mail: gilberto.santos@ifbaiano.edu.br Diretoria Acad\u00eamica (DA)Andr\u00e9 Leonardo [&hellip;]<\/p>\n","protected":false},"author":26,"featured_media":0,"parent":0,"menu_order":0,"comment_status":"closed","ping_status":"closed","template":"","meta":[],"_links":{"self":[{"href":"https:\/\/www.ifbaiano.edu.br\/unidades\/santaines\/wp-json\/wp\/v2\/pages\/1535"}],"collection":[{"href":"https:\/\/www.ifbaiano.edu.br\/unidades\/santaines\/wp-json\/wp\/v2\/pages"}],"about":[{"href":"https:\/\/www.ifbaiano.edu.br\/unidades\/santaines\/wp-json\/wp\/v2\/types\/page"}],"author":[{"embeddable":true,"href":"https:\/\/www.ifbaiano.edu.br\/unidades\/santaines\/wp-json\/wp\/v2\/users\/26"}],"replies":[{"embeddable":true,"href":"https:\/\/www.ifbaiano.edu.br\/unidades\/santaines\/wp-json\/wp\/v2\/comments?post=1535"}],"version-history":[{"count":93,"href":"https:\/\/www.ifbaiano.edu.br\/unidades\/santaines\/wp-json\/wp\/v2\/pages\/1535\/revisions"}],"predecessor-version":[{"id":25803,"href":"https:\/\/www.ifbaiano.edu.br\/unidades\/santaines\/wp-json\/wp\/v2\/pages\/1535\/revisions\/25803"}],"wp:attachment":[{"href":"https:\/\/www.ifbaiano.edu.br\/unidades\/santaines\/wp-json\/wp\/v2\/media?parent=1535"}],"curies":[{"name":"wp","href":"https:\/\/api.w.org\/{rel}","templated":true}]}}

<figure class="wp-block-image size-full"><a href="https://www.ifbaiano.edu.br/unidades/santaines/files/2025/03/4359-Organograma_.webp"><img decoding="async" loading="lazy" width="973" height="664" src="https://www.ifbaiano.edu.br/unidades/santaines/files/2025/03/4359-Organograma_.webp" alt="" class="wp-image-23266" srcset="https://www.ifbaiano.edu.br/unidades/santaines/files/2025/03/4359-Organograma_.webp 973w, https://www.ifbaiano.edu.br/unidades/santaines/files/2025/03/4359-Organograma_-300x205.webp 300w, https://www.ifbaiano.edu.br/unidades/santaines/files/2025/03/4359-Organograma_-768x524.webp 768w, https://www.ifbaiano.edu.br/unidades/santaines/files/2025/03/4359-Organograma_-100x68.webp 100w" sizes="(max-width: 973px) 100vw, 973px" /></a></figure>


<hr />
<p><a href="https://www.ifbaiano.edu.br/unidades/santaines/files/2025/03/ORGANOGRAMA-27-02-2025.pdf"><strong>BAIXE O ORGANOGRAMA EM PDF </strong></a></p>
<hr />
<p><strong>CONTATOS:</strong></p>
<p><strong>Diretoria Geral (DG)</strong><br />Genilda de Souza Lima &#8211; Diretora-geral<br />Ozeias Pires Silva &#8211; Diretor-geral Substituto<br />E-mail: diretor@si.ifbaiano.edu.br</p>
<p><strong>Diretoria Administrativa (DADM)</strong><br />Daniele Silva de Matos &#8211; Diretora Administrativa<br />Gilberto Muniz Santos &#8211; Diretor Administrativo Substituto<br />E-mail: dadm@si.ifbaiano.edu.br</p>
<p><strong>Coordenação Financeira e Contábil (CFC)</strong><br />Gilberto Muniz Santos &#8211; Coordenador <br />Antonio Santos Souza &#8211; Coordenador Substituto<br />E-mail: gilberto.santos@ifbaiano.edu.br</p>
<p><strong>Diretoria Acadêmica (DA)</strong><br />André Leonardo Vasconcelos Souza &#8211; Diretor Acadêmico<br />Anderson Correia dos Santos &#8211; Diretor Acadêmico Substituto<br />E-mail: diretoriaacademica@si.ifbaiano.edu.br</p>
<p><strong>Coordenação de Ensino (CE)</strong><br />Tharcilla Braz Alves Pessôa &#8211; Coordenadora<br />Jessica Ferreira Lima &#8211; Coordenadora Substituta<br />E-mail: coordenacaodeensino@si.ifbaiano.edu.br </p>
<p><strong>Coordenação de Assuntos Estudantis (CAE)</strong><br />Ângelo Francisco de Souza &#8211; Coordenador<br />Lara Pugliesi de Matos &#8211; Coordenadora Substituta<br />E-mail: cae@si.ifbaiano.edu.br</p>
<p><strong>Coordenação das Unidades Educativas de Campo (CUEC)</strong> <br />Clóvis Costa dos Santos &#8211; Coordenador<br />Diógenes Coelho Micheli &#8211; Coordenador Substituto<br />E-mail: cuec@si.ifbaiano.edu.br</p>
<div> </div>
<hr />
<p><strong>CONTATOS GERAIS: <a href="https://www.ifbaiano.edu.br/unidades/santaines/files/2025/10/Cargos-e-Funcoes-Contatos-07-10-2025.pdf">ACESSE O DOCUMENTO EM PDF</a></strong></p>


<hr class="wp-block-separator has-css-opacity" />

<p>BAIXE O ORGANOGRAMA EM PDF  CONTATOS: Diretoria Geral (DG)Genilda de Souza Lima &#8211; Diretora-geralOzeias Pires Silva &#8211; Diretor-geral SubstitutoE-mail: diretor@si.ifbaiano.edu.br Diretoria Administrativa (DADM)Daniele Silva de Matos &#8211; Diretora AdministrativaGilberto Muniz Santos &#8211; Diretor Administrativo SubstitutoE-mail: dadm@si.ifbaiano.edu.br Coordenação Financeira e Contábil (CFC)Gilberto Muniz Santos &#8211; Coordenador Antonio Santos Souza &#8211; Coordenador SubstitutoE-mail: gilberto.santos@ifbaiano.edu.br Diretoria Acadêmica (DA)André Leonardo [&hellip;]</p>
