{"id":23391,"date":"2025-03-18T16:55:22","date_gmt":"2025-03-18T19:55:22","guid":{"rendered":"https:\/\/www.ifbaiano.edu.br\/unidades\/santaines\/?page_id=23391"},"modified":"2025-05-15T05:38:43","modified_gmt":"2025-05-15T08:38:43","slug":"simposio-baiano-de-zootecnia-simbazoo","status":"publish","type":"page","link":"https:\/\/www.ifbaiano.edu.br\/unidades\/santaines\/simposio-baiano-de-zootecnia-simbazoo\/","title":{"rendered":"SIMBAZOO &#8211;\u00a0Simp\u00f3sio Baiano de Zootecnia"},"content":{"rendered":"\n<figure class=\"wp-block-image size-full\"><a href=\"https:\/\/www.ifbaiano.edu.br\/unidades\/santaines\/files\/2025\/03\/5366-header-simbazoo.webp\"><img decoding=\"async\" loading=\"lazy\" width=\"970\" height=\"236\" src=\"https:\/\/www.ifbaiano.edu.br\/unidades\/santaines\/files\/2025\/03\/5366-header-simbazoo.webp\" alt=\"\" class=\"wp-image-23457\" srcset=\"https:\/\/www.ifbaiano.edu.br\/unidades\/santaines\/files\/2025\/03\/5366-header-simbazoo.webp 970w, https:\/\/www.ifbaiano.edu.br\/unidades\/santaines\/files\/2025\/03\/5366-header-simbazoo-300x73.webp 300w, https:\/\/www.ifbaiano.edu.br\/unidades\/santaines\/files\/2025\/03\/5366-header-simbazoo-768x187.webp 768w, https:\/\/www.ifbaiano.edu.br\/unidades\/santaines\/files\/2025\/03\/5366-header-simbazoo-100x24.webp 100w\" sizes=\"(max-width: 970px) 100vw, 970px\" \/><\/a><\/figure>\n\n\n\n<p class=\"has-background has-medium-font-size\" style=\"background-color:#ebebeb;border-top:4px solid #36b139\"><strong>SOBRE O EVENTO<\/strong><\/p>\n\n\n\n<p><strong>Bem-vindos ao X Simp\u00f3sio Baiano de Zootecnia (SIMBAZOO) e \u00e0 XI Semana de Zootecnia 2025!<\/strong><\/p>\n\n\n\n<p>Prepare-se para um dos eventos mais importantes e consolidados da Zootecnia na Bahia! De&nbsp;<strong>13 a 16 de maio de 2025<\/strong>, o IF Baiano &#8211; Campus Santa In\u00eas ser\u00e1 o ponto de encontro de profissionais, pesquisadores, estudantes e produtores rurais. Juntos, vamos discutir os avan\u00e7os, desafios e as in\u00fameras oportunidades que moldam o futuro da produ\u00e7\u00e3o animal.<\/p>\n\n\n\n<p>Esta edi\u00e7\u00e3o \u00e9 ainda mais especial! Celebraremos com orgulho o&nbsp;<strong>Dia do Zootecnista<\/strong>, em 13 de maio, e os&nbsp;<strong>15 anos de funda\u00e7\u00e3o do curso de Bacharelado em Zootecnia<\/strong>&nbsp;do nosso campus. S\u00e3o 15 anos dedicados \u00e0 forma\u00e7\u00e3o de excel\u00eancia e ao fortalecimento da cadeia produtiva animal, contribuindo significativamente para o desenvolvimento da Bahia.<\/p>\n\n\n\n<p>Participe conosco desta jornada de conhecimento, troca de experi\u00eancias e celebra\u00e7\u00e3o!<\/p>\n\n\n\n<div class=\"wp-block-pb-accordion-item c-accordion__item js-accordion-item no-js\" data-initially-open=\"false\" data-click-to-close=\"true\" data-auto-close=\"true\" data-scroll=\"false\" data-scroll-offset=\"0\"><h3 id=\"at-233910\" class=\"c-accordion__title js-accordion-controller\" role=\"button\">PROGRAMA\u00c7\u00c3O<\/h3><div id=\"ac-233910\" class=\"c-accordion__content\">\n<p><strong>13\/05\/2025 \u2013 18 HORAS \u2013 Audit\u00f3rio do Campus Santa In\u00eas<\/strong><br>\u2756 Recep\u00e7\u00e3o e credenciamento;<br>\u2756 Forma\u00e7\u00e3o da mesa de honra;<br>\u2756 Palestra 1 &#8211; Zootecnia, Passado, Presente e Futuro (Prof. Ronaldo Vasconcelos);<br>\u2756 Palestra 2 &#8211; 15 anos de Zootecnia no IF Baiano Santa In\u00eas (Profa. Daniele Matos e Cl\u00eaidida Barros);<br>\u2756 Momento Cultural.<\/p>\n\n\n\n<p><strong>14\/05\/2025 \u2013 7h30 \u2013 Audit\u00f3rio<\/strong> <strong>do Campus Santa In\u00eas<\/strong><br>\u2756 Mediador: Moyses Coutinho;<\/p>\n\n\n\n<p>\u2756 Palestra 3 &#8211; Erros na cria\u00e7\u00e3o de Frangos Caipiras (Prof. Nayana Borges);<br>\u2756 Exposi\u00e7\u00e3o de Banner;<br>\u2756 Palestra 4 &#8211; Consumo de Carnes Ex\u00f3ticas.<\/p>\n\n\n\n<p><strong>14\/05\/2025 \u2013 14h \u2013 Campus Santa In\u00eas<\/strong><br>\u2756 Minicursos.<\/p>\n\n\n\n<p><strong>15\/05\/2025 \u2013 7h30 \u2013 Audit\u00f3rio<\/strong><br>\u2756 Mediadora: Cl\u00eaidida Barros;                  <br>\u2756 Palestra 5 &#8211; Compostos Fen\u00f3licos e seus efeitos em Caprinos Leiteiros (Zootecnista Egressa Elice Brunelle);<br>\u2756 Palestra 6 &#8211; Avicultura do Futuro: Como se preparar (Zootecnista Egresso Allan Oliveira);                  <br>\u2756 Palestra 7 &#8211; Manejo de Pastagens como ferramenta para armazenar carbono no solo (Zootecnista Egressa Roberta Freitas);<br>\u2756 Mesa Redonda: Mercado de trabalho.<\/p>\n\n\n\n<p><strong>15\/05\/2025 \u2013 14h \u2013 Campus Santa In\u00eas<\/strong><br>\u2756 Minicursos<\/p>\n\n\n\n<p><strong>16\/05\/2025 \u2013 7h30 \u2013 Audit\u00f3rio do Campus Santa In\u00eas<\/strong><br>\u2756 Palestra 8: Gerenciamento de Propriedades Rurais (Ant\u00f4nio de Lisboa Ribeiro Filho);<br>\u2756 Cerim\u00f4nia de Homenagens: 15 anos de Zootecnia no Campus;<br>\u2756 Encerramento.<\/p>\n\n\n\n<p><strong>16\/05\/2025 \u2013 14h \u2013 A DEFINIR<\/strong><br>\u2756 Confraterniza\u00e7\u00e3o.<\/p>\n\n\n\n<p>PARA FAZER DOWNLOAD DA PROGRAMA\u00c7\u00c3O CLIQUE <strong><a href=\"https:\/\/www.ifbaiano.edu.br\/unidades\/santaines\/files\/2025\/04\/Folder-X-SIMBAZOO.pdf\">AQUI<\/a><\/strong>.<\/p>\n<\/div><\/div>\n\n\n\n<div class=\"wp-block-pb-accordion-item c-accordion__item js-accordion-item no-js\" data-initially-open=\"false\" data-click-to-close=\"true\" data-auto-close=\"true\" data-scroll=\"false\" data-scroll-offset=\"0\"><h3 id=\"at-233911\" class=\"c-accordion__title js-accordion-controller\" role=\"button\">INSCRI\u00c7\u00d5ES<\/h3><div id=\"ac-233911\" class=\"c-accordion__content\">\n<p>As inscri\u00e7\u00f5es para o&nbsp;<strong>X Simp\u00f3sio Baiano de Zootecnia (SIMBAZOO)<\/strong>&nbsp;e a&nbsp;<strong>XI Semana de Zootecnia<\/strong>&nbsp;est\u00e3o oficialmente abertas. Convidamos estudantes, professores, pesquisadores, profissionais da \u00e1rea e produtores rurais a garantirem sua participa\u00e7\u00e3o neste importante evento.<\/p>\n\n\n\n<p>O per\u00edodo para realizar sua inscri\u00e7\u00e3o \u00e9 de&nbsp;<strong>10 de abril a 13 de maio de 2025<\/strong>.<\/p>\n\n\n\n<p>Todo o processo de inscri\u00e7\u00e3o deve ser realizado exclusivamente de forma online, por meio do Sistema Unificado de Administra\u00e7\u00e3o P\u00fablica (SUAP) do IF Baiano.<\/p>\n\n\n\n<p><strong>Para se inscrever, acesse o sistema <a href=\"https:\/\/suap.ifbaiano.edu.br\/eventos\/inscricao\/2273\/\">AQUI<\/a><\/strong><\/p>\n\n\n\n<p>Recomendamos realizar a inscri\u00e7\u00e3o com anteced\u00eancia. Ao participar, voc\u00ea ter\u00e1 acesso a palestras, minicursos, apresenta\u00e7\u00f5es de trabalhos e momentos de networking, al\u00e9m de celebrar conosco os 15 anos do curso de Bacharelado em Zootecnia do Campus Santa In\u00eas.<\/p>\n\n\n\n<p>Contamos com a sua presen\u00e7a!<\/p>\n\n\n\n<p><\/p>\n<\/div><\/div>\n\n\n\n<div class=\"wp-block-pb-accordion-item c-accordion__item js-accordion-item no-js\" data-initially-open=\"false\" data-click-to-close=\"true\" data-auto-close=\"true\" data-scroll=\"false\" data-scroll-offset=\"0\"><h3 id=\"at-233912\" class=\"c-accordion__title js-accordion-controller\" role=\"button\">SUBMISS\u00d5ES DE RESUMO<\/h3><div id=\"ac-233912\" class=\"c-accordion__content\">\n<p>A Comiss\u00e3o Organizadora do X Simp\u00f3sio Baiano de Zootecnia (SIMBAZOO) e da XI Semana de Zootecnia tem o prazer de convidar a comunidade acad\u00eamica, pesquisadores, estudantes e profissionais a submeterem seus resumos de trabalhos cient\u00edficos para apresenta\u00e7\u00e3o durante o evento.<\/p>\n\n\n\n<p>Esta \u00e9 uma excelente oportunidade para divulgar suas pesquisas, compartilhar conhecimentos e interagir com outros especialistas da \u00e1rea de Zootecnia e ci\u00eancias afins.<\/p>\n\n\n\n<p><strong>Per\u00edodo de Submiss\u00e3o:<\/strong>&nbsp;Os resumos poder\u00e3o ser enviados de&nbsp;<strong>11 de abril de 2025 a 09 de maio de 2025<\/strong>.<\/p>\n\n\n\n<p><strong>Aten\u00e7\u00e3o:<\/strong>&nbsp;Para que o resumo seja avaliado pela Comiss\u00e3o Cient\u00edfica, \u00e9&nbsp;<strong>indispens\u00e1vel<\/strong>&nbsp;que o autor respons\u00e1vel pela submiss\u00e3o (ou pelo menos um dos autores) esteja&nbsp;<strong>previamente inscrito no evento<\/strong>. Resumos enviados por autores n\u00e3o inscritos n\u00e3o ser\u00e3o considerados para avalia\u00e7\u00e3o.<\/p>\n\n\n\n<p>As normas detalhadas para formata\u00e7\u00e3o, estrutura do resumo, prazos e demais orienta\u00e7\u00f5es para a submiss\u00e3o est\u00e3o dispon\u00edveis abaixo. \u00c9 fundamental a leitura atenta e o cumprimento rigoroso das regras para garantir a avalia\u00e7\u00e3o do seu trabalho.<\/p>\n\n\n\n<p><strong><a href=\"https:\/\/www.ifbaiano.edu.br\/unidades\/santaines\/files\/2025\/04\/Normas_XI-SEMZOO-2025-1.pdf\">CLIQUE AQUI<\/a><\/strong> <strong>PARA ACESSAR AS NORMAS COMPLETAS DE SUBMISS\u00c3O DE TRABALHOS E <a href=\"https:\/\/www.ifbaiano.edu.br\/unidades\/santaines\/files\/2025\/04\/Modelo-de-Resumo-2025.pdf\">AQUI<\/a><\/strong> <strong>PARA MODELO DE RESUMO<\/strong><\/p>\n\n\n\n<p>Os resumos dever\u00e3o ser enviados exclusivamente para o e-mail da Comiss\u00e3o Cient\u00edfica: <strong><a rel=\"noreferrer noopener\" href=\"https:\/\/www.google.com\/url?sa=E&amp;q=mailto%3Asimbazoo.oficial%40gmail.com\" target=\"_blank\">simbazoo.oficial@gmail.com<\/a><\/strong><\/p>\n\n\n\n<p>Todos os trabalhos recebidos dentro do prazo (11 de abril de 2025 at\u00e9&nbsp;09 de maio de 2025) e em conformidade com as normas ser\u00e3o avaliados pela Comiss\u00e3o Cient\u00edfica.<\/p>\n\n\n\n<p>O Modelo padr\u00e3o do banner para exposi\u00e7\u00e3o, conforme a programa\u00e7\u00e3o est\u00e1 disponibilizado tanto em arquivo <em><a href=\"https:\/\/www.ifbaiano.edu.br\/unidades\/santaines\/files\/2025\/05\/modelo-banner-simbazoo-2025.ppt\">PowerPoint<\/a> <\/em>quanto no <a href=\"https:\/\/www.canva.com\/design\/DAGmnvrpJHs\/aENX_TNSchy5VEjGvFTwcw\/edit?utm_content=DAGmnvrpJHs&amp;utm_campaign=designshare&amp;utm_medium=link2&amp;utm_source=sharebutton  Con\">Canva<\/a>.<\/p>\n\n\n\n<p>Estamos contando com a sua valiosa contribui\u00e7\u00e3o cient\u00edfica para enriquecer nosso evento!<\/p>\n\n\n\n<p><\/p>\n\n\n\n<div class=\"wp-block-pb-accordion-item c-accordion__item js-accordion-item no-js\" data-initially-open=\"false\" data-click-to-close=\"true\" data-auto-close=\"true\" data-scroll=\"false\" data-scroll-offset=\"0\"><h3 id=\"at-233915\" class=\"c-accordion__title js-accordion-controller\" role=\"button\">RESUMOS ACEITOS E DATA DE APRESENTA\u00c7\u00c3O<\/h3><div id=\"ac-233915\" class=\"c-accordion__content\">\n<p>A Comiss\u00e3o Organizadora do X Simp\u00f3sio Baiano de Zootecnia (SIMBAZOO) e da XI Semana de Zootecnia torna p\u00fablica a lista de <a href=\"https:\/\/www.ifbaiano.edu.br\/unidades\/santaines\/files\/2025\/05\/RESUMOS-ACEITOS-E-DATAS-DE-APRESENTACAO-SIMBAZOO-2025.pdf\">RESUMOS APROVADOS PARA APRESENTA\u00c7\u00c3O<\/a> e deseja sucesso \u00e0 todos.<\/p>\n\n\n\n<p><\/p>\n<\/div><\/div>\n<\/div><\/div>\n\n\n\n<div class=\"wp-block-pb-accordion-item c-accordion__item js-accordion-item no-js\" data-initially-open=\"false\" data-click-to-close=\"true\" data-auto-close=\"true\" data-scroll=\"false\" data-scroll-offset=\"0\"><h3 id=\"at-233913\" class=\"c-accordion__title js-accordion-controller\" role=\"button\">MINICURSOS<\/h3><div id=\"ac-233913\" class=\"c-accordion__content\">\n<p>Prepare-se para mergulhar em temas espec\u00edficos com nossos minicursos! Eles s\u00e3o uma oportunidade excelente para aprendizado focado e pr\u00e1tico. Escolha, o(s) tema(s) de seu maior interesse e enrique\u00e7a sua experi\u00eancia no Simbazoo!<\/p>\n\n\n\n<p> <strong>Aten\u00e7\u00e3o \u00e0s seguintes informa\u00e7\u00f5es:<\/strong><\/p>\n\n\n\n<ul>\n<li>Os minicursos ocorrer\u00e3o nos per\u00edodos da tarde da&nbsp;<strong>quarta-feira (14\/05)<\/strong>&nbsp;e da&nbsp;<strong>quinta-feira (15\/05)<\/strong>.<\/li>\n\n\n\n<li>Os locais exatos de cada minicurso ser\u00e3o informados durante a&nbsp;<strong>abertura oficial do evento<\/strong>&nbsp;e tamb\u00e9m estar\u00e3o dispon\u00edveis para consulta aqui na&nbsp;<strong>p\u00e1gina do Simbazoo<\/strong>.<\/li>\n\n\n\n<li>Aten\u00e7\u00e3o! S\u00f3 \u00e9 poss\u00edvel se inscrever em&nbsp;<strong>um minicurso por dia<\/strong>&nbsp;(um na quarta e um na quinta).<\/li>\n\n\n\n<li>Cada minicurso tem a carga hor\u00e1ria de 4 (quatro) horas.<\/li>\n\n\n\n<li>Corra para garantir a sua!&nbsp;<strong>Todos os minicursos possuem vagas limitadas<\/strong>.<\/li>\n<\/ul>\n\n\n\n<p>Planeje-se e aproveite ao m\u00e1ximo essa chance de aprendizado complementar!<\/p>\n\n\n\n<p><strong>MINICURSOS OFERTADOS DIA 14\/05 &#8211; QUARTA-FEIRA<\/strong><\/p>\n\n\n\n<ol>\n<li>Cria\u00e7\u00e3o de Ten\u00e9brios para alimenta\u00e7\u00e3o animal (20 vagas)<\/li>\n\n\n\n<li>Recep\u00e7\u00e3o do leite cru e produ\u00e7\u00e3o de iogurte natural saborizado com l\u00edcuri (10 vagas)<\/li>\n\n\n\n<li>Aquisi\u00e7\u00e3o de dados em tempo real pela integra\u00e7\u00e3o do Arduino com o Excel (20 vagas)<\/li>\n\n\n\n<li>Produ\u00e7\u00e3o de Biofertilizantes com res\u00edduos da Feira Livre (20 vagas)<\/li>\n\n\n\n<li>Silagem de Qualidade: Produ\u00e7\u00e3o e Conserva\u00e7\u00e3o (20 vagas)<\/li>\n<\/ol>\n\n\n\n<p><strong>MINICURSOS OFERTADOS DIA 15\/05 &#8211; QUINTA-FEIRA<\/strong><\/p>\n\n\n\n<ol>\n<li>Processamento de tilapias (10 vagas)<\/li>\n\n\n\n<li>Manejo B\u00e1sico de Emas em Cativeiro (10 vagas)<\/li>\n\n\n\n<li>Forma\u00e7\u00e3o de Bancos de Prote\u00edna no Semi\u00e1rido: Solu\u00e7\u00f5es Forrageiras Sustent\u00e1veis para a Produ\u00e7\u00e3o Animal (20 vagas)<\/li>\n\n\n\n<li>Di\u00e1logo entre o saber acad\u00eamico e o saber popular: poesia nordestina e o ensino da zootecnia (20 vagas)<\/li>\n\n\n\n<li>Manejo de equinos e equipamentos utilizados (20 vagas)<\/li>\n\n\n\n<li>Formula\u00e7\u00e3o de Ra\u00e7\u00e3o Pr\u00e1tica para Aves e Su\u00ednos (20 vagas)<\/li>\n<\/ol>\n<\/div><\/div>\n\n\n\n<div class=\"wp-block-pb-accordion-item c-accordion__item js-accordion-item no-js\" data-initially-open=\"false\" data-click-to-close=\"true\" data-auto-close=\"true\" data-scroll=\"false\" data-scroll-offset=\"0\"><h3 id=\"at-233914\" class=\"c-accordion__title js-accordion-controller\" role=\"button\">D\u00daVIDAS E CONTATO<\/h3><div id=\"ac-233914\" class=\"c-accordion__content\">\n<p>Instituto Federal de Educa\u00e7\u00e3o, Ci\u00eancia e Tecnologia Baiano \u2013 Campus Santa In\u00eas<\/p>\n\n\n\n<p>BR 420 (Rodovia Santa In\u00eas \u2013 Uba\u00edra), Zona Rural, Bahia \u2013 CEP: 45320-000<\/p>\n\n\n\n<p><strong>Quer falar conosco ou tirar alguma d\u00favida sobre o evento?<\/strong><\/p>\n\n\n\n<p>Estamos \u00e0 disposi\u00e7\u00e3o no e-mail: simbazoo.oficial@gmail.com<\/p>\n\n\n\n<p>Comiss\u00e3o do X SIMBAZOO \u2013 PORTARIA 20\/2025 \u2013 CSI-GAB\/CSI-DG\/RET\/IFBAIANO<\/p>\n<\/div><\/div>\n\n\n\n<hr class=\"wp-block-separator has-alpha-channel-opacity\" \/>\n","protected":false},"excerpt":{"rendered":"<p>SOBRE O EVENTO Bem-vindos ao X Simp\u00f3sio Baiano de Zootecnia (SIMBAZOO) e \u00e0 XI Semana de Zootecnia 2025! Prepare-se para um dos eventos mais importantes e consolidados da Zootecnia na Bahia! De&nbsp;13 a 16 de maio de 2025, o IF Baiano &#8211; Campus Santa In\u00eas ser\u00e1 o ponto de encontro de profissionais, pesquisadores, estudantes e [&hellip;]<\/p>\n","protected":false},"author":86,"featured_media":0,"parent":0,"menu_order":0,"comment_status":"closed","ping_status":"closed","template":"","meta":[],"_links":{"self":[{"href":"https:\/\/www.ifbaiano.edu.br\/unidades\/santaines\/wp-json\/wp\/v2\/pages\/23391"}],"collection":[{"href":"https:\/\/www.ifbaiano.edu.br\/unidades\/santaines\/wp-json\/wp\/v2\/pages"}],"about":[{"href":"https:\/\/www.ifbaiano.edu.br\/unidades\/santaines\/wp-json\/wp\/v2\/types\/page"}],"author":[{"embeddable":true,"href":"https:\/\/www.ifbaiano.edu.br\/unidades\/santaines\/wp-json\/wp\/v2\/users\/86"}],"replies":[{"embeddable":true,"href":"https:\/\/www.ifbaiano.edu.br\/unidades\/santaines\/wp-json\/wp\/v2\/comments?post=23391"}],"version-history":[{"count":62,"href":"https:\/\/www.ifbaiano.edu.br\/unidades\/santaines\/wp-json\/wp\/v2\/pages\/23391\/revisions"}],"predecessor-version":[{"id":27151,"href":"https:\/\/www.ifbaiano.edu.br\/unidades\/santaines\/wp-json\/wp\/v2\/pages\/23391\/revisions\/27151"}],"wp:attachment":[{"href":"https:\/\/www.ifbaiano.edu.br\/unidades\/santaines\/wp-json\/wp\/v2\/media?parent=23391"}],"curies":[{"name":"wp","href":"https:\/\/api.w.org\/{rel}","templated":true}]}}