{"id":38,"date":"2011-05-18T18:50:36","date_gmt":"2011-05-18T18:50:36","guid":{"rendered":"http:\/\/localhost\/unidades\/bonfim\/?page_id=38"},"modified":"2026-03-02T11:05:20","modified_gmt":"2026-03-02T14:05:20","slug":"tecnico-administrativos","status":"publish","type":"page","link":"https:\/\/www.ifbaiano.edu.br\/unidades\/santaines\/tecnico-administrativos\/","title":{"rendered":"T\u00e9cnico-Administrativos"},"content":{"rendered":"\n<hr class=\"wp-block-separator has-alpha-channel-opacity\" \/>\n\n\n\n<details>\n<summary><strong>Administrador<\/strong><\/summary>\n<p><strong>OZEIAS PIRES SILVA<\/strong><br>\nE-MAIL: ozeias.silva@ifbaiano.edu.br<\/p>\n<\/details>\n\n\n\n<hr class=\"wp-block-separator has-alpha-channel-opacity\" \/>\n\n\n\n<details>\n<summary><strong>Analista de Tecnologia da Informa\u00e7\u00e3o<\/strong><\/summary>\n<p><strong>GIL CHRISTIANO GUEDES DOS SANTOS<\/strong><br>\nE-MAIL: gil.santos@ifbaiano.edu.br<\/p>\n<\/details>\n\n\n\n<hr class=\"wp-block-separator has-alpha-channel-opacity\" \/>\n\n\n\n<details>\n<summary><strong>Assistente de Alunos<\/strong><\/summary>\n<p><strong>\u00c2NGELO FRANCISCO DE SOUZA ANDRADE<\/strong><br>\nE-MAIL: angelo.andrade@ifbaiano.edu.br<\/p>\n<p><strong>DANILO MOREIRA DOS SANTOS<\/strong><br>\nE-MAIL: danilo.moreira@ifbaiano.edu.br<\/p>\n<p><strong>EMERSON DOS SANTOS NUNES<\/strong><br>\nE-MAIL: emerson.nunes@ifbaiano.edu.br<\/p>\n<p><strong>RENATO Rick ALVES OLIVEIRA<\/strong><br>\nE-MAIL: renato.alves@ifbaiano.edu.br<\/p>\n<p>\n<\/details>\n\n\n\n<hr class=\"wp-block-separator has-alpha-channel-opacity\" \/>\n\n\n\n<details>\n<summary><strong>Assistente de Laborat\u00f3rio<\/strong><\/summary>\n<p><strong>SOLIENE MENDES ADORNO DE FREITAS<\/strong><br>\nE-MAIL: soliene.freitas@ifbaiano.edu.br<\/p>\n<\/details>\n\n\n\n<hr class=\"wp-block-separator has-alpha-channel-opacity\" \/>\n\n\n\n<details>\n<summary><strong>Assistente em Administra\u00e7\u00e3o<\/strong><\/summary>\n<p><strong>BARTOLOMEU JOS\u00c9 DE BARROS FILHO<\/strong><br>\nE-MAIL: bartolomeu.barros@ifbaiano.edu.br<\/p>\n<p><strong>DALILA ALVES SANTOS<\/strong><br>\nE-MAIL: dalila.santos@ifbaiano.edu.br<\/p>\n<p><strong>DIOGO DE JESUS<\/strong><br>\nE-MAIL: diogo.jesus@ifbaiano.edu.br<\/p>\n<p><strong>GILBERTO MUNIZ SANTOS<\/strong><br>\nE-MAIL: gilberto.santos@ifbaiano.edu.br<\/p>\n<p><strong>HUGO JOS\u00c9 DOS SANTOS<\/strong><br>\nE-MAIL: hugo.santos@ifbaiano.edu.br<\/p>\n<p><strong>IRANILDO FERREIRA OLIVEIRA<\/strong><br>\nE-MAIL: iranildo.oliveira@ifbaiano.edu.br<\/p>\n<p><strong>LAURILSON FABIANO SOUZA DOS SANTOS<\/strong><br>\nE-MAIL: fabiano.sousa@ifbaiano.edu.br<\/p><p><strong>LIDICE DOS SANTOS SOUZA ALVES<\/strong><br>\nE-MAIL: lidice.alves@ifbaiano.edu.br<\/p>\n<p><strong>MARTA RIBEIRO FONSECA<\/strong><br>\nE-MAIL: marta.fonseca@ifbaiano.edu.br<\/p>\n<p><strong>PEDRO EDUARDO BASTOS BARBOSA<\/strong><br>\nE-MAIL: pedro.barbosa@ifbaiano.edu.br<\/p>\n<p><strong>RAFAEL SANTOS ANDRADE<\/strong><br>\nE-MAIL: rafael.andrade@ifbaiano.edu.br<\/p>\n<p><strong>ROMILSON DE SOUZA BARRETO<\/strong><br>\nE-MAIL: romilson.barreto@ifbaiano.edu.br<\/p>\n<p><strong>ROSANA NUNES DOS SANTOS<\/strong><br>\nE-MAIL: rosana.santos@ifbaiano.edu.br<\/p>\n<p><strong>SIMONE DE SOUZA CARVALHO<\/strong><br>\nE-MAIL: simone.carvalho@ifbaiano.edu.br<\/p>\n<\/details>\n\n\n\n<hr class=\"wp-block-separator has-alpha-channel-opacity\" \/>\n\n\n\n<details>\n<summary><strong>Assistente Social<\/strong><\/summary>\n<p><strong>NIVIA BARRETO DOS ANJOS<\/strong><br>\nE-MAIL: nivia.barreto@ifbaiano.edu.br<\/p>\n<\/details>\n\n\n\n<hr class=\"wp-block-separator has-alpha-channel-opacity\" \/>\n\n\n\n<details>\n<summary><strong>Auxiliar de Biblioteca<\/strong><\/summary>\n<p><strong>CLAUDINEIA TRINDADE SOUZA<\/strong><br>\nE-MAIL: claudineia.souza@ifbaiano.edu.br<\/p>\n<p><strong>DIEGO DE G\u00d3ES MENEZES<\/strong><br>\nE-MAIL: diego.menezes@ifbaiano.edu.br<\/p>\n<\/details>\n\n\n\n<hr class=\"wp-block-separator has-alpha-channel-opacity\" \/>\n\n\n\n<details>\n<summary><strong>Auxiliar Rural<\/strong><\/summary>\n<p><strong>ANDR\u00c9 BASTOS DE QUEIROZ<\/strong><br>\nE-MAIL: andre.queiroz@ifbaiano.edu.br<\/p>\n<p><strong>JOS\u00c9 DA SILVA C\u00c9SAR<\/strong><br>\nE-MAIL: jose.cesar@ifbaiano.edu.br<\/p>\n<\/details>\n\n\n\n<hr class=\"wp-block-separator has-alpha-channel-opacity\" \/>\n\n\n\n<details>\n<summary><strong>Bibliotec\u00e1ria-Documentalista<\/strong><\/summary>\n<p><strong>JESSICA FERREIRA LIMA<\/strong><br>\nE-MAIL: jessica.lima@ifbaiano.edu.br<\/p>\n<p><strong>M\u00d4NICA SOUZA BRITO<\/strong><br>\nE-MAIL: monica.brito@ifbaiano.edu.br<\/p>\n<\/details>\n\n\n\n<hr class=\"wp-block-separator has-alpha-channel-opacity\" \/>\n\n\n\n<details>\n<summary><strong>Cozinheira<\/strong><\/summary>\n<p><strong>ALZILEIDE LOGRADO DE ALMEIDA<\/strong><br>\nE-MAIL: alzileide.almeida@ifbaiano.edu.br<\/strong><br> Cedida para a Procuradoria Federal no Estado da Bahia &#8211; Advocacia-Geral da Uni\u00e3o (AGU)<\/p>\n<\/details>\n\n\n\n<hr class=\"wp-block-separator has-alpha-channel-opacity\" \/>\n\n\n\n<details>\n<summary><strong>Enfermeira<\/strong><\/summary>\n<p><strong>DANIELA SANCHES PINHEIRO VIEIRA<\/strong><br>\nE-MAIL: daniela.pinheiro@ifbaiano.edu.br<\/p>\n<\/details>\n\n\n\n<hr class=\"wp-block-separator has-alpha-channel-opacity\" \/>\n\n\n\n<details>\n<summary><strong>Engenheiro<\/strong><\/summary>\n<p><strong>IVO ROCHA XAVIER<\/strong><br>\n\u00c1rea: Agr\u00f4nomo<\/strong><br>\nE-MAIL: ivo.xavier@ifbaiano.edu.br<\/p>\n<\/strong><\/summary>\n<p><strong>LUCIANO LEMOS CARVALHO<\/strong><br>\n\u00c1rea: Civil<\/strong><br>\nE-MAIL: luciano.carvalho@ifbaiano.edu.br<\/p>\n<\/details>\n\n\n\n<hr class=\"wp-block-separator has-alpha-channel-opacity\" \/>\n\n\n\n<details>\n<summary><strong>M\u00e9dico Veterin\u00e1rio<\/strong><\/summary>\n<p><strong>BRUNO DELPHINO MEDRADO<\/strong><br>\nE-MAIL: bruno.medrado@ifbaiano.edu.br<\/strong><br> Cedido para o Minist\u00e9rio da Agricultura e Pecu\u00e1ria (MAPA)<\/p>\n<\/details>\n\n\n\n<hr class=\"wp-block-separator has-alpha-channel-opacity\" \/>\n\n\n\n<details>\n<summary><strong>Nutricionista<\/strong><\/summary>\n<p><strong>ANDREIA CARVALHO JAMBEIRO DE SOUZA<\/strong><br>\nE-MAIL: andreia.carvalho@ifbaiano.edu.br<\/p>\n<\/details>\n\n\n\n<hr class=\"wp-block-separator has-alpha-channel-opacity\" \/>\n\n\n\n<details>\n<summary><strong>Odont\u00f3logo<\/strong><\/summary>\n<p><strong>ANDERSON JAMBEIRO DE SOUZA<\/strong><br>\nE-MAIL: anderson.souza@ifbaiano.edu.br<\/p>\n<\/details>\n\n\n\n<hr class=\"wp-block-separator has-alpha-channel-opacity\" \/>\n\n\n\n<details>\n<summary><strong>Padeiro<\/strong><\/summary>\n<p><strong>VALTER COSTA SILVA<\/strong><br>\nE-MAIL: valter.silva@ifbaiano.edu.br<\/p>\n<\/details>\n\n\n\n<hr class=\"wp-block-separator has-alpha-channel-opacity\" \/>\n\n\n\n<details>\n<summary><strong>Pedagoga<\/strong><\/summary>\n<p><strong>ARLENE LUTTIGARDS DE OLIVEIRA VAZ SAMPAIO<\/strong><br>\nE-MAIL: arlene.sampaio@ifbaiano.edu.br<\/p>\n<p><strong>NELIAN COSTA NASCIMENTO<\/strong><br>\nE-MAIL: nelian.nascimento@ifbaiano.edu.br<\/p>\n<\/details>\n\n\n\n<hr class=\"wp-block-separator has-alpha-channel-opacity\" \/>\n\n\n\n<details>\n<summary><strong>Psic\u00f3loga<\/strong><\/summary>\n<p><strong>MEIRELANDE BARRETO ROCHA<\/strong><br>\nE-MAIL: meirelande.rocha@ifbaiano.edu.br<\/p>\n<\/details>\n\n\n\n<hr class=\"wp-block-separator has-alpha-channel-opacity\" \/>\n\n\n\n<details>\n<summary><strong>Revisor de Texto Braille<\/strong><\/summary>\n<p><strong>EDSON VICENTE DOS SANTOS<\/strong><br>\nE-MAIL: edison.santos@ifbaiano.edu.br<\/p>\n<\/details>\n\n\n\n<hr class=\"wp-block-separator has-alpha-channel-opacity\" \/>\n\n\n\n<details>\n<summary><strong>T\u00e9cnico em Laborat\u00f3rio<\/strong><\/summary>\n<p><strong>FABIANE BARRETO SOUZA<\/strong><br>\n\u00c1rea: Biologia<\/strong><br>\nE-MAIL: fabiane.souza@ifbaiano.edu.br<\/p>\n<p><strong>GEISIANE NOVAES DE SANTANA<\/strong><br>\n\u00c1rea: Qu\u00edmica<\/strong><br>\nE-MAIL: geisiane.novaes@ifbaiano.edu.br<\/p>\n<p><strong>ROSEJANE PEREIRA DA SILVA<\/strong><br>\n\u00c1rea: Agroind\u00fastria\/Alimentos<\/strong><br>\nE-MAIL: rosejane.silva@ifbaiano.edu.br<\/p>\n<\/details>\n\n\n\n<hr class=\"wp-block-separator has-alpha-channel-opacity\" \/>\n\n\n\n<details>\n<summary><strong>T\u00e9cnico de Tecnologia da Informa\u00e7\u00e3o<\/strong><\/summary>\n<p><strong>ANT\u00d4NIO SANTOS SOUZA<\/strong><br>\nE-MAIL: antonio.souza@ifbaiano.edu.br<\/p>\n<p><strong>GL\u00c1UBER DE OLIVEIRA MATOS<\/strong><br>\nE-MAIL: glauber.matos@si.ifbaiano.edu.br<\/p>\n<p><strong>JO\u00c3O ELIAS FERRAZ SANTANA<\/strong><br>\nE-MAIL: joao.ferraz@ifbaiano.edu.br<\/p>\n<\/details>\n\n\n\n<hr class=\"wp-block-separator has-alpha-channel-opacity\" \/>\n\n\n\n<details>\n<summary><strong>T\u00e9cnico em Agropecu\u00e1ria<\/strong><\/summary>\n<p><strong>DI\u00d3GENES COELHO MICHELI<\/strong><br>\nE-MAIL: diogenes.micheli@ifbaiano.edu.br<\/p>\n<p><strong>F\u00c1BIO OLIVEIRA BARRETO<\/strong><br>\nE-MAIL: fabio.barreto@ifbaiano.edu.br<\/p>\n<p><strong>RODRIGO MAICON DE SANTANA ANDRADE<\/strong><br>\nE-MAIL: rodrigo.andrade@ifbaiano.edu.br<\/strong><br>Cedido para exercer Fun\u00e7\u00e3o Comissionada no Gabinete do Deputado Pedro Tavares<\/p>\n<p><strong>UILSON LEAL OLIVEIRA<\/strong><br>\nE-MAIL: uilson.oliveira@ifbaiano.edu.br<\/p>\n<\/details>\n\n\n\n<hr class=\"wp-block-separator has-alpha-channel-opacity\" \/>\n\n\n\n<details>\n<summary><strong>T\u00e9cnico em Assuntos Educacionais<\/strong><\/summary>\n<p><strong>ANDERSON CORREIA DOS SANTOS<\/strong><br>\nE-MAIL: anderson.santos@ifbaiano.edu.br<\/p>\n<p><strong>ELIANE FERREIRA DA SILVA SANTOS BARBOSA<\/strong><br>\nE-MAIL: eliane.ferreira@ifbaiano.edu.br<\/p>\n<p><strong>JO\u00c3O ALVES SOUZA FILHO<\/strong><br>\nE-MAIL: joao.filho@ifbaiano.edu.br<\/p>\n<p><strong>MERILANDE DE OLIVEIRA SOARES ELOI<\/strong><br>\nE-MAIL: merilande.soares@ifbaiano.edu.br<\/p>\n<p><strong>ROS\u00c2NGELA LIMA DE NEVES RODRIGUES<\/strong><br>\nE-MAIL: rosangela.rodrigues@ifbaiano.edu.br<\/p>\n<p><strong>T\u00c2MARA LEAL MONTEIRO DA PAIX\u00c3O<\/strong><br>\nE-MAIL: tamara.monteiro@ifbaiano.edu.br<\/p>\n<\/details>\n\n\n\n<hr class=\"wp-block-separator has-alpha-channel-opacity\" \/>\n\n\n\n<details>\n<summary><strong>T\u00e9cnico em Audiovisual<\/strong><\/summary>\n<p><strong>ANDREY MIRANDA ALMEIDA SANTOS<\/strong><br>\nE-MAIL: andrey.santos@ifbaiano.edu.br<\/p>\n<p><strong>NOEL SILVA COSTA<\/strong><br>\nE-MAIL: noel.costa@ifbaiano.edu.br<\/p>\n<\/details>\n\n\n\n<hr class=\"wp-block-separator has-alpha-channel-opacity\" \/>\n\n\n\n<details>\n<summary><strong>T\u00e9cnico em Contabilidade<\/strong><\/summary>\n<p><strong>MARIELLE DOS SANTOS BARBOSA<\/strong><br>\nE-MAIL: marielle.barbosa@ifbaiano.edu.br<\/strong><br>Em Colabora\u00e7\u00e3o T\u00e9cnica Intercampi Integral na Coordena\u00e7\u00e3o de Contabilidade\/Reitoria IF Baiano\n<\/details>\n\n\n\n<hr class=\"wp-block-separator has-alpha-channel-opacity\" \/>\n\n\n\n<details>\n<summary><strong>T\u00e9cnico em Enfermagem<\/strong><\/summary>\n<p><strong>EDER MORAES ARA\u00daJO<\/strong><br>\nE-MAIL: eder.araujo@ifbaiano.edu.br<\/p>\n<p><strong>GILVAN DE SOUSA MUNIZ<\/strong><br>\nE-MAIL: gilvan.muniz@si.ifbaiano.edu.br<\/p>\n<p><strong>SUOMI JUANA OLIVEIRA DA SILVA CABRAL<\/strong><br>\nE-MAIL: suomi.franca@ifbaiano.edu.br<\/p>\n<\/details>\n\n\n\n<hr class=\"wp-block-separator has-alpha-channel-opacity\" \/>\n\n\n\n<details>\n<summary><strong>Telefonista<\/strong><\/summary>\n<p><strong>MARA EVANGELISTA SOUZA<\/strong><br>\nE-MAIL: mara.souza@ifbaiano.edu.br<\/p>\n<p><strong>T\u00c2NIA DE SANTANA NUNES<\/strong><br>\nE-MAIL: tania.nunes@ifbaiano.edu.br<\/p>\n<\/details>\n\n\n\n<hr class=\"wp-block-separator has-alpha-channel-opacity\" \/>\n\n\n\n<details>\n<summary><strong>Tradutor Int\u00e9rprete de Linguagem de Sinais<\/strong><\/summary>\n<p><strong>MARISA DOS SANTOS TOME<\/strong><br>\nE-MAIL: marisa.souza@ifbaiano.edu.br<\/p>\n<\/details>\n\n\n\n<hr class=\"wp-block-separator has-alpha-channel-opacity\" \/>\n","protected":false},"excerpt":{"rendered":"<p>Administrador OZEIAS PIRES SILVA E-MAIL: ozeias.silva@ifbaiano.edu.br Analista de Tecnologia da Informa\u00e7\u00e3o GIL CHRISTIANO GUEDES DOS SANTOS E-MAIL: gil.santos@ifbaiano.edu.br Assistente de Alunos \u00c2NGELO FRANCISCO DE SOUZA ANDRADE E-MAIL: angelo.andrade@ifbaiano.edu.br DANILO MOREIRA DOS SANTOS E-MAIL: danilo.moreira@ifbaiano.edu.br EMERSON DOS SANTOS NUNES E-MAIL: emerson.nunes@ifbaiano.edu.br RENATO Rick ALVES OLIVEIRA E-MAIL: renato.alves@ifbaiano.edu.br Assistente de Laborat\u00f3rio SOLIENE MENDES ADORNO DE FREITAS E-MAIL: [&hellip;]<\/p>\n","protected":false},"author":1,"featured_media":0,"parent":0,"menu_order":0,"comment_status":"closed","ping_status":"closed","template":"","meta":[],"_links":{"self":[{"href":"https:\/\/www.ifbaiano.edu.br\/unidades\/santaines\/wp-json\/wp\/v2\/pages\/38"}],"collection":[{"href":"https:\/\/www.ifbaiano.edu.br\/unidades\/santaines\/wp-json\/wp\/v2\/pages"}],"about":[{"href":"https:\/\/www.ifbaiano.edu.br\/unidades\/santaines\/wp-json\/wp\/v2\/types\/page"}],"author":[{"embeddable":true,"href":"https:\/\/www.ifbaiano.edu.br\/unidades\/santaines\/wp-json\/wp\/v2\/users\/1"}],"replies":[{"embeddable":true,"href":"https:\/\/www.ifbaiano.edu.br\/unidades\/santaines\/wp-json\/wp\/v2\/comments?post=38"}],"version-history":[{"count":103,"href":"https:\/\/www.ifbaiano.edu.br\/unidades\/santaines\/wp-json\/wp\/v2\/pages\/38\/revisions"}],"predecessor-version":[{"id":26988,"href":"https:\/\/www.ifbaiano.edu.br\/unidades\/santaines\/wp-json\/wp\/v2\/pages\/38\/revisions\/26988"}],"wp:attachment":[{"href":"https:\/\/www.ifbaiano.edu.br\/unidades\/santaines\/wp-json\/wp\/v2\/media?parent=38"}],"curies":[{"name":"wp","href":"https:\/\/api.w.org\/{rel}","templated":true}]}}