{"id":3869,"date":"2013-11-06T10:44:44","date_gmt":"2013-11-06T13:44:44","guid":{"rendered":"http:\/\/www.ifbaiano.edu.br\/unidades\/santaines\/?page_id=3869"},"modified":"2013-11-07T05:50:13","modified_gmt":"2013-11-07T08:50:13","slug":"2013-2","status":"publish","type":"page","link":"https:\/\/www.ifbaiano.edu.br\/unidades\/santaines\/2013-2\/","title":{"rendered":"2013"},"content":{"rendered":"<pre><\/pre>\n<pre><strong>Acesso ao Edital n\u00ba 66\/2013 - 07\/11\/2013<\/strong><\/pre>\n<pre><strong><a title=\"Concess\u00e3o de uso remunerado de espa\u00e7o f\u00edsico para explora\u00e7\u00e3o do espa\u00e7o da Cantina e  das \u00e1reas extensivas\" href=\"http:\/\/www.ifbaiano.edu.br\/unidades\/santaines\/2013\/11\/07\/concessao-de-uso-remunerado-de-espaco-fisico-para-exploracao-do-espaco-da-cantina-e-das-areas-extensivas\/\">Edital n\u00ba 66\/2013 <\/a><\/strong><a title=\"Concess\u00e3o de uso remunerado de espa\u00e7o f\u00edsico para explora\u00e7\u00e3o do espa\u00e7o da Cantina e  das \u00e1reas extensivas\" href=\"http:\/\/www.ifbaiano.edu.br\/unidades\/santaines\/2013\/11\/07\/concessao-de-uso-remunerado-de-espaco-fisico-para-exploracao-do-espaco-da-cantina-e-das-areas-extensivas\/\">CONCORR\u00caNCIA P\u00daBLICA N\u00ba. 01\/2013. Processo n\u00ba 23332.000632\/2013-40<\/a><\/pre>\n<pre>Concess\u00e3o de uso remunerado de espa\u00e7o f\u00edsico para explora\u00e7\u00e3o do espa\u00e7o da Cantina e\r\ndas \u00e1reas extensivas (Pavilh\u00e3o de Inform\u00e1tica e Agroind\u00fastria) do  IF Baiano, Campus Santa In\u00eas.<\/pre>\n<pre><\/pre>\n","protected":false},"excerpt":{"rendered":"<p>Acesso ao Edital n\u00ba 66\/2013 &#8211; 07\/11\/2013 Edital n\u00ba 66\/2013 CONCORR\u00caNCIA P\u00daBLICA N\u00ba. 01\/2013. Processo n\u00ba 23332.000632\/2013-40 Concess\u00e3o de uso remunerado de espa\u00e7o f\u00edsico para explora\u00e7\u00e3o do espa\u00e7o da Cantina e das \u00e1reas extensivas (Pavilh\u00e3o de Inform\u00e1tica e Agroind\u00fastria) do IF Baiano, Campus Santa In\u00eas.<\/p>\n","protected":false},"author":26,"featured_media":0,"parent":0,"menu_order":0,"comment_status":"closed","ping_status":"closed","template":"","meta":[],"_links":{"self":[{"href":"https:\/\/www.ifbaiano.edu.br\/unidades\/santaines\/wp-json\/wp\/v2\/pages\/3869"}],"collection":[{"href":"https:\/\/www.ifbaiano.edu.br\/unidades\/santaines\/wp-json\/wp\/v2\/pages"}],"about":[{"href":"https:\/\/www.ifbaiano.edu.br\/unidades\/santaines\/wp-json\/wp\/v2\/types\/page"}],"author":[{"embeddable":true,"href":"https:\/\/www.ifbaiano.edu.br\/unidades\/santaines\/wp-json\/wp\/v2\/users\/26"}],"replies":[{"embeddable":true,"href":"https:\/\/www.ifbaiano.edu.br\/unidades\/santaines\/wp-json\/wp\/v2\/comments?post=3869"}],"version-history":[{"count":5,"href":"https:\/\/www.ifbaiano.edu.br\/unidades\/santaines\/wp-json\/wp\/v2\/pages\/3869\/revisions"}],"predecessor-version":[{"id":11807,"href":"https:\/\/www.ifbaiano.edu.br\/unidades\/santaines\/wp-json\/wp\/v2\/pages\/3869\/revisions\/11807"}],"wp:attachment":[{"href":"https:\/\/www.ifbaiano.edu.br\/unidades\/santaines\/wp-json\/wp\/v2\/media?parent=3869"}],"curies":[{"name":"wp","href":"https:\/\/api.w.org\/{rel}","templated":true}]}}

<pre></pre>
<pre><strong>Acesso ao Edital nº 66/2013 - 07/11/2013</strong></pre>
<pre><strong><a title="Concessão de uso remunerado de espaço físico para exploração do espaço da Cantina e  das áreas extensivas" href="http://www.ifbaiano.edu.br/unidades/santaines/2013/11/07/concessao-de-uso-remunerado-de-espaco-fisico-para-exploracao-do-espaco-da-cantina-e-das-areas-extensivas/">Edital nº 66/2013 </a></strong><a title="Concessão de uso remunerado de espaço físico para exploração do espaço da Cantina e  das áreas extensivas" href="http://www.ifbaiano.edu.br/unidades/santaines/2013/11/07/concessao-de-uso-remunerado-de-espaco-fisico-para-exploracao-do-espaco-da-cantina-e-das-areas-extensivas/">CONCORRÊNCIA PÚBLICA Nº. 01/2013. Processo nº 23332.000632/2013-40</a></pre>
<pre>Concessão de uso remunerado de espaço físico para exploração do espaço da Cantina e
das áreas extensivas (Pavilhão de Informática e Agroindústria) do  IF Baiano, Campus Santa Inês.</pre>
<pre></pre>

<p>Acesso ao Edital nº 66/2013 &#8211; 07/11/2013 Edital nº 66/2013 CONCORRÊNCIA PÚBLICA Nº. 01/2013. Processo nº 23332.000632/2013-40 Concessão de uso remunerado de espaço físico para exploração do espaço da Cantina e das áreas extensivas (Pavilhão de Informática e Agroindústria) do IF Baiano, Campus Santa Inês.</p>
