{"id":6305,"date":"2015-12-11T09:15:17","date_gmt":"2015-12-11T12:15:17","guid":{"rendered":"http:\/\/www.ifbaiano.edu.br\/unidades\/santaines\/?page_id=6305"},"modified":"2015-12-11T10:21:19","modified_gmt":"2015-12-11T13:21:19","slug":"coordenacao-de-extensao","status":"publish","type":"page","link":"https:\/\/www.ifbaiano.edu.br\/unidades\/santaines\/coordenacao-de-extensao\/","title":{"rendered":"COORDENA\u00c7\u00c3O DE EXTENS\u00c3O \u2013 CE"},"content":{"rendered":"<p align=\"justify\"><span style=\"font-family: Times New Roman,serif\"><span style=\"font-size: medium\">Coordenador: <span style=\"color: #000000\">F\u00e1bio Carvalho Nunes<\/span><\/span><\/span><\/p>\n<p align=\"justify\"><span style=\"font-family: Times New Roman,serif\"><span style=\"font-size: medium\">Telefone: 73 3536 1210 \u2013 Ramal 55<\/span><\/span><\/p>\n<p align=\"justify\"><span style=\"font-family: Times New Roman,serif\"><span style=\"font-size: medium\">Endere\u00e7o eletr\u00f4nico: fabio.nunes@si.ifbaiano.edu.br<\/span><\/span><\/p>\n<p align=\"justify\">\n<p align=\"justify\"><span style=\"font-family: Times New Roman,serif\"><span style=\"font-size: medium\">A Coordena\u00e7\u00e3o de Extens\u00e3o desenvolve a\u00e7\u00f5es para aproximar o <em>Campus<\/em> de Santa In\u00eas da comunidade do Vale do Jiquiri\u00e7\u00e1, atrav\u00e9s de programas como \u201cMulheres Mil\u201d e \u201cPronatec\u201d, bem como de editais que estimulam servidores e estudantes do ensino m\u00e9dio, p\u00f3s-m\u00e9dio e superior a desenvolverem projetos que objetivam compartilhar saberes com a sociedade.<\/span><\/span><\/p>\n<p align=\"justify\"><span style=\"font-family: Times New Roman,serif\"><span style=\"font-size: medium\">Os editais do PBIEX (Programa de Inicia\u00e7\u00e3o a Extens\u00e3o) do Ensino Superior e M\u00e9dio s\u00e3o lan\u00e7ados uma vez por ano e ofertam bolsas para estudantes e recursos para o desenvolvimento das a\u00e7\u00f5es. <\/span><\/span><\/p>\n<p align=\"justify\"><span style=\"font-family: Times New Roman,serif\"><span style=\"font-size: medium\">Os editais PRO-EXTENS\u00c3O (Programa de Extens\u00e3o) s\u00e3o lan\u00e7ados uma vez por ano e liberam recursos para o desenvolvimento de a\u00e7\u00f5es em extens\u00e3o.<\/span><\/span><\/p>\n<p align=\"justify\"><span style=\"font-family: Times New Roman,serif\"><span style=\"font-size: medium\">O estudante pode participar de projetos de extens\u00e3o desde o primeiro semestre, tanto como bolsista, quanto como volunt\u00e1rio.<\/span><\/span><\/p>\n","protected":false},"excerpt":{"rendered":"<p>Coordenador: F\u00e1bio Carvalho Nunes Telefone: 73 3536 1210 \u2013 Ramal 55 Endere\u00e7o eletr\u00f4nico: fabio.nunes@si.ifbaiano.edu.br A Coordena\u00e7\u00e3o de Extens\u00e3o desenvolve a\u00e7\u00f5es para aproximar o Campus de Santa In\u00eas da comunidade do Vale do Jiquiri\u00e7\u00e1, atrav\u00e9s de programas como \u201cMulheres Mil\u201d e \u201cPronatec\u201d, bem como de editais que estimulam servidores e estudantes do ensino m\u00e9dio, p\u00f3s-m\u00e9dio e [&hellip;]<\/p>\n","protected":false},"author":1,"featured_media":0,"parent":0,"menu_order":0,"comment_status":"closed","ping_status":"closed","template":"","meta":[],"_links":{"self":[{"href":"https:\/\/www.ifbaiano.edu.br\/unidades\/santaines\/wp-json\/wp\/v2\/pages\/6305"}],"collection":[{"href":"https:\/\/www.ifbaiano.edu.br\/unidades\/santaines\/wp-json\/wp\/v2\/pages"}],"about":[{"href":"https:\/\/www.ifbaiano.edu.br\/unidades\/santaines\/wp-json\/wp\/v2\/types\/page"}],"author":[{"embeddable":true,"href":"https:\/\/www.ifbaiano.edu.br\/unidades\/santaines\/wp-json\/wp\/v2\/users\/1"}],"replies":[{"embeddable":true,"href":"https:\/\/www.ifbaiano.edu.br\/unidades\/santaines\/wp-json\/wp\/v2\/comments?post=6305"}],"version-history":[{"count":3,"href":"https:\/\/www.ifbaiano.edu.br\/unidades\/santaines\/wp-json\/wp\/v2\/pages\/6305\/revisions"}],"predecessor-version":[{"id":6336,"href":"https:\/\/www.ifbaiano.edu.br\/unidades\/santaines\/wp-json\/wp\/v2\/pages\/6305\/revisions\/6336"}],"wp:attachment":[{"href":"https:\/\/www.ifbaiano.edu.br\/unidades\/santaines\/wp-json\/wp\/v2\/media?parent=6305"}],"curies":[{"name":"wp","href":"https:\/\/api.w.org\/{rel}","templated":true}]}}