{"id":7924,"date":"2017-06-08T08:16:59","date_gmt":"2017-06-08T11:16:59","guid":{"rendered":"http:\/\/www.ifbaiano.edu.br\/unidades\/santaines\/?page_id=7924"},"modified":"2025-11-13T07:57:32","modified_gmt":"2025-11-13T10:57:32","slug":"manuais-e-normas","status":"publish","type":"page","link":"https:\/\/www.ifbaiano.edu.br\/unidades\/santaines\/manuais-e-normas\/","title":{"rendered":"Manuais e Documentos"},"content":{"rendered":"\n<p>As a\u00e7\u00f5es de comunica\u00e7\u00e3o institucional do Instituto Federal de Educa\u00e7\u00e3o, Ci\u00eancia e Tecnologia Baiano (IF Baiano) s\u00e3o de responsabilidade de Coordena\u00e7\u00e3o de Comunica\u00e7\u00e3o Social, localizada na <a rel=\"noreferrer noopener\" href=\"https:\/\/goo.gl\/CnCFRK\" target=\"_blank\">Reitoria<\/a>.<\/p>\n\n\n\n<p>S\u00e3o objetivos do setor a cria\u00e7\u00e3o, manuten\u00e7\u00e3o e afirma\u00e7\u00e3o da identidade institucional. A comunica\u00e7\u00e3o cumpre o papel de criar um f\u00f3rum de interlocu\u00e7\u00e3o entre estudantes, corpo t\u00e9cnico-administrativo, docentes, dirigentes e comunidade civil. Faz isso por meio de publica\u00e7\u00f5es de fotos e textos em jornais, revistas, prospectos e s\u00edtios eletr\u00f4nicos; uso de redes sociais e contato com a imprensa em geral.<\/p>\n\n\n\n<p>Dada a complexidade da elabora\u00e7\u00e3o de produtos digitais (Portal, s\u00edtios e p\u00e1ginas de destaque), o gerenciamento dos S\u00edtios do IF Baiano \u00e9 uma tarefa multidisciplinar e multifacetada. Nos <em>Campi<\/em>, o N\u00facleo de Comunica\u00e7\u00e3o e Eventos, gerencia o S\u00edtio do Campus.<\/p>\n\n\n\n<hr class=\"wp-block-separator has-alpha-channel-opacity\" \/>\n\n\n\n<p class=\"has-background has-medium-font-size\" style=\"background-color:#ebebeb;border-top:4px solid #36b139\"><strong>Manuais e Documentos Norteadores<\/strong><\/p>\n\n\n\n<p><a href=\"https:\/\/epwg.governoeletronico.gov.br\/cartilha-redacao.html\">Cartilha de reda\u00e7\u00e3o&nbsp;Web<\/a><\/p>\n\n\n\n<p><a href=\"https:\/\/www.ifbaiano.edu.br\/unidades\/santaines\/files\/2022\/09\/USO-DE-IMAGEM-FORMULARIO_PUBLICO-EXTERNO.pdf\">Formul\u00e1rio de cess\u00e3o de uso de imagem &#8211; P\u00fablico Externo<\/a><\/p>\n\n\n\n<p><a rel=\"noreferrer noopener\" href=\"https:\/\/ifbaiano.edu.br\/portal\/wp-content\/uploads\/2022\/06\/USO-DE-IMAGEM-FORMULARIO.pdf\" target=\"_blank\">Formul\u00e1rio de cess\u00e3o e uso de imagem &#8211; P\u00fablico interno<\/a><\/p>\n\n\n\n<p><a rel=\"noreferrer noopener\" href=\"https:\/\/www.ifbaiano.edu.br\/reitoria\/portal\/wp-content\/uploads\/2012\/03\/Padroes-Brasil-e-gov_Guia_Administracao.pdf\" target=\"_blank\">Guia de administra\u00e7\u00e3o de s\u00edtios eletr\u00f4nicos na esfera federal<\/a><\/p>\n\n\n\n<p><a rel=\"\" href=\"https:\/\/ifbaiano.edu.br\/portal\/wp-content\/uploads\/2015\/10\/guia_eventos_rede_federal_2017.pdf\">Guia de Eventos, Cerimonial e Protocolo da Rede Federal<\/a><\/p>\n\n\n\n<p><a rel=\"noreferrer noopener\" href=\"https:\/\/ifbaiano.edu.br\/portal\/wp-content\/uploads\/2015\/10\/guia-de-solicitacoes-comunicacao.pdf\" target=\"_blank\">Guia de Solicita\u00e7\u00f5es<\/a><\/p>\n\n\n\n<p><a href=\"https:\/\/www.ifbaiano.edu.br\/reitoria\/portal\/wp-content\/uploads\/2012\/03\/Guia_Lei_Acesso_2012mar03.pdf\" target=\"_blank\" rel=\"noopener noreferrer\">Guia para cria\u00e7\u00e3o da se\u00e7\u00e3o de acesso \u00e0 informa\u00e7\u00e3o nos s\u00edtios eletr\u00f4nicos dos \u00f3rg\u00e3os e entidades federais<\/a><\/p>\n\n\n\n<p><a rel=\"noopener noreferrer\" href=\"https:\/\/ifbaiano.edu.br\/portal\/wp-content\/uploads\/2015\/12\/IN-n%C2%BA-01-de-29.02.2016ASCOM-Anexo-Resolu%C3%A7%C3%A3o-n%C2%BA-34.2016.pdf\" target=\"_blank\">Instru\u00e7\u00e3o Normativa ASCOM-IF Baiano n\u00b01 de 29\/02\/2016, que disciplina a gest\u00e3o do Portal do Instituto Federal Baiano<\/a><\/p>\n\n\n\n<p><a rel=\"noopener noreferrer\" href=\"http:\/\/www.planalto.gov.br\/ccivil_03\/_Ato2011-2014\/2011\/Lei\/L12527.htm\" target=\"_blank\">Lei de Acesso \u00e0 Informa\u00e7\u00e3o (Lei N\u00ba 12.527, de 18 de novembro de 2011)<\/a><\/p>\n\n\n\n<p><a rel=\"noopener noreferrer\" href=\"https:\/\/www.ifbaiano.edu.br\/reitoria\/portal\/wp-content\/uploads\/2012\/03\/Manual-Basico-de-Publicacao-do-IF-Baiano.pdf\" target=\"_blank\">Manual B\u00e1sico de Publica\u00e7\u00e3o do IF Baiano<\/a><\/p>\n\n\n\n<p><a rel=\"noreferrer noopener\" href=\"https:\/\/ifbaiano.edu.br\/portal\/wp-content\/uploads\/2015\/10\/modelo-apresentacao-if-baiano-2018.ppt\" target=\"_blank\">Modelo de apresenta\u00e7\u00e3o\u00a0digital<\/a><\/p>\n\n\n\n<p><a rel=\"noreferrer noopener\" href=\"https:\/\/www.ifbaiano.edu.br\/reitoria\/portal\/wp-content\/uploads\/2012\/03\/Manual-de-Marcas-PDE.pdf\" target=\"_blank\">Manual de Identidade Visual PDE \u2013 Plano de Desenvolvimento da Educa\u00e7\u00e3o<\/a><\/p>\n\n\n\n<p><a href=\"https:\/\/ifbaiano.edu.br\/portal\/wp-content\/uploads\/2017\/07\/secommanualredessociaisout2012_pdf.pdf\">Manual de Orienta\u00e7\u00e3o para Atua\u00e7\u00e3o em M\u00eddias Sociais<\/a>\u00a0(Secom\/2014)<\/p>\n\n\n\n<p><a href=\"https:\/\/www.ifbaiano.edu.br\/reitoria\/wp-content\/uploads\/2012\/05\/manual-marca-nova-if-baiano-2015.pdf\">Manual de uso da marca \u2013 Edi\u00e7\u00e3o 2015<\/a><\/p>\n\n\n\n<p><a href=\"http:\/\/www.secom.gov.br\/orientacoes-gerais\/publicidade\/manual-governo-federal-setembro2016.pdf\" target=\"_blank\" rel=\"noopener noreferrer\">Manual de uso da marca do Governo Federal<\/a><\/p>\n\n\n\n<hr class=\"wp-block-separator has-alpha-channel-opacity\" \/>\n\n\n\n<p class=\"has-background has-medium-font-size\" style=\"background-color:#ebebeb;border-top:4px solid #36b139\"><strong>Identidade Visual &#8211; Marcas do Campus Santa In\u00eas<\/strong><\/p>(Fonte: Diretoria de Comunica\u00e7\u00e3o Social, Reitoria.)\n\n\n\n<ul>\n<li>Horizontal (<a rel=\"noreferrer noopener\" href=\"https:\/\/ifbaiano.edu.br\/portal\/wp-content\/uploads\/2015\/10\/marca-if-baiano-campus-santa-ines-horizontal.pdf\" target=\"_blank\">PDF<\/a>\u00a0|\u00a0<a rel=\"noreferrer noopener\" href=\"https:\/\/ifbaiano.edu.br\/portal\/wp-content\/uploads\/2015\/10\/marca-if-baiano-campus-santa-ines-horizontal.png\" target=\"_blank\">PNG<\/a>)<\/li>\n<\/ul>\n\n\n\n<ul>\n<li>Vertical (<a rel=\"noopener noreferrer\" href=\"https:\/\/ifbaiano.edu.br\/portal\/wp-content\/uploads\/2015\/10\/marca-if-baiano-campus-santa-ines-vertical.pdf\" target=\"_blank\">PDF<\/a>\u00a0|\u00a0<a rel=\"noopener noreferrer\" href=\"https:\/\/ifbaiano.edu.br\/portal\/wp-content\/uploads\/2015\/10\/marca-if-baiano-campus-santa-ines-vertical.png\" target=\"_blank\">PNG<\/a>)<\/li>\n<\/ul>\n\n\n\n<hr class=\"wp-block-separator has-alpha-channel-opacity\" \/>\n\n\n\n<p class=\"has-background has-medium-font-size\" style=\"background-color:#ebebeb;border-top:4px solid #36b139\"><strong>Orienta\u00e7\u00f5es<\/strong><\/p>\n\n\n\n<p><a href=\"http:\/\/www.ifbaiano.edu.br\/reitoria\/wp-content\/uploads\/2012\/05\/manual-marca-nova-if-baiano-2015.pdf\">Manual de uso da marca \u2013 Edi\u00e7\u00e3o 2015<\/a><\/p>\n\n\n\n<p><a href=\"http:\/\/www.secom.gov.br\/orientacoes-gerais\/publicidade\/manual-governo-federal-setembro2016.pdf\" target=\"_blank\" rel=\"noopener noreferrer\">Manual de uso da marca do Governo Federal<\/a><\/p>\n\n\n\n<p><a rel=\"noopener noreferrer\" href=\"http:\/\/www.ifbaiano.edu.br\/reitoria\/portal\/wp-content\/uploads\/2012\/03\/Manual-de-Marcas-PDE.pdf\" target=\"_blank\">Manual de Identidade Visual PDE \u2013 Plano de Desenvolvimento da Educa\u00e7\u00e3o<\/a><\/p>\n\n\n\n<hr class=\"wp-block-separator has-alpha-channel-opacity\" \/>\n\n\n\n<hr class=\"wp-block-separator has-alpha-channel-opacity\" \/>\n\n\n\n<p>Fonte: Diretoria de Comunica\u00e7\u00e3o Social, Reitoria.<\/p>\n\n\n\n<p>Dispon\u00edvel em: <a href=\"https:\/\/ifbaiano.edu.br\/portal\/comunicacaosala-de-imprensa\/\">http:\/\/ifbaiano.edu.br\/portal\/comunicacaosala-de-imprensa\/<\/a><\/p>\n\n\n\n<hr class=\"wp-block-separator has-alpha-channel-opacity\" \/>\n\n\n\n<p class=\"has-background has-medium-font-size\" style=\"background-color:#ebebeb;border-top:4px solid #36b139\"><strong>Fale com a gente<\/strong><\/p>\n\n\n\n<p>E-mail:\u00a0<a href=\"mailto:comunicacao@ifbaiano.edu.br\">comunicacao@ifbaiano.edu.br<\/a><\/p>\n\n\n\n<p>Tel.: (71) 3186-0001<\/p>\n\n\n\n<p>Hor\u00e1rio de funcionamento: 8h \u00e0s 17h<\/p>\n\n\n\n<hr class=\"wp-block-separator has-alpha-channel-opacity\" \/>\n\n\n\n<h4 class=\"wp-block-heading\"><strong>Equipe:<\/strong><\/h4>\n\n\n\n<p><strong>Diretora de Comunica\u00e7\u00e3o<\/strong> &#8211;&nbsp;Cristina Mascarenhas: cristina.mascarenhas@ifbaiano.edu.br<\/p>\n\n\n\n<p><strong>Rela\u00e7\u00f5es P\u00fablicas<\/strong> &#8211;&nbsp;Cassia Maria Souza Costa: cassia.costa@ifbaiano.edu.br<\/p>\n\n\n\n<p>Ana\u00e9li Bastos: anaeli.bastos@ifbaiano.edu.br<\/p>\n\n\n\n<p><strong>Jornalismo \/ Produ\u00e7\u00e3o Cultural<\/strong> &#8211;&nbsp;Bianca Ferreira Brito: bianca.brito@ifbaiano.edu.br<\/p>\n\n\n\n<p>Rhamayana Barros Barreto: rhamayana.barreto@ifbaiano.edu.br<\/p>\n\n\n\n<p>Val\u00e9ria dos Santos Nascimento: valeria.nascimento@ifbaiano.edu.br<\/p>\n\n\n\n<p><strong>Redes Sociais:<\/strong> Danielle Vieira da Silva: danielle.silva@ifbaiano.edu.br<\/p>\n\n\n\n<p><strong>Produ\u00e7\u00e3o Audiovisual<\/strong> &#8211;&nbsp;Adriano Veloso Seixas: adriano.seixas@ifbaiano.edu.br<\/p>\n\n\n\n<p>Glauco Neves de Meneses: glauco.meneses@ifbaiano.edu.br<\/p>\n\n\n\n<p>Vinicius de Jesus Almeida: vinicius.almeida@ifbaiano.edu.br<\/p>\n\n\n\n<p><strong>Publicidade<\/strong> &#8211; Welton Mota: welton.mota@ifbaiano.edu.br<\/p>\n\n\n\n<p><strong>Programa\u00e7\u00e3o Visual<\/strong> &#8211;&nbsp;Pedro Fernandes: pedro.fernandes@ifbaiano.edu.br<\/p>\n\n\n\n<p>Thiago Nascimento: thiago.santos@ifbaiano.edu.br<\/p>\n\n\n\n<p><\/p>\n\n\n\n<hr class=\"wp-block-separator has-alpha-channel-opacity is-style-dots\" \/>\n","protected":false},"excerpt":{"rendered":"<p>As a\u00e7\u00f5es de comunica\u00e7\u00e3o institucional do Instituto Federal de Educa\u00e7\u00e3o, Ci\u00eancia e Tecnologia Baiano (IF Baiano) s\u00e3o de responsabilidade de Coordena\u00e7\u00e3o de Comunica\u00e7\u00e3o Social, localizada na Reitoria. S\u00e3o objetivos do setor a cria\u00e7\u00e3o, manuten\u00e7\u00e3o e afirma\u00e7\u00e3o da identidade institucional. A comunica\u00e7\u00e3o cumpre o papel de criar um f\u00f3rum de interlocu\u00e7\u00e3o entre estudantes, corpo t\u00e9cnico-administrativo, docentes, [&hellip;]<\/p>\n","protected":false},"author":86,"featured_media":0,"parent":0,"menu_order":0,"comment_status":"closed","ping_status":"closed","template":"","meta":[],"_links":{"self":[{"href":"https:\/\/www.ifbaiano.edu.br\/unidades\/santaines\/wp-json\/wp\/v2\/pages\/7924"}],"collection":[{"href":"https:\/\/www.ifbaiano.edu.br\/unidades\/santaines\/wp-json\/wp\/v2\/pages"}],"about":[{"href":"https:\/\/www.ifbaiano.edu.br\/unidades\/santaines\/wp-json\/wp\/v2\/types\/page"}],"author":[{"embeddable":true,"href":"https:\/\/www.ifbaiano.edu.br\/unidades\/santaines\/wp-json\/wp\/v2\/users\/86"}],"replies":[{"embeddable":true,"href":"https:\/\/www.ifbaiano.edu.br\/unidades\/santaines\/wp-json\/wp\/v2\/comments?post=7924"}],"version-history":[{"count":32,"href":"https:\/\/www.ifbaiano.edu.br\/unidades\/santaines\/wp-json\/wp\/v2\/pages\/7924\/revisions"}],"predecessor-version":[{"id":26301,"href":"https:\/\/www.ifbaiano.edu.br\/unidades\/santaines\/wp-json\/wp\/v2\/pages\/7924\/revisions\/26301"}],"wp:attachment":[{"href":"https:\/\/www.ifbaiano.edu.br\/unidades\/santaines\/wp-json\/wp\/v2\/media?parent=7924"}],"curies":[{"name":"wp","href":"https:\/\/api.w.org\/{rel}","templated":true}]}}