{"id":7978,"date":"2017-06-13T11:04:44","date_gmt":"2017-06-13T14:04:44","guid":{"rendered":"http:\/\/www.ifbaiano.edu.br\/unidades\/santaines\/?page_id=7978"},"modified":"2025-07-24T10:10:15","modified_gmt":"2025-07-24T13:10:15","slug":"espaco-do-aluno","status":"publish","type":"page","link":"https:\/\/www.ifbaiano.edu.br\/unidades\/santaines\/espaco-do-aluno\/","title":{"rendered":"Espa\u00e7o do Estudante"},"content":{"rendered":"<div id=\"_mcePaste\">\n<hr \/>\n<\/div>\n<div><a href=\"http:\/\/www.ifbaiano.edu.br\/unidades\/santaines\/files\/2020\/01\/Espa\u00e7o-do-Estudante-1.jpg\"><img decoding=\"async\" loading=\"lazy\" class=\"alignleft size-full wp-image-13130\" src=\"http:\/\/www.ifbaiano.edu.br\/unidades\/santaines\/files\/2020\/01\/Espa\u00e7o-do-Estudante-1.jpg\" alt=\"\" width=\"718\" height=\"273\" \/><\/a><\/div>\n<div><\/div>\n<div>\n<hr \/>\n<\/div>\n<table style=\"height: 108px\" width=\"743\" cellspacing=\"0\" cellpadding=\"4\">\n<colgroup>\n<col width=\"51*\" \/>\n<col width=\"51*\" \/>\n<col width=\"51*\" \/>\n<col width=\"51*\" \/>\n<col width=\"51*\" \/> <\/colgroup>\n<tbody>\n<tr valign=\"top\">\n<td width=\"20%\"><a href=\"http:\/\/www.ifbaiano.edu.br\/unidades\/santaines\/nucleo-de-nutricao-e-saude\/\" target=\"_blank\" rel=\"noopener noreferrer\"><img decoding=\"async\" loading=\"lazy\" class=\"aligncenter wp-image-8687\" src=\"http:\/\/www.ifbaiano.edu.br\/unidades\/santaines\/files\/2017\/06\/Assist\u00eancia-\u00e0-sa\u00fade-1.png\" alt=\"Assist\u00eancia \u00e0 sa\u00fade\" width=\"84\" height=\"96\" \/><\/a><\/td>\n<td width=\"20%\"><a href=\"http:\/\/www.ifbaiano.edu.br\/unidades\/santaines\/alunos-assistencia-estudantil\/\" target=\"_blank\" rel=\"noopener noreferrer\"><img decoding=\"async\" loading=\"lazy\" class=\"aligncenter wp-image-8700\" src=\"http:\/\/www.ifbaiano.edu.br\/unidades\/santaines\/files\/2017\/06\/Assist\u00eancia-Estudantil-3.png\" alt=\"Assist\u00eancia Estudantil\" width=\"78\" height=\"99\" \/><\/a><\/td>\n<td width=\"20%\"><a href=\"http:\/\/ifbaiano.edu.br\/portal\/estudante\/bibliobaiano\/\" target=\"_blank\" rel=\"noopener noreferrer\"><img decoding=\"async\" loading=\"lazy\" class=\"aligncenter wp-image-8993\" src=\"http:\/\/www.ifbaiano.edu.br\/unidades\/santaines\/files\/2017\/06\/Bibliobaiano.png\" alt=\"Bibliobaiano\" width=\"76\" height=\"84\" \/><\/a><\/td>\n<td width=\"20%\"><a href=\"https:\/\/www.ifbaiano.edu.br\/unidades\/santaines\/ce-coordenacao-de-ensino\/\" target=\"_blank\" rel=\"noopener noreferrer\"><img decoding=\"async\" loading=\"lazy\" class=\"aligncenter wp-image-8691\" src=\"http:\/\/www.ifbaiano.edu.br\/unidades\/santaines\/files\/2017\/06\/Calend\u00e1rio-Acad\u00eamico-1.png\" alt=\"Calend\u00e1rios Acad\u00eamicos\" width=\"78\" height=\"87\" \/><\/a><\/td>\n<td width=\"20%\"><a href=\"http:\/\/www.ifbaiano.edu.br\/unidades\/santaines\/alunos-estagio\/\" target=\"_blank\" rel=\"noopener noreferrer\"><img decoding=\"async\" loading=\"lazy\" class=\"aligncenter wp-image-8704\" src=\"http:\/\/www.ifbaiano.edu.br\/unidades\/santaines\/files\/2017\/06\/Est\u00e1gio-2.png\" alt=\"Est\u00e1gio\" width=\"78\" height=\"98\" \/><\/a><\/td>\n<\/tr>\n<\/tbody>\n<\/table>\n<hr \/>\n<table style=\"height: 79px\" width=\"743\" cellspacing=\"0\" cellpadding=\"4\">\n<colgroup>\n<col width=\"51*\" \/>\n<col width=\"51*\" \/>\n<col width=\"51*\" \/>\n<col width=\"51*\" \/>\n<col width=\"51*\" \/> <\/colgroup>\n<tbody>\n<tr valign=\"top\">\n<td width=\"20%\"><a href=\"http:\/\/www.ifbaiano.edu.br\/unidades\/santaines\/horario-de-aulas\/\"><img decoding=\"async\" loading=\"lazy\" class=\"alignleft wp-image-10462\" src=\"http:\/\/www.ifbaiano.edu.br\/unidades\/santaines\/files\/2018\/06\/Hor\u00e1rios-de-Aulas.jpg\" alt=\"Hor\u00e1rios de Aulas\" width=\"102\" height=\"87\" \/><\/a><\/td>\n<td width=\"20%\"><a href=\"https:\/\/www.ifbaiano.edu.br\/unidades\/santaines\/horarios-de-aulas-cursos-tecnicos\/\"><img decoding=\"async\" loading=\"lazy\" class=\"aligncenter\" src=\"https:\/\/www.ifbaiano.edu.br\/unidades\/santaines\/files\/2020\/11\/4be20cdc-5b36-4cec-a012-fd0c48e78f7f.jpg\" width=\"109\" height=\"92\" \/><\/a><\/td>\n<td width=\"20%\"><a href=\"https:\/\/www.ifbaiano.edu.br\/unidades\/santaines\/files\/2024\/09\/HORARIO-DE-ONIBUS-SAINDO-DE-SANTA-INES.pdf\"><img decoding=\"async\" loading=\"lazy\" class=\"aligncenter wp-image-8699\" src=\"http:\/\/www.ifbaiano.edu.br\/unidades\/santaines\/files\/2017\/06\/Hor\u00e1rios-de-\u00f4nibus.png\" alt=\"Hor\u00e1rios de \u00f4nibus\" width=\"75\" height=\"88\" \/><\/a><\/td>\n<td width=\"20%\"><a href=\"http:\/\/www.ifbaiano.edu.br\/unidades\/santaines\/manuais-academicos\/\" target=\"_blank\" rel=\"noopener noreferrer\"><img decoding=\"async\" loading=\"lazy\" class=\"aligncenter wp-image-8698\" src=\"http:\/\/www.ifbaiano.edu.br\/unidades\/santaines\/files\/2017\/06\/Manuais-Acad\u00eamicos-3.png\" alt=\"Manuais Acad\u00eamicos\" width=\"90\" height=\"94\" \/><\/a><\/td>\n<td width=\"20%\"><a href=\"http:\/\/ifbaiano.edu.br\/portal\/estudante\/perguntas-frequentes-politica-de-assistencia-estudantil\/\" target=\"_blank\" rel=\"noopener noreferrer\"><img decoding=\"async\" loading=\"lazy\" class=\"aligncenter wp-image-8688\" src=\"http:\/\/www.ifbaiano.edu.br\/unidades\/santaines\/files\/2017\/06\/Perguntas-Frequentes-1.png\" alt=\"Perguntas Frequentes\" width=\"75\" height=\"105\" \/><\/a><\/td>\n<\/tr>\n<\/tbody>\n<\/table>\n<hr \/>\n<table style=\"height: 108px\" width=\"743\" cellspacing=\"0\" cellpadding=\"4\">\n<tbody>\n<tr valign=\"top\">\n<td width=\"20%\"><a href=\"http:\/\/www.ifbaiano.edu.br\/unidades\/santaines\/requerimentos_portal-do-aluno\/\" target=\"_blank\" rel=\"noopener noreferrer\"><img decoding=\"async\" loading=\"lazy\" class=\"aligncenter wp-image-8702 \" src=\"http:\/\/www.ifbaiano.edu.br\/unidades\/santaines\/files\/2017\/06\/requerimentos-3.png\" alt=\"requerimentos\" width=\"101\" height=\"94\" \/><\/a><\/td>\n<td width=\"20%\"><a href=\"http:\/\/www.ifbaiano.edu.br\/unidades\/santaines\/residencia-estudantil\/\" target=\"_blank\" rel=\"noopener noreferrer\"><img decoding=\"async\" loading=\"lazy\" class=\"aligncenter wp-image-8706\" src=\"http:\/\/www.ifbaiano.edu.br\/unidades\/santaines\/files\/2017\/06\/Resid\u00eancia.png\" alt=\"Resid\u00eancia\" width=\"82\" height=\"91\" \/><\/a><\/td>\n<td width=\"20%\"><a href=\"https:\/\/www.ifbaiano.edu.br\/unidades\/santaines\/gremio-estudantil-carlos-lamarca\/\" target=\"_blank\" rel=\"noopener\"><img decoding=\"async\" loading=\"lazy\" class=\"aligncenter wp-image-22998\" src=\"https:\/\/www.ifbaiano.edu.br\/unidades\/santaines\/files\/2024\/12\/GECL.png\" alt=\"GR\u00caMIO ESTUDANTIL CARLOS LAMARCA\n\" width=\"113\" height=\"91\" \/><\/a><\/td>\n<td width=\"20%\"><\/td>\n<td width=\"20%\"><\/td>\n<\/tr>\n<\/tbody>\n<\/table>\n<hr \/>\n<table style=\"height: 79px\" width=\"743\" cellspacing=\"0\" cellpadding=\"4\">\n<colgroup>\n<col width=\"51*\" \/>\n<col width=\"51*\" \/>\n<col width=\"51*\" \/>\n<col width=\"51*\" \/>\n<col width=\"51*\" \/><\/colgroup>\n<tbody>\n<tr valign=\"top\">\n<td width=\"20%\"><\/td>\n<td width=\"20%\"><\/td>\n<td width=\"20%\"><\/td>\n<td width=\"20%\"><\/td>\n<td width=\"20%\"><\/td>\n<\/tr>\n<\/tbody>\n<\/table>\n<p><a href=\"http:\/\/www.ifbaiano.edu.br\/unidades\/santaines\/files\/2017\/06\/BARRA.jpg\"><img decoding=\"async\" loading=\"lazy\" class=\"alignnone size-full wp-image-9326\" src=\"http:\/\/www.ifbaiano.edu.br\/unidades\/santaines\/files\/2017\/06\/BARRA.jpg\" alt=\"BARRA\" width=\"742\" height=\"36\" \/><\/a><\/p>\n<hr \/>\n<table width=\"100%\" cellspacing=\"0\" cellpadding=\"4\">\n<colgroup>\n<col width=\"51*\" \/>\n<col width=\"51*\" \/>\n<col width=\"51*\" \/>\n<col width=\"51*\" \/>\n<col width=\"51*\" \/> <\/colgroup>\n<tbody>\n<tr valign=\"top\">\n<td width=\"20%\"><\/td>\n<td width=\"20%\"><\/td>\n<td width=\"20%\"><\/td>\n<td width=\"20%\"><\/td>\n<td width=\"20%\"><\/td>\n<\/tr>\n<\/tbody>\n<\/table>\n","protected":false},"excerpt":{"rendered":"","protected":false},"author":86,"featured_media":0,"parent":0,"menu_order":0,"comment_status":"closed","ping_status":"closed","template":"","meta":[],"_links":{"self":[{"href":"https:\/\/www.ifbaiano.edu.br\/unidades\/santaines\/wp-json\/wp\/v2\/pages\/7978"}],"collection":[{"href":"https:\/\/www.ifbaiano.edu.br\/unidades\/santaines\/wp-json\/wp\/v2\/pages"}],"about":[{"href":"https:\/\/www.ifbaiano.edu.br\/unidades\/santaines\/wp-json\/wp\/v2\/types\/page"}],"author":[{"embeddable":true,"href":"https:\/\/www.ifbaiano.edu.br\/unidades\/santaines\/wp-json\/wp\/v2\/users\/86"}],"replies":[{"embeddable":true,"href":"https:\/\/www.ifbaiano.edu.br\/unidades\/santaines\/wp-json\/wp\/v2\/comments?post=7978"}],"version-history":[{"count":61,"href":"https:\/\/www.ifbaiano.edu.br\/unidades\/santaines\/wp-json\/wp\/v2\/pages\/7978\/revisions"}],"predecessor-version":[{"id":24681,"href":"https:\/\/www.ifbaiano.edu.br\/unidades\/santaines\/wp-json\/wp\/v2\/pages\/7978\/revisions\/24681"}],"wp:attachment":[{"href":"https:\/\/www.ifbaiano.edu.br\/unidades\/santaines\/wp-json\/wp\/v2\/media?parent=7978"}],"curies":[{"name":"wp","href":"https:\/\/api.w.org\/{rel}","templated":true}]}}