{"id":8887,"date":"2017-09-25T16:46:10","date_gmt":"2017-09-25T19:46:10","guid":{"rendered":"http:\/\/www.ifbaiano.edu.br\/unidades\/santaines\/?page_id=8887"},"modified":"2017-09-25T16:46:10","modified_gmt":"2017-09-25T19:46:10","slug":"programa-de-assistencia-e-inclusao-social-do-estudante-paise","status":"publish","type":"page","link":"https:\/\/www.ifbaiano.edu.br\/unidades\/santaines\/programa-de-assistencia-e-inclusao-social-do-estudante-paise\/","title":{"rendered":"Programa de Assist\u00eancia e Inclus\u00e3o Social do Estudante (PAISE)"},"content":{"rendered":"<hr \/>\n<p align=\"JUSTIFY\">O PAISE \u00e9 um Programa de Assist\u00eancia e Inclus\u00e3o Social do Estudante. Observando as normas e possibilidades do Campus,\u00a0\u00e9 composto de uma s\u00e9rie de benef\u00edcios destinados aos estudantes regularmente matriculados, que possuam renda per capita de at\u00e9 um sal\u00e1rio m\u00ednimo e meio vigente, com a finalidade de propiciar a perman\u00eancia dos mesmos na institui\u00e7\u00e3o durante os anos destinados ao processo formativo do curso escolhido.<\/p>\n<p align=\"JUSTIFY\">S\u00e3o aux\u00edlios ofertados pelo PAISE: Aux\u00edlio Moradia; aux\u00edlio\u00a0alimenta\u00e7\u00e3o; aux\u00edlio\u00a0transporte; aux\u00edlio\u00a0material\u00a0acad\u00eamico; aux\u00edlio\u00a0uniforme; aux\u00edlio\u00a0c\u00f3pia e\u00a0impress\u00e3o; aux\u00edlio perman\u00eancia; aux\u00edlio creche; aux\u00edlio eventual e aux\u00edlio Proeja.<\/p>\n<p align=\"JUSTIFY\">Esses aux\u00edlios n\u00e3o\u00a0s\u00e3o acumulativos, exceto os aux\u00edlios material acad\u00eamico, c\u00f3pia e impress\u00e3o e uniforme.<\/p>\n<hr \/>\n<p align=\"JUSTIFY\">\n","protected":false},"excerpt":{"rendered":"<p>O PAISE \u00e9 um Programa de Assist\u00eancia e Inclus\u00e3o Social do Estudante. Observando as normas e possibilidades do Campus,\u00a0\u00e9 composto de uma s\u00e9rie de benef\u00edcios destinados aos estudantes regularmente matriculados, que possuam renda per capita de at\u00e9 um sal\u00e1rio m\u00ednimo e meio vigente, com a finalidade de propiciar a perman\u00eancia dos mesmos na institui\u00e7\u00e3o durante [&hellip;]<\/p>\n","protected":false},"author":86,"featured_media":0,"parent":0,"menu_order":0,"comment_status":"closed","ping_status":"closed","template":"","meta":[],"_links":{"self":[{"href":"https:\/\/www.ifbaiano.edu.br\/unidades\/santaines\/wp-json\/wp\/v2\/pages\/8887"}],"collection":[{"href":"https:\/\/www.ifbaiano.edu.br\/unidades\/santaines\/wp-json\/wp\/v2\/pages"}],"about":[{"href":"https:\/\/www.ifbaiano.edu.br\/unidades\/santaines\/wp-json\/wp\/v2\/types\/page"}],"author":[{"embeddable":true,"href":"https:\/\/www.ifbaiano.edu.br\/unidades\/santaines\/wp-json\/wp\/v2\/users\/86"}],"replies":[{"embeddable":true,"href":"https:\/\/www.ifbaiano.edu.br\/unidades\/santaines\/wp-json\/wp\/v2\/comments?post=8887"}],"version-history":[{"count":1,"href":"https:\/\/www.ifbaiano.edu.br\/unidades\/santaines\/wp-json\/wp\/v2\/pages\/8887\/revisions"}],"predecessor-version":[{"id":8888,"href":"https:\/\/www.ifbaiano.edu.br\/unidades\/santaines\/wp-json\/wp\/v2\/pages\/8887\/revisions\/8888"}],"wp:attachment":[{"href":"https:\/\/www.ifbaiano.edu.br\/unidades\/santaines\/wp-json\/wp\/v2\/media?parent=8887"}],"curies":[{"name":"wp","href":"https:\/\/api.w.org\/{rel}","templated":true}]}}