{"id":9470,"date":"2018-01-25T09:47:04","date_gmt":"2018-01-25T12:47:04","guid":{"rendered":"http:\/\/www.ifbaiano.edu.br\/unidades\/santaines\/?page_id=9470"},"modified":"2018-02-08T12:50:52","modified_gmt":"2018-02-08T15:50:52","slug":"modalidade-chamada-publica","status":"publish","type":"page","link":"https:\/\/www.ifbaiano.edu.br\/unidades\/santaines\/modalidade-chamada-publica\/","title":{"rendered":"Modalidade: DISPENSA DE LICITA\u00c7\u00c3O\/2017"},"content":{"rendered":"<hr \/>\n<p style=\"text-align: justify\"><strong><span style=\"text-decoration: underline\">Chamada P\u00fablica n\u00ba 01\/2017<\/span><\/strong> &#8211;\u00a0Aquisi\u00e7\u00e3o de g\u00eaneros aliment\u00edcios da agricultura familiar para o atendimento ao Programa de Aquisi\u00e7\u00e3o de Alimentos PAA<\/p>\n<p style=\"text-align: justify\"><a href=\"http:\/\/www.ifbaiano.edu.br\/unidades\/santaines\/files\/2018\/01\/Edital-Chamada-P\u00fablica-01-2017.pdf\">Edital Chamada P\u00fablica 01-2017<\/a><\/p>\n<p style=\"text-align: justify\"><a href=\"http:\/\/www.ifbaiano.edu.br\/unidades\/santaines\/files\/2018\/01\/Termo-de-Adjudica\u00e7\u00e3o-Homologa\u00e7\u00e3o-Chamada-P\u00fablica-n\u00famero-01-2017.pdf\">Termo de Adjudica\u00e7\u00e3o &#8211; Homologa\u00e7\u00e3o Chamada P\u00fablica n\u00famero 01-2017<\/a><\/p>\n<p style=\"text-align: justify\"><a href=\"http:\/\/www.ifbaiano.edu.br\/unidades\/santaines\/files\/2018\/01\/Ata-da-Chamada-P\u00fablica-n\u00famero-01-2017.pdf\">Ata da Chamada P\u00fablica n\u00famero 01-2017<\/a><\/p>\n<p style=\"text-align: justify\"><a href=\"http:\/\/www.ifbaiano.edu.br\/unidades\/santaines\/files\/2018\/01\/Ata-Complementar-Chamada-P\u00fablica-n\u00famero-01-2017.pdf\">Ata Complementar &#8211; Chamada P\u00fablica n\u00famero 01-2017<\/a><\/p>\n<hr \/>\n<p style=\"text-align: justify\"><strong><span style=\"text-decoration: underline\">Chamada P\u00fablica n\u00ba 02\/2017<\/span><\/strong> &#8211;\u00a0Aquisi\u00e7\u00e3o de g\u00eaneros aliment\u00edcios da agricultura familiar para o atendimento ao Programa Nacional de Alimenta\u00e7\u00e3o Escolar &#8211; PNAE<\/p>\n<p style=\"text-align: justify\"><a href=\"http:\/\/www.ifbaiano.edu.br\/unidades\/santaines\/files\/2017\/08\/Edital-Chamada-P\u00fablica-02-2017-PNAE.pdf\">Edital Chamada P\u00fablica 02 2017 PNAE<\/a><\/p>\n<p style=\"text-align: justify\"><a href=\"http:\/\/www.ifbaiano.edu.br\/unidades\/santaines\/files\/2018\/01\/Adjudica\u00e7\u00e3o-Homologa\u00e7\u00e3o-Chamada-P\u00fablica-02-2017.pdf\">Adjudica\u00e7\u00e3o-Homologa\u00e7\u00e3o Chamada P\u00fablica 02-2017<\/a><a href=\"http:\/\/www.ifbaiano.edu.br\/unidades\/santaines\/files\/2018\/01\/Ata-da-Chamada-P\u00fablica-02-2017.pdf\">\u00a0<\/a><\/p>\n<p style=\"text-align: justify\"><a href=\"http:\/\/www.ifbaiano.edu.br\/unidades\/santaines\/files\/2018\/01\/Ata-da-Chamada-P\u00fablica-02-2017.pdf\">Ata da Chamada P\u00fablica 02-2017<\/a><\/p>\n<hr \/>\n<p>&nbsp;<\/p>\n","protected":false},"excerpt":{"rendered":"<p>Chamada P\u00fablica n\u00ba 01\/2017 &#8211;\u00a0Aquisi\u00e7\u00e3o de g\u00eaneros aliment\u00edcios da agricultura familiar para o atendimento ao Programa de Aquisi\u00e7\u00e3o de Alimentos PAA Edital Chamada P\u00fablica 01-2017 Termo de Adjudica\u00e7\u00e3o &#8211; Homologa\u00e7\u00e3o Chamada P\u00fablica n\u00famero 01-2017 Ata da Chamada P\u00fablica n\u00famero 01-2017 Ata Complementar &#8211; Chamada P\u00fablica n\u00famero 01-2017 Chamada P\u00fablica n\u00ba 02\/2017 &#8211;\u00a0Aquisi\u00e7\u00e3o de g\u00eaneros aliment\u00edcios [&hellip;]<\/p>\n","protected":false},"author":86,"featured_media":0,"parent":0,"menu_order":0,"comment_status":"closed","ping_status":"closed","template":"","meta":[],"_links":{"self":[{"href":"https:\/\/www.ifbaiano.edu.br\/unidades\/santaines\/wp-json\/wp\/v2\/pages\/9470"}],"collection":[{"href":"https:\/\/www.ifbaiano.edu.br\/unidades\/santaines\/wp-json\/wp\/v2\/pages"}],"about":[{"href":"https:\/\/www.ifbaiano.edu.br\/unidades\/santaines\/wp-json\/wp\/v2\/types\/page"}],"author":[{"embeddable":true,"href":"https:\/\/www.ifbaiano.edu.br\/unidades\/santaines\/wp-json\/wp\/v2\/users\/86"}],"replies":[{"embeddable":true,"href":"https:\/\/www.ifbaiano.edu.br\/unidades\/santaines\/wp-json\/wp\/v2\/comments?post=9470"}],"version-history":[{"count":7,"href":"https:\/\/www.ifbaiano.edu.br\/unidades\/santaines\/wp-json\/wp\/v2\/pages\/9470\/revisions"}],"predecessor-version":[{"id":9670,"href":"https:\/\/www.ifbaiano.edu.br\/unidades\/santaines\/wp-json\/wp\/v2\/pages\/9470\/revisions\/9670"}],"wp:attachment":[{"href":"https:\/\/www.ifbaiano.edu.br\/unidades\/santaines\/wp-json\/wp\/v2\/media?parent=9470"}],"curies":[{"name":"wp","href":"https:\/\/api.w.org\/{rel}","templated":true}]}}