{"id":1866,"date":"2018-01-25T13:18:30","date_gmt":"2018-01-25T13:18:30","guid":{"rendered":"http:\/\/www.ifbaiano.edu.br\/unidades\/serrinha\/?page_id=1866"},"modified":"2019-02-27T12:10:28","modified_gmt":"2019-02-27T12:10:28","slug":"acervo","status":"publish","type":"page","link":"https:\/\/www.ifbaiano.edu.br\/unidades\/serrinha\/acervo\/","title":{"rendered":"Acervo"},"content":{"rendered":"<ul>\n<li>\n<p class=\"western\"><span style=\"font-family: 'Times New Roman', serif\"><span style=\"font-size: large\"><b>Consulta ao Acervo <\/b><\/span><\/span><\/p>\n<\/li>\n<\/ul>\n<p><a href=\"http:\/\/pergamum.ifbaiano.edu.br\/pergamum\/biblioteca\/index.php\">Acesso ao Pergamum<\/a><\/p>\n<p class=\"western\"><a href=\"http:\/\/www.ifbaiano.edu.br\/unidades\/serrinha\/files\/2019\/02\/P\u00e1gina-do-Pergamum.png\"><img decoding=\"async\" loading=\"lazy\" class=\"alignnone size-full wp-image-2927\" src=\"http:\/\/www.ifbaiano.edu.br\/unidades\/serrinha\/files\/2019\/02\/P\u00e1gina-do-Pergamum.png\" alt=\"P\u00e1gina do Pergamum\" width=\"1591\" height=\"818\" \/><\/a><\/p>\n<ul>\n<li class=\"western\"><strong><span style=\"font-family: 'Times New Roman', serif\"><span style=\"font-size: large\">Guia de Utiliza\u00e7\u00e3o do Pergamum<\/span><\/span><\/strong><\/li>\n<\/ul>\n<p><a href=\"http:\/\/www.ifbaiano.edu.br\/unidades\/serrinha\/files\/2018\/01\/Guia-de-Pesquisa-na-Base-do-Pergamum.pdf\">Guia de Pesquisa na Base do Pergamum<\/a><\/p>\n<ul>\n<li class=\"western\"><strong><span style=\"font-family: 'Times New Roman', serif\"><span style=\"font-size: large\">Guia de Utiliza\u00e7\u00e3o da Biblioteca<\/span><\/span><\/strong><\/li>\n<\/ul>\n<p class=\"western\"><a href=\"http:\/\/www.ifbaiano.edu.br\/unidades\/serrinha\/files\/2019\/02\/GUIA-DA-BIBLIOTECA-IFBAIANO-CAMPUS-SERRINHA.pdf\">Guia de Utiliza\u00e7\u00e3o da Biblioteca<\/a><\/p>\n","protected":false},"excerpt":{"rendered":"<p>Consulta ao Acervo Acesso ao Pergamum Guia de Utiliza\u00e7\u00e3o do Pergamum Guia de Pesquisa na Base do Pergamum Guia de Utiliza\u00e7\u00e3o da Biblioteca Guia de Utiliza\u00e7\u00e3o da Biblioteca<\/p>\n","protected":false},"author":92,"featured_media":0,"parent":0,"menu_order":0,"comment_status":"closed","ping_status":"closed","template":"","meta":[],"_links":{"self":[{"href":"https:\/\/www.ifbaiano.edu.br\/unidades\/serrinha\/wp-json\/wp\/v2\/pages\/1866"}],"collection":[{"href":"https:\/\/www.ifbaiano.edu.br\/unidades\/serrinha\/wp-json\/wp\/v2\/pages"}],"about":[{"href":"https:\/\/www.ifbaiano.edu.br\/unidades\/serrinha\/wp-json\/wp\/v2\/types\/page"}],"author":[{"embeddable":true,"href":"https:\/\/www.ifbaiano.edu.br\/unidades\/serrinha\/wp-json\/wp\/v2\/users\/92"}],"replies":[{"embeddable":true,"href":"https:\/\/www.ifbaiano.edu.br\/unidades\/serrinha\/wp-json\/wp\/v2\/comments?post=1866"}],"version-history":[{"count":11,"href":"https:\/\/www.ifbaiano.edu.br\/unidades\/serrinha\/wp-json\/wp\/v2\/pages\/1866\/revisions"}],"predecessor-version":[{"id":2930,"href":"https:\/\/www.ifbaiano.edu.br\/unidades\/serrinha\/wp-json\/wp\/v2\/pages\/1866\/revisions\/2930"}],"wp:attachment":[{"href":"https:\/\/www.ifbaiano.edu.br\/unidades\/serrinha\/wp-json\/wp\/v2\/media?parent=1866"}],"curies":[{"name":"wp","href":"https:\/\/api.w.org\/{rel}","templated":true}]}}