{"id":237,"date":"2015-10-21T20:29:16","date_gmt":"2015-10-21T20:29:16","guid":{"rendered":"http:\/\/www.ifbaiano.edu.br\/unidades\/serrinha\/?page_id=237"},"modified":"2024-01-02T10:41:06","modified_gmt":"2024-01-02T13:41:06","slug":"agroindustria","status":"publish","type":"page","link":"https:\/\/www.ifbaiano.edu.br\/unidades\/serrinha\/agroindustria\/","title":{"rendered":"Agroind\u00fastria"},"content":{"rendered":"<p><b>Informa\u00e7\u00f5es sobre o curso T\u00e9cnico em Agroind\u00fastria \u2013 PROEJA<\/b><\/p>\n<p><a href=\"https:\/\/www.ifbaiano.edu.br\/unidades\/serrinha\/files\/2024\/01\/PPC-AGROINDUSTRIA-2021-MAIS-ATUALIZADO.pdf\" target=\"_blank\" rel=\"noopener\">Projeto Pedag\u00f3gico do Curso<\/a><\/p>\n<p><a href=\"https:\/\/www.ifbaiano.edu.br\/unidades\/serrinha\/files\/2021\/04\/Calendario-Academico-2020-Agroindustria-PROEJA-Alteracao-APNP-Versao-05.03.2021.pdf\">Calend\u00e1rio Acad\u00eamico &#8211; Agroind\u00fastria PROEJA 2020 &#8211; APNP<\/a><\/p>\n<p><a href=\"http:\/\/www.ifbaiano.edu.br\/unidades\/serrinha\/files\/2019\/03\/Calend\u00e1rio-Acad\u00eamico-Agroind\u00fastria-PROEJA-2019.pdf\">Calend\u00e1rio Acad\u00eamico &#8211; Agroind\u00fastria PROEJA 2019<\/a><\/p>\n<p><a href=\"http:\/\/www.ifbaiano.edu.br\/unidades\/serrinha\/files\/2019\/03\/Calend\u00e1rio-Acad\u00eamico-Agroind\u00fastria-PROEJA-2019-TC.pdf\">Calend\u00e1rio Acad\u00eamico &#8211; Agroind\u00fastria PROEJA 2019 &#8211; TC<\/a><\/p>\n<table border=\"\u201d1\u201d\">\n<tbody>\n<tr>\n<th style=\"text-align: left\"><strong>Curso<\/strong><\/th>\n<th style=\"text-align: left\"><strong>T\u00e9cnico em Agroind\u00fastria Integrado ao Ensino M\u00e9dio na modalidade Educa\u00e7\u00e3o de Jovens e Adultos.<\/strong><\/th>\n<\/tr>\n<tr>\n<td>Forma<\/td>\n<td>Integrada<\/td>\n<\/tr>\n<tr>\n<td>Ato Autorizativo<\/td>\n<td>Resolu\u00e7\u00e3o n\u00ba 31 de 01 de setembro de 2016 &#8211; CONSUP\/IF Baiano.<\/td>\n<\/tr>\n<tr>\n<td>T\u00edtulo acad\u00eamico conferido<\/td>\n<td>T\u00e9cnico em Agroind\u00fastria<\/td>\n<\/tr>\n<tr>\n<td>Turno (s) de funcionamento<\/td>\n<td>Noturno<\/td>\n<\/tr>\n<tr>\n<td>Eixo<\/td>\n<td>Produ\u00e7\u00e3o Aliment\u00edcia<\/td>\n<\/tr>\n<tr>\n<td>Regime acad\u00eamico<\/td>\n<td>\n<p style=\"font-weight: 400\">Seriado anual<\/p>\n<p style=\"font-weight: 400\">Metodologia: Pedagogia da Altern\u00e2ncia<\/p>\n<\/td>\n<\/tr>\n<tr>\n<td>N\u00famero de vagas<\/td>\n<td>40<\/td>\n<\/tr>\n<tr>\n<td>Tempo de integraliza\u00e7\u00e3o<\/td>\n<td>M\u00ednimo de 3 anos e M\u00e1ximo de 6 anos<\/td>\n<\/tr>\n<tr>\n<td>Forma de ingresso<\/td>\n<td>Processo Seletivo; Conv\u00eanio, Interc\u00e2mbio ou Acordo Cultural; Transfer\u00eancia\u00a0<i>Ex Officio<\/i>; Transfer\u00eancia Interna ou Externa<\/td>\n<\/tr>\n<tr>\n<td>Carga Hor\u00e1ria<\/td>\n<td>2.550 horas<\/td>\n<\/tr>\n<tr>\n<td>Perfil do curso<\/td>\n<td>O Curso T\u00e9cnico em Agroind\u00fastria tem como objetivo principal capacitar profissionais t\u00e9cnico para o planejamento, gerenciamento, monitoramento, avalia\u00e7\u00e3o dos processos agroindustriais desde a obten\u00e7\u00e3o e sele\u00e7\u00e3o de mat\u00e9rias-primas, beneficiamento, processamento at\u00e9 o armazenamento, transporte e comercializa\u00e7\u00e3o dos produtos agropecu\u00e1rios, promovendo o desenvolvimento t\u00e9cnico e tecnol\u00f3gico dos arranjos a partir de uma perspectiva de desenvolvimento sustent\u00e1vel do empreendimento rural, envolvendo responsabilidade social e ambiental.<\/td>\n<\/tr>\n<tr>\n<td><\/td>\n<td><\/td>\n<\/tr>\n<tr>\n<td><\/td>\n<td><\/td>\n<\/tr>\n<\/tbody>\n<\/table>\n","protected":false},"excerpt":{"rendered":"<p>Informa\u00e7\u00f5es sobre o curso T\u00e9cnico em Agroind\u00fastria \u2013 PROEJA Projeto Pedag\u00f3gico do Curso Calend\u00e1rio Acad\u00eamico &#8211; Agroind\u00fastria PROEJA 2020 &#8211; APNP Calend\u00e1rio Acad\u00eamico &#8211; Agroind\u00fastria PROEJA 2019 Calend\u00e1rio Acad\u00eamico &#8211; Agroind\u00fastria PROEJA 2019 &#8211; TC Curso T\u00e9cnico em Agroind\u00fastria Integrado ao Ensino M\u00e9dio na modalidade Educa\u00e7\u00e3o de Jovens e Adultos. Forma Integrada Ato Autorizativo Resolu\u00e7\u00e3o [&hellip;]<\/p>\n","protected":false},"author":73,"featured_media":0,"parent":0,"menu_order":0,"comment_status":"open","ping_status":"open","template":"","meta":[],"_links":{"self":[{"href":"https:\/\/www.ifbaiano.edu.br\/unidades\/serrinha\/wp-json\/wp\/v2\/pages\/237"}],"collection":[{"href":"https:\/\/www.ifbaiano.edu.br\/unidades\/serrinha\/wp-json\/wp\/v2\/pages"}],"about":[{"href":"https:\/\/www.ifbaiano.edu.br\/unidades\/serrinha\/wp-json\/wp\/v2\/types\/page"}],"author":[{"embeddable":true,"href":"https:\/\/www.ifbaiano.edu.br\/unidades\/serrinha\/wp-json\/wp\/v2\/users\/73"}],"replies":[{"embeddable":true,"href":"https:\/\/www.ifbaiano.edu.br\/unidades\/serrinha\/wp-json\/wp\/v2\/comments?post=237"}],"version-history":[{"count":12,"href":"https:\/\/www.ifbaiano.edu.br\/unidades\/serrinha\/wp-json\/wp\/v2\/pages\/237\/revisions"}],"predecessor-version":[{"id":7969,"href":"https:\/\/www.ifbaiano.edu.br\/unidades\/serrinha\/wp-json\/wp\/v2\/pages\/237\/revisions\/7969"}],"wp:attachment":[{"href":"https:\/\/www.ifbaiano.edu.br\/unidades\/serrinha\/wp-json\/wp\/v2\/media?parent=237"}],"curies":[{"name":"wp","href":"https:\/\/api.w.org\/{rel}","templated":true}]}}