{"id":32,"date":"2015-10-11T01:34:19","date_gmt":"2015-10-11T01:34:19","guid":{"rendered":"http:\/\/www.ifbaiano.edu.br\/unidades\/serrinha\/?page_id=32"},"modified":"2023-06-06T10:48:59","modified_gmt":"2023-06-06T13:48:59","slug":"grupos-de-pesquisa","status":"publish","type":"page","link":"https:\/\/www.ifbaiano.edu.br\/unidades\/serrinha\/grupos-de-pesquisa\/","title":{"rendered":"Grupos de Pesquisa"},"content":{"rendered":"\n<p><strong>GELID &#8211; Grupo de Pesquisa em Educa\u00e7\u00e3o, Linguagens e Intera\u00e7\u00f5es digitas<\/strong><\/p>\n\n\n\n<p>\u00c1rea predominante: Educa\u00e7\u00e3o<\/p>\n\n\n\n<p>L\u00edder do grupo: Osvaldo Barreto Oliveira J\u00fanior<\/p>\n\n\n\n<p>Endere\u00e7o para acessar este grupo: <a href=\"http:\/\/dgp.cnpq.br\/dgp\/espelhogrupo\/8798462403497537\" target=\"_blank\" rel=\"noreferrer noopener\">dgp.cnpq.br\/dgp\/espelhogrupo\/8798462403497537<\/a><\/p>\n\n\n\n<p><strong>GEPAC &#8211; Grupo de Estudos e Pesquisa Agropecu\u00e1ria na Caatinga<\/strong><\/p>\n\n\n\n<p>\u00c1rea predominante: Agronomia<\/p>\n\n\n\n<p>L\u00edder do grupo: Delka de Oliveira Azevedo<\/p>\n\n\n\n<p>Endere\u00e7o para acessar este grupo: <a href=\"http:\/\/dgp.cnpq.br\/dgp\/espelhogrupo\/2900553923235028\" target=\"_blank\" rel=\"noreferrer noopener\">dgp.cnpq.br\/dgp\/espelhogrupo\/2900553923235028<\/a><\/p>\n\n\n\n<p><strong>GPALI &#8211; Grupo de Pesquisa em Alimentos <\/strong><strong><\/strong><\/p>\n\n\n\n<p>\u00c1rea predominante: Ci\u00eancia e Tecnologia de Alimentos<\/p>\n\n\n\n<p>L\u00edder do grupo: Maria Ant\u00f4nia Carvalho Lima de Jesus<\/p>\n\n\n\n<p>Endere\u00e7o para acessar este grupo: <a href=\"http:\/\/dgp.cnpq.br\/dgp\/espelhogrupo\/8669850038725351\" target=\"_blank\" rel=\"noreferrer noopener\">dgp.cnpq.br\/dgp\/espelhogrupo\/8669850038725351<\/a><\/p>\n\n\n\n<p><strong>GPEEPED<\/strong><strong> &#8211; Grupo de Pesquisa em Educa\u00e7\u00e3o Especial na Perspectiva da Inclus\u00e3o Escolar<\/strong><\/p>\n\n\n\n<p>\u00c1rea predominante: Educa\u00e7\u00e3o<\/p>\n\n\n\n<p>L\u00edderes do grupo: Patricia Zuti\u00e3o e Eliane Mahl<\/p>\n\n\n\n<p>Endere\u00e7o para acessar este grupo: <a href=\"http:\/\/dgp.cnpq.br\/dgp\/espelhogrupo\/5754615925128464\" target=\"_blank\" rel=\"noreferrer noopener\">dgp.cnpq.br\/dgp\/espelhogrupo\/5754615925128464 <\/a><strong><br><\/strong><\/p>\n\n\n\n<p><strong>LaPPRuDes \u2013 Laborat\u00f3rio de Pol\u00edticas P\u00fablicas, Ruralidades e Desenvolvimento Territorial<\/strong><\/p>\n\n\n\n<p>\u00c1rea predominante: Sociologia<\/p>\n\n\n\n<p>L\u00edder do grupo: Heron Ferreira Souza<\/p>\n\n\n\n<p>Endere\u00e7o para acessar este grupo: <a href=\"http:\/\/dgp.cnpq.br\/dgp\/espelhogrupo\/6240961710766229\" target=\"_blank\" rel=\"noreferrer noopener\">dgp.cnpq.br\/dgp\/espelhogrupo\/6240961710766229&nbsp;<\/a><\/p>\n\n\n\n<p><strong>NPME &#8211; N\u00facleo de Pesquisa em M\u00fasica e Educa\u00e7\u00e3o<\/strong><strong><\/strong><\/p>\n\n\n\n<p>L\u00edder do grupo: Eudes Oliveira Cunha<\/p>\n\n\n\n<p>\u00c1rea predominante: Lingu\u00edstica, Letras e Artes<\/p>\n\n\n\n<p>Endere\u00e7o para acessar este grupo: <a href=\"http:\/\/dgp.cnpq.br\/dgp\/espelhogrupo\/4576071854644449\" target=\"_blank\" rel=\"noreferrer noopener\">dgp.cnpq.br\/dgp\/espelhogrupo\/4576071854644449<\/a><\/p>\n\n\n\n<p><strong>POEMAH: Projeto Oficina de Ervas Medicinais, Abelhas e Hortali\u00e7as<\/strong><\/p>\n\n\n\n<p>\u00c1rea predominante: Agronomia<\/p>\n\n\n\n<p>L\u00edderes do Grupo: Ariana Reis Messias Fernandes de Oliveira e Rilvaynia Dantas Soares<\/p>\n\n\n\n<p>Endere\u00e7o para acessar este grupo: <a rel=\"noreferrer noopener\" href=\"http:\/\/dgp.cnpq.br\/dgp\/espelhogrupo\/9048558306479677\" target=\"_blank\">dgp.cnpq.br\/dgp\/espelhogrupo\/9048558306479677<\/a><\/p>\n\n\n\n<div class=\"wp-block-file\"><a href=\"https:\/\/www.ifbaiano.edu.br\/unidades\/serrinha\/files\/2022\/09\/HORTO-DE-PLANTAS-MEDICINAIS-CAMPUS-SERRINHA-ATUAL-SETEMBRO-2022.pdf\" target=\"_blank\" rel=\"noreferrer noopener\"><a rel=\"noreferrer noopener\" href=\"https:\/\/www.ifbaiano.edu.br\/unidades\/serrinha\/files\/2022\/02\/HORTO-DE-PLANTAS-MEDICINAIS-CAMPUS-SERRINHA.pdf\" target=\"_blank\">Horto Digital de Plantas Medicinais do IF BAIANO \u2013 Campus Serrinh<a href=\"https:\/\/www.ifbaiano.edu.br\/unidades\/serrinha\/files\/2022\/09\/HORTO-DE-PLANTAS-MEDICINAIS-CAMPUS-SERRINHA-ATUAL-SETEMBRO-2022.pdf\">a &#8211; Setembro 2022<\/a><\/a><\/a><\/div>\n\n\n\n<p><a href=\"https:\/\/www.ifbaiano.edu.br\/unidades\/serrinha\/files\/2023\/06\/Joao-Vesi-em-aventuras-da-Educacao-Ambiental.pdf\" target=\"_blank\" rel=\"noreferrer noopener\">Joa\u0303o &amp; Vesi em aventuras da Educac\u0327a\u0303o Ambiental<\/a><\/p>\n\n\n\n<p>Para consultar outros Grupos de Pesquisa do IF Baiano, acessar:<\/p>\n\n\n\n<p><a href=\"http:\/\/dgp.cnpq.br\/dgp\/faces\/consulta\/consulta_parametrizada.jsf\">http:\/\/dgp.cnpq.br\/dgp\/faces\/consulta\/consulta_parametrizada.jsf<\/a><\/p>\n\n\n\n<p><\/p>\n\n\n\n<p><\/p>\n","protected":false},"excerpt":{"rendered":"<p>GELID &#8211; Grupo de Pesquisa em Educa\u00e7\u00e3o, Linguagens e Intera\u00e7\u00f5es digitas \u00c1rea predominante: Educa\u00e7\u00e3o L\u00edder do grupo: Osvaldo Barreto Oliveira J\u00fanior Endere\u00e7o para acessar este grupo: dgp.cnpq.br\/dgp\/espelhogrupo\/8798462403497537 GEPAC &#8211; Grupo de Estudos e Pesquisa Agropecu\u00e1ria na Caatinga \u00c1rea predominante: Agronomia L\u00edder do grupo: Delka de Oliveira Azevedo Endere\u00e7o para acessar este grupo: dgp.cnpq.br\/dgp\/espelhogrupo\/2900553923235028 GPALI &#8211; [&hellip;]<\/p>\n","protected":false},"author":70,"featured_media":0,"parent":0,"menu_order":0,"comment_status":"open","ping_status":"open","template":"","meta":[],"_links":{"self":[{"href":"https:\/\/www.ifbaiano.edu.br\/unidades\/serrinha\/wp-json\/wp\/v2\/pages\/32"}],"collection":[{"href":"https:\/\/www.ifbaiano.edu.br\/unidades\/serrinha\/wp-json\/wp\/v2\/pages"}],"about":[{"href":"https:\/\/www.ifbaiano.edu.br\/unidades\/serrinha\/wp-json\/wp\/v2\/types\/page"}],"author":[{"embeddable":true,"href":"https:\/\/www.ifbaiano.edu.br\/unidades\/serrinha\/wp-json\/wp\/v2\/users\/70"}],"replies":[{"embeddable":true,"href":"https:\/\/www.ifbaiano.edu.br\/unidades\/serrinha\/wp-json\/wp\/v2\/comments?post=32"}],"version-history":[{"count":27,"href":"https:\/\/www.ifbaiano.edu.br\/unidades\/serrinha\/wp-json\/wp\/v2\/pages\/32\/revisions"}],"predecessor-version":[{"id":7435,"href":"https:\/\/www.ifbaiano.edu.br\/unidades\/serrinha\/wp-json\/wp\/v2\/pages\/32\/revisions\/7435"}],"wp:attachment":[{"href":"https:\/\/www.ifbaiano.edu.br\/unidades\/serrinha\/wp-json\/wp\/v2\/media?parent=32"}],"curies":[{"name":"wp","href":"https:\/\/api.w.org\/{rel}","templated":true}]}}