{"id":3902,"date":"2020-03-04T11:55:30","date_gmt":"2020-03-04T11:55:30","guid":{"rendered":"https:\/\/www.ifbaiano.edu.br\/unidades\/serrinha\/?page_id=3902"},"modified":"2026-04-28T09:47:01","modified_gmt":"2026-04-28T12:47:01","slug":"quem-somos-direcaogeral","status":"publish","type":"page","link":"https:\/\/www.ifbaiano.edu.br\/unidades\/serrinha\/quem-somos-direcaogeral\/","title":{"rendered":"Quem Somos"},"content":{"rendered":"\n<div id=\"TituloMenu\" class=\"dnone\">\nAtribui\u00e7\u00f5es\n<\/div><\/a>\n\n\n\n<p> A Dire\u00e7\u00e3o-Geral \u00e9 respons\u00e1vel por administrar e representar o campus, em conson\u00e2ncia com os princ\u00edpios, com as finalidades e com os objetivos do IF Baiano. \u00c9 de responsabilidade da Dire\u00e7\u00e3o a cria\u00e7\u00e3o de grupos de trabalho e comiss\u00f5es de assessoramento, o planejamento, execu\u00e7\u00e3o e coordena\u00e7\u00e3o das pol\u00edticas institucionais, em articula\u00e7\u00e3o com as pr\u00f3-reitorias e as diretorias sist\u00eamicas, possibilitando a execu\u00e7\u00e3o das diretrizes do Conselho Superior (CONSUP), do Plano de Desenvolvimento Institucional, e do Regimento Geral do IF Baiano. Outra atribui\u00e7\u00e3o da Dire\u00e7\u00e3o-Geral \u00e9 a de zelar pela manuten\u00e7\u00e3o dos bens patrimoniais, deliberando e coordenando a utiliza\u00e7\u00e3o dos recursos or\u00e7ament\u00e1rios do campus. Al\u00e9m de executar outras atividades, conforme incumb\u00eancia do Reitor e as compet\u00eancias descritas no Regimento Geral. <\/p>\n\n\n<div class=\"wp-block-image\">\n<figure class=\"aligncenter size-full\"><a href=\"https:\/\/www.ifbaiano.edu.br\/unidades\/serrinha\/files\/2026\/04\/3106-LARISSA-RODRIGUES-DE-OLIVEIRA-SOUSA-1.webp\"><img decoding=\"async\" loading=\"lazy\" width=\"1011\" height=\"639\" src=\"https:\/\/www.ifbaiano.edu.br\/unidades\/serrinha\/files\/2026\/04\/3106-LARISSA-RODRIGUES-DE-OLIVEIRA-SOUSA-1.webp\" alt=\"\" class=\"wp-image-8763\" srcset=\"https:\/\/www.ifbaiano.edu.br\/unidades\/serrinha\/files\/2026\/04\/3106-LARISSA-RODRIGUES-DE-OLIVEIRA-SOUSA-1.webp 1011w, https:\/\/www.ifbaiano.edu.br\/unidades\/serrinha\/files\/2026\/04\/3106-LARISSA-RODRIGUES-DE-OLIVEIRA-SOUSA-1-300x190.webp 300w, https:\/\/www.ifbaiano.edu.br\/unidades\/serrinha\/files\/2026\/04\/3106-LARISSA-RODRIGUES-DE-OLIVEIRA-SOUSA-1-768x485.webp 768w, https:\/\/www.ifbaiano.edu.br\/unidades\/serrinha\/files\/2026\/04\/3106-LARISSA-RODRIGUES-DE-OLIVEIRA-SOUSA-1-100x63.webp 100w\" sizes=\"(max-width: 1011px) 100vw, 1011px\" \/><\/a><\/figure><\/div>\n\n\n<div class=\"wp-block-group is-layout-flow\"><div class=\"wp-block-group__inner-container\"><\/div><\/div>\n\n\n\n<p><strong>Chefe de Gabinete<\/strong><br>OSIDENIE PINHEIRO DA SILVA EVANGELISTA<br>Portaria n\u00ba 444\/2026<\/p>\n\n\n\n<p><strong>Chefe de Gabinete Substituto<\/strong><br>GERSON LIMOEIRO ALVES<br>Portaria n\u00ba 1191\/2025<\/p>\n\n\n\n<p><strong>Contatos<\/strong><br>Celular Institucional: (75) 99101-0011<br>E-mail:\u00a0gabinete@serrinha.ifbaiano.edu.br<\/p>\n","protected":false},"excerpt":{"rendered":"<p>Atribui\u00e7\u00f5es A Dire\u00e7\u00e3o-Geral \u00e9 respons\u00e1vel por administrar e representar o campus, em conson\u00e2ncia com os princ\u00edpios, com as finalidades e com os objetivos do IF Baiano. \u00c9 de responsabilidade da Dire\u00e7\u00e3o a cria\u00e7\u00e3o de grupos de trabalho e comiss\u00f5es de assessoramento, o planejamento, execu\u00e7\u00e3o e coordena\u00e7\u00e3o das pol\u00edticas institucionais, em articula\u00e7\u00e3o com as pr\u00f3-reitorias e [&hellip;]<\/p>\n","protected":false},"author":98,"featured_media":0,"parent":0,"menu_order":0,"comment_status":"closed","ping_status":"closed","template":"","meta":[],"_links":{"self":[{"href":"https:\/\/www.ifbaiano.edu.br\/unidades\/serrinha\/wp-json\/wp\/v2\/pages\/3902"}],"collection":[{"href":"https:\/\/www.ifbaiano.edu.br\/unidades\/serrinha\/wp-json\/wp\/v2\/pages"}],"about":[{"href":"https:\/\/www.ifbaiano.edu.br\/unidades\/serrinha\/wp-json\/wp\/v2\/types\/page"}],"author":[{"embeddable":true,"href":"https:\/\/www.ifbaiano.edu.br\/unidades\/serrinha\/wp-json\/wp\/v2\/users\/98"}],"replies":[{"embeddable":true,"href":"https:\/\/www.ifbaiano.edu.br\/unidades\/serrinha\/wp-json\/wp\/v2\/comments?post=3902"}],"version-history":[{"count":7,"href":"https:\/\/www.ifbaiano.edu.br\/unidades\/serrinha\/wp-json\/wp\/v2\/pages\/3902\/revisions"}],"predecessor-version":[{"id":8818,"href":"https:\/\/www.ifbaiano.edu.br\/unidades\/serrinha\/wp-json\/wp\/v2\/pages\/3902\/revisions\/8818"}],"wp:attachment":[{"href":"https:\/\/www.ifbaiano.edu.br\/unidades\/serrinha\/wp-json\/wp\/v2\/media?parent=3902"}],"curies":[{"name":"wp","href":"https:\/\/api.w.org\/{rel}","templated":true}]}}