{"id":3998,"date":"2020-03-12T13:02:19","date_gmt":"2020-03-12T13:02:19","guid":{"rendered":"https:\/\/www.ifbaiano.edu.br\/unidades\/serrinha\/?page_id=3998"},"modified":"2021-02-10T14:52:35","modified_gmt":"2021-02-10T14:52:35","slug":"regimentos-regulamentos","status":"publish","type":"page","link":"https:\/\/www.ifbaiano.edu.br\/unidades\/serrinha\/normativas-direcaogeral\/regimentos-regulamentos\/","title":{"rendered":"Regimentos \/ Regulamentos"},"content":{"rendered":"\n<div class=\"wp-block-file\"><a href=\"https:\/\/www.ifbaiano.edu.br\/unidades\/serrinha\/files\/2020\/03\/Regimento-Geral-do-IF-Baiano-Final-2019-Resolu\u00e7\u00e3o-n\u00ba-41.2019-SITE.pdf\">Regimento Geral do IF Baiano Resolu\u00e7\u00e3o n\u00ba41.2019<\/a><br>\n<br>\n<div class=\"wp-block-file\"><a href=\"https:\/\/www.ifbaiano.edu.br\/unidades\/serrinha\/files\/2020\/03\/Estatuto-do-IF-Baiano_-Anexo-Resolu\u00e7\u00e3o-n\u00ba-33.2019.pdf\">Estatuto do IF Baiano-Anexo-Resolu\u00e7\u00e3o-n\u00ba-33.2019<\/a><\/div><\/div>\n\n\n\n<div class=\"wp-block-file\"><a href=\"https:\/\/www.ifbaiano.edu.br\/unidades\/serrinha\/files\/2020\/11\/Resoluc\u0327a\u0303o-90_2020-OS-CONSUP_IFBAIANO-com-anexo.pdf\">Resolu\u00e7\u00e3o 90\/2020 &#8211; OS-CONSUP\/IFBAIANO, DE 28 DE OUTUBRO DE 2020<\/a><\/div>\n\n\n\n<div class=\"wp-block-file\"><a href=\"https:\/\/www.ifbaiano.edu.br\/unidades\/serrinha\/files\/2021\/02\/Regulamentacao-Enfermagem.pdf\">Regulamenta\u00e7\u00e3o do Servi\u00e7o de Enfermagem no \u00e2mbito do IF Baiano<\/a><\/div>\n","protected":false},"excerpt":{"rendered":"<p>Regimento Geral do IF Baiano Resolu\u00e7\u00e3o n\u00ba41.2019 Estatuto do IF Baiano-Anexo-Resolu\u00e7\u00e3o-n\u00ba-33.2019<\/p>\n","protected":false},"author":98,"featured_media":0,"parent":3908,"menu_order":0,"comment_status":"closed","ping_status":"closed","template":"","meta":[],"_links":{"self":[{"href":"https:\/\/www.ifbaiano.edu.br\/unidades\/serrinha\/wp-json\/wp\/v2\/pages\/3998"}],"collection":[{"href":"https:\/\/www.ifbaiano.edu.br\/unidades\/serrinha\/wp-json\/wp\/v2\/pages"}],"about":[{"href":"https:\/\/www.ifbaiano.edu.br\/unidades\/serrinha\/wp-json\/wp\/v2\/types\/page"}],"author":[{"embeddable":true,"href":"https:\/\/www.ifbaiano.edu.br\/unidades\/serrinha\/wp-json\/wp\/v2\/users\/98"}],"replies":[{"embeddable":true,"href":"https:\/\/www.ifbaiano.edu.br\/unidades\/serrinha\/wp-json\/wp\/v2\/comments?post=3998"}],"version-history":[{"count":7,"href":"https:\/\/www.ifbaiano.edu.br\/unidades\/serrinha\/wp-json\/wp\/v2\/pages\/3998\/revisions"}],"predecessor-version":[{"id":4832,"href":"https:\/\/www.ifbaiano.edu.br\/unidades\/serrinha\/wp-json\/wp\/v2\/pages\/3998\/revisions\/4832"}],"up":[{"embeddable":true,"href":"https:\/\/www.ifbaiano.edu.br\/unidades\/serrinha\/wp-json\/wp\/v2\/pages\/3908"}],"wp:attachment":[{"href":"https:\/\/www.ifbaiano.edu.br\/unidades\/serrinha\/wp-json\/wp\/v2\/media?parent=3998"}],"curies":[{"name":"wp","href":"https:\/\/api.w.org\/{rel}","templated":true}]}}