{"id":421,"date":"2016-01-27T12:16:13","date_gmt":"2016-01-27T12:16:13","guid":{"rendered":"http:\/\/www.ifbaiano.edu.br\/unidades\/serrinha\/?page_id=421"},"modified":"2021-06-09T19:21:44","modified_gmt":"2021-06-09T19:21:44","slug":"nea","status":"publish","type":"page","link":"https:\/\/www.ifbaiano.edu.br\/unidades\/serrinha\/nea\/","title":{"rendered":"NEA (N\u00facleo de Estudos em Agroecologia)"},"content":{"rendered":"<p><strong>Aten\u00e7\u00e3o: Pr\u00f3xima reuni\u00e3o do NEA agendada para o dia 05 de agosto de 2021.<\/strong><\/p>\n<p>O NEA caracteriza-se como um n\u00facleo de pesquisa tendo como pressuposto metodol\u00f3gico, prioritariamente, a pesquisa-a\u00e7\u00e3o voltado ao ensino, pesquisa e extens\u00e3o. O N\u00facleo tem como \u00e1rea de atua\u00e7\u00e3o o semi\u00e1rido baiano, com foco no Territ\u00f3rio do Sisal e seu entorno, e suas finalidades s\u00e3o:&nbsp;<\/p>\n<p>I \u2013 desenvolver a\u00e7\u00f5es e projetos que possam oportunizar a articula\u00e7\u00e3o entre ensino, pesquisa e extens\u00e3o na constru\u00e7\u00e3o, planejamento e execu\u00e7\u00e3o de a\u00e7\u00f5es baseadas no conhecimento de base agroecol\u00f3gica.<\/p>\n<p>II \u2013 Estimular a aproxima\u00e7\u00e3o da comunidade acad\u00eamica com os povos e comunidades tradicionais, agricultores(as) familiares, campon\u00eas(as) em a\u00e7\u00f5es e projetos que possibilitem a troca de experi\u00eancia e fazeres-saberes.<\/p>\n<p>III \u2013 proporcionar ambientes para realiza\u00e7\u00e3o de pr\u00e1ticas profissionais, pesquisa e extens\u00e3o entre discentes e docentes, favorecendo a troca de experi\u00eancias a partir das pr\u00e1ticas de base agroecol\u00f3gicas e constru\u00e7\u00e3o do conhecimento t\u00e9cnico-cient\u00edfico.<\/p>\n<p>IV &#8211; Criar ambiente de estudo adotando pr\u00e1ticas pedag\u00f3gicas participativas, o exerc\u00edcio da dial\u00e9tica para comunica\u00e7\u00e3o das tem\u00e1ticas pertinentes a Agroecologia e o fortalecimento do n\u00facleo enquanto articulador de processos voltados \u00e0 transi\u00e7\u00e3o e experimenta\u00e7\u00e3o de base agroecol\u00f3gica.<\/p>\n<p>V &#8211; Favorecer a integra\u00e7\u00e3o entre os(as) sujeitos ligados(as) a Agroecologia no \u00e2mbito internacional, nacional, regional e no pr\u00f3prio IF Baiano.<\/p>\n<p>VI &#8211; Sistematizar e socializar, a partir dos processos educativos e participativos, os conhecimentos e saberes reconstru\u00eddos pelos sujeitos do campo.<\/p>\n<p>VII &#8211; Disponibilizar o acervo produzido pelo NEA em ambiente virtual de livre acesso.<\/p>\n<p>A respons\u00e1vel pela Coordena\u00e7\u00e3o Geral do N\u00facleo \u00e9 a <strong>Professora Maria Auxiliadora Freitas dos Santos<\/strong>.<\/p>\n<p>Veja abaixo todos os componentes do N\u00facleo, e para conhecer mais acesse o regimento:<\/p>\n<p><a href=\"https:\/\/www.ifbaiano.edu.br\/unidades\/serrinha\/files\/2021\/06\/PORTARIA-21_2021-SER-GAB_SER-DG_RET_IFBAIANO-de-7-de-Junho-de-2021-Nova-Composicao-do-NEA-Abelmanto.pdf\">PORTARIA 21_2021 &#8211; SER-GAB_SER-DG_RET_IFBAIANO, de 7 de Junho de 2021 &#8211; Nova Composi\u00e7\u00e3o do NEA Abelmanto<\/a><\/p>\n\n\n<div class=\"wp-block-file\"><a href=\"https:\/\/www.ifbaiano.edu.br\/unidades\/serrinha\/files\/2021\/06\/REGIMENTO-NEA-CAMPUS-SERRINHAatual-1.pdf\">REGIMENTO NEA &#8211; CAMPUS SERRINHA<br><br><\/a><\/div>\n\n\n\n<p><strong>Projetos Desenvolvidos e em desenvolvimento pelo NEA Abelmanto<\/strong><\/p>\n\n\n\n<p><strong>A) <\/strong>Caravana Agroecol\u00f3gica: saberes, pr\u00e1ticas, cultura e educa\u00e7\u00e3o no Territ\u00f3rio do Sisal:<\/p>\n\n\n\n<p>Buscou fortalecer a integra\u00e7\u00e3o entre ensino, pesquisa e extens\u00e3o tendo como estrat\u00e9gia a constru\u00e7\u00e3o de uma rede sociot\u00e9cnica de atores envolvidos na constru\u00e7\u00e3o, troca de saberes e fomento da agroecologia enquanto pr\u00e1tica, pol\u00edtica p\u00fablica e modo de vida, atrav\u00e9s de processos dial\u00f3gicos e formativos entre estudantes e professores do IF Baiano (dos cursos integrado, subsequente, superior e especializa\u00e7\u00e3o) e comunidades rurais, grupos de agricultores e agricultoras e organiza\u00e7\u00f5es sociais.<\/p>\n\n\n\n<p>Veja as informa\u00e7\u00f5es detalhadas cartilha digital: <a href=\"https:\/\/www.ifbaiano.edu.br\/unidades\/serrinha\/files\/2021\/06\/4Cartilha-Caravana-Agroecologica-4.pdf\" target=\"_blank\" rel=\"noreferrer noopener\">4\u00ba Cartilha Caravana Agroecol\u00f3gica.<\/a><\/p>\n\n\n\n<p><strong>B)<\/strong> Extens\u00e3o e Agroecologia em m\u00eddias sociais<\/p>\n\n\n\n<p>O objetivo geral da presente proposta consistiu em realizar &nbsp;a\u00e7\u00f5es e produ\u00e7\u00e3o de publica\u00e7\u00f5es visando a partilha e constru\u00e7\u00e3o de conhecimentos relacionados a agroecologia.<\/p>\n\n\n\n<p>Temos um canal do youtube NEA Abelmanto (<a rel=\"noreferrer noopener\" target=\"_blank\" href=\"https:\/\/www.youtube.com\/channel\/UCRgO97vfrxiEo46HRmqzxxQ\">https:\/\/www.youtube.com\/channel\/UCRgO97vfrxiEo46HRmqzxxQ<\/a>) &nbsp;e o instagram: <a href=\"https:\/\/www.instagram.com\/nea.abelmanto.serrinha\/\" target=\"_blank\" rel=\"noreferrer noopener\">nea.abelmanto.serrinha<\/a><\/p>\n\n\n\n<p><strong>C) <\/strong>No instagram do NEA temos v\u00e1rias a\u00e7\u00f5es, dentre elas: &#8220;conhecendo os membros do NEAAbelmanto&#8221;, # tbt do NEa Abelmanto e Olhares Agroecol\u00f3gicos<\/p>\n\n\n\n<p><strong>D)<\/strong> Artigos Cient\u00edficos: Como Construir<\/p>\n\n\n\n<p>Esta proposta buscou compreender as ferramentas para a constru\u00e7\u00e3o de projetos &nbsp;de pesquisa e extens\u00e3o e de artigos cientificos voltados \u00e0 tem\u00e1tica de tecnologias sociais e desenvolvimento rural.<\/p>\n\n\n\n<p><strong>E)<\/strong> Agroecologia: arte, cultura e vida<\/p>\n\n\n\n<p>O Projeto de extens\u00e3o &#8220;Agricultura: arte, cultura e vida&#8221; surgiu num momento de valoriza\u00e7\u00e3o da agroecologia, assim como da import\u00e2ncia da arte na vida das pessoas, inclusive no momento atual de distanciamento social. A agroecologia foi discutida e apresentada em v\u00e1rias formas de express\u00f5es art\u00edsticas. Envolveu tanto o p\u00fablico interno, quanto o p\u00fablico externo da institui\u00e7\u00e3o, sendo o p\u00fablico externo formado por artistas da regi\u00e3o, agricultores e agricultores e pessoas da comunidade que estejam dispostas a colaborar. A &nbsp;cada semana foram publicadas poesias, cord\u00e9is, v\u00eddeos, entre outras express\u00f5es art\u00edsticas, nas p\u00e1ginas das redes sociais e canal do youtube do NEA e parceiros. Al\u00e9m disso, foram &nbsp;coletados &#8220;causos&#8221; de agricultores sobre assuntos relacionados \u00e0 vida no campo. Ao final do projeto foi realizado &nbsp;um sarau virtual com os participantes, que est\u00e1 dispon\u00edvel no canal do NEA Abelmanto.<\/p>\n\n\n\n<p><br>Voc\u00ea pode conferir todos os poemas no instagram do NEA Abelmanto: <a href=\"https:\/\/www.instagram.com\/nea.abelmanto.serrinha\/\" target=\"_blank\" rel=\"noreferrer noopener\">nea.abelmanto.serrinha<\/a><\/p>\n\n\n\n<p><\/p>\n","protected":false},"excerpt":{"rendered":"<p>Aten\u00e7\u00e3o: Pr\u00f3xima reuni\u00e3o do NEA agendada para o dia 05 de agosto de 2021. O NEA caracteriza-se como um n\u00facleo de pesquisa tendo como pressuposto metodol\u00f3gico, prioritariamente, a pesquisa-a\u00e7\u00e3o voltado ao ensino, pesquisa e extens\u00e3o. O N\u00facleo tem como \u00e1rea de atua\u00e7\u00e3o o semi\u00e1rido baiano, com foco no Territ\u00f3rio do Sisal e seu entorno, e [&hellip;]<\/p>\n","protected":false},"author":73,"featured_media":0,"parent":0,"menu_order":0,"comment_status":"open","ping_status":"open","template":"","meta":[],"_links":{"self":[{"href":"https:\/\/www.ifbaiano.edu.br\/unidades\/serrinha\/wp-json\/wp\/v2\/pages\/421"}],"collection":[{"href":"https:\/\/www.ifbaiano.edu.br\/unidades\/serrinha\/wp-json\/wp\/v2\/pages"}],"about":[{"href":"https:\/\/www.ifbaiano.edu.br\/unidades\/serrinha\/wp-json\/wp\/v2\/types\/page"}],"author":[{"embeddable":true,"href":"https:\/\/www.ifbaiano.edu.br\/unidades\/serrinha\/wp-json\/wp\/v2\/users\/73"}],"replies":[{"embeddable":true,"href":"https:\/\/www.ifbaiano.edu.br\/unidades\/serrinha\/wp-json\/wp\/v2\/comments?post=421"}],"version-history":[{"count":16,"href":"https:\/\/www.ifbaiano.edu.br\/unidades\/serrinha\/wp-json\/wp\/v2\/pages\/421\/revisions"}],"predecessor-version":[{"id":5205,"href":"https:\/\/www.ifbaiano.edu.br\/unidades\/serrinha\/wp-json\/wp\/v2\/pages\/421\/revisions\/5205"}],"wp:attachment":[{"href":"https:\/\/www.ifbaiano.edu.br\/unidades\/serrinha\/wp-json\/wp\/v2\/media?parent=421"}],"curies":[{"name":"wp","href":"https:\/\/api.w.org\/{rel}","templated":true}]}}