{"id":4338,"date":"2020-08-13T18:07:15","date_gmt":"2020-08-13T18:07:15","guid":{"rendered":"https:\/\/www.ifbaiano.edu.br\/unidades\/serrinha\/?page_id=4338"},"modified":"2024-08-21T09:05:32","modified_gmt":"2024-08-21T12:05:32","slug":"cpa","status":"publish","type":"page","link":"https:\/\/www.ifbaiano.edu.br\/unidades\/serrinha\/cpa\/","title":{"rendered":"CPA \u2013 Comiss\u00e3o Pr\u00f3pria de Avalia\u00e7\u00e3o"},"content":{"rendered":"\n<p><strong>O que \u00e9 CPA?<\/strong><\/p>\n\n\n\n<p>A Comiss\u00e3o Pr\u00f3pria de Avalia\u00e7\u00e3o \u2013 CPA, institu\u00edda pelo Sistema Nacional de Avalia\u00e7\u00e3o da Educa\u00e7\u00e3o Superior \u2013 SINAES, conforme previsto na lei n\u00ba 10861\/2004, tem como uma das suas principais atribui\u00e7\u00f5es a implanta\u00e7\u00e3o e o desenvolvimento de processos de avalia\u00e7\u00e3o institucional. A CPA \u00e9 portanto um \u00f3rg\u00e3o colegiado de natureza consultiva, deliberativa e normativa, no \u00e2mbito dos aspectos avaliativos das \u00e1reas acad\u00eamica e administrativa, que integra SINAES e atende ao PDI do IF Baiano quanto aos n\u00edveis e modalidades de ensino.<\/p>\n\n\n\n<p><strong>O que a CPA avalia?<\/strong><\/p>\n\n\n\n<p>A comiss\u00e3o avalia aspectos estruturados em cinco eixos e dez dimens\u00f5es. Por meio de question\u00e1rios, rodas de conversa e visitas&nbsp;<em>in loco<\/em>&nbsp;destinados a comunidade acad\u00eamica e local:<\/p>\n\n\n\n<figure class=\"wp-block-image\"><img decoding=\"async\" src=\"https:\/\/www.ifbaiano.edu.br\/unidades\/lapa\/files\/2019\/11\/cpa_avaliacao.png\" alt=\"\" class=\"wp-image-15106\" \/><\/figure>\n\n\n\n<p><strong>O que \u00e9 a Autoavalia\u00e7\u00e3o ou Avalia\u00e7\u00e3o Interna?<\/strong><\/p>\n\n\n\n<p>A Avalia\u00e7\u00e3o Interna ou Autoavalia\u00e7\u00e3o \u00e9 um processo cont\u00ednuo por meio do qual uma institui\u00e7\u00e3o constr\u00f3i conhecimento sobre sua pr\u00f3pria realidade, refletindo sobre seus processos internos e externos, visando melhorar a qualidade educativa e alcan\u00e7ar maior relev\u00e2ncia social.<\/p>\n\n\n\n<p><strong>Quais s\u00e3o os princ\u00edpios da Autoavalia\u00e7\u00e3o?<\/strong><\/p>\n\n\n\n<p>A Avalia\u00e7\u00e3o Interna tem como principais objetivos produzir conhecimentos aprimorados, questionar o &nbsp;conjunto de atividades e finalidades cumpridas pela institui\u00e7\u00e3o, identificar as causas dos seus principais problemas, aumentar a consci\u00eancia pedag\u00f3gica e a capacidade profissional do corpo docente e t\u00e9cnico-administrativo, fortalecer as rela\u00e7\u00f5es de coopera\u00e7\u00e3o com outros atores institucionais, aproximar-se da comunidade, desempenhar um papel cient\u00edfico e social e gerir informa\u00e7\u00f5es que ser\u00e3o prestadas a sociedade. \u00c9 um instrumento valioso para tomada de decis\u00f5es na institui\u00e7\u00e3o em todos os seus seguimentos.<\/p>\n\n\n\n<p><strong>De que \u00e9 composta a CPA?<\/strong><\/p>\n\n\n\n<p>A Comiss\u00e3o Pr\u00f3pria de Avalia\u00e7\u00e3o \u00e9 composta de duas estruturas: a &nbsp;CPA Central e a CPA Local. A CPA Central organiza, planeja e assessora todo o processo de Autoavalia\u00e7\u00e3o. J\u00e1 a CPA Local, presentes em todos os campus do IF Baiano conduz os processos, coletando informa\u00e7\u00f5es e enviando para Central elaborar os relat\u00f3rios parciais e finais.<\/p>\n\n\n\n<p><strong>Quem s\u00e3o os membros da CPA?<\/strong><\/p>\n\n\n\n<p>As comiss\u00f5es s\u00e3o formada por membros eleitos de diversos seguimentos: docentes, t\u00e9cnicos administrativos, discentes de n\u00edvel superior e m\u00e9dio\/t\u00e9cnico, al\u00e9m da sociedade civil. Cada categoria elege seus representantes que dever\u00e3o compor as comiss\u00f5es nos campus.<\/p>\n\n\n\n<p><strong>Como a CPA desenvolve seus trabalhos?<\/strong><\/p>\n\n\n\n<p>A Comiss\u00e3o atua atrav\u00e9s da aplica\u00e7\u00e3o de question\u00e1rios de avalia\u00e7\u00e3o institucional, rodas de conversas e visitas in locus entre outros instrumentos.<\/p>\n\n\n\n<p><strong>Quem pode responder os question\u00e1rios elaborados pela CPA?<\/strong><\/p>\n\n\n\n<p>Todo o corpo docente, discentes e t\u00e9cnico administrativo, bem como a sociedade civil organizada pode e deve preencher os formul\u00e1rios de autoavalia\u00e7\u00e3o quando solicitados pela CPA. Desta maneira a institui\u00e7\u00e3o poder\u00e1 conhecer de uma forma mais global como est\u00e1 desempenhando suas fun\u00e7\u00f5es em todos os aspectos.<\/p>\n\n\n\n<p><strong>Como posso ter acesso aos relat\u00f3rios elaborados pela CPA?<\/strong><\/p>\n\n\n\n<p>Todos relat\u00f3rios da CPA est\u00e3o dispon\u00edveis no site do IF Baiano atrav\u00e9s do link<\/p>\n\n\n\n<p><a href=\"http:\/\/ifbaiano.edu.br\/portal\/comissoes\/comissao-propria-de-avaliacao\/\">http:\/\/ifbaiano.edu.br\/portal\/comissoes\/comissao-propria-de-avaliacao\/<\/a><\/p>\n\n\n\n<p><strong>Ainda tem d\u00favidas? Quer saber mais? Gostaria de dar sua sugest\u00e3o? Entre em contato conosco:<\/strong><\/p>\n\n\n\n<p> cpa@serrinha.ifbaiano.edu.br <\/p>\n\n\n\n<p> <strong>RELAT\u00d3RIO DE AUTOAVALIA\u00c7\u00c3O INSTITUCIONAL<\/strong> <\/p>\n\n\n\n<div class=\"wp-block-file\"><a id=\"wp-block-file--media-2d3e8c44-9cf8-4495-8eab-812f91b3e880\" href=\"https:\/\/www.ifbaiano.edu.br\/unidades\/serrinha\/files\/2024\/08\/Relatorio-Final-de-Autoavaliacao-Institucional-2021-\u2013-2023.pdf\" target=\"_blank\" rel=\"noreferrer noopener\">Relat\u00f3rio Final de Autoavalia\u00e7\u00e3o Institucional (2021 \u2013 2023)<\/a><\/div>\n\n\n\n<div class=\"wp-block-file\"><a id=\"wp-block-file--media-72dc7100-263a-4226-93e2-0107067fa460\" href=\"https:\/\/www.ifbaiano.edu.br\/unidades\/serrinha\/files\/2022\/05\/9-Relatorio-Autoavaliacao-IF-Baiano-2021.pdf\" target=\"_blank\" rel=\"noreferrer noopener\">Relat\u00f3rio Autoavalia\u00e7\u00e3o IF Baiano 2021<\/a><\/div>\n\n\n\n<div class=\"wp-block-file\"><a id=\"wp-block-file--media-fd8a19b7-5fe1-410c-8c63-0db6d9729a91\" href=\"https:\/\/www.ifbaiano.edu.br\/unidades\/serrinha\/files\/2021\/09\/8-Relatorio-Final-de-Autoavaliacao-Institucional-2018-2021.pdf\">Relat\u00f3rio Final de Autoavalia\u00e7\u00e3o Institucional (2018-2020)<\/a><\/div>\n\n\n\n<div class=\"wp-block-file\"><a id=\"wp-block-file--media-64136776-4591-4917-963c-63dfe0733fc7\" href=\"https:\/\/www.ifbaiano.edu.br\/unidades\/serrinha\/files\/2020\/08\/7-Relat\u00f3rio-AutoAvalia\u00e7\u00e3o-IF-Baiano-2020.pdf\">Relat\u00f3rio AutoAvalia\u00e7\u00e3o IF Baiano 2019<\/a><\/div>\n\n\n\n<div class=\"wp-block-file\"><a id=\"wp-block-file--media-381743dc-2cab-41b4-b8d8-5e1bbdfce848\" href=\"https:\/\/www.ifbaiano.edu.br\/unidades\/serrinha\/files\/2020\/08\/6-Relat\u00f3rio-AutoAvalia\u00e7\u00e3o-IF-Baiano-2019.pdf\">Relat\u00f3rio AutoAvalia\u00e7\u00e3o IF Baiano 2018<\/a><\/div>\n\n\n\n<p> <strong>DOCUMENTOS IMPORTANTES<\/strong> <\/p>\n\n\n\n<div class=\"wp-block-file\"><a id=\"wp-block-file--media-c99f33a3-fef4-4964-b019-76e5d5a93d8c\" href=\"https:\/\/www.ifbaiano.edu.br\/unidades\/serrinha\/files\/2022\/08\/1-Portaria-207-2022-CPA-Local-Serrinha.pdf\">1 &#8211; Portaria 207-2022 CPA Local Serrinha<\/a><\/div>\n\n\n\n<div class=\"wp-block-file\"><a id=\"wp-block-file--media-38d6af56-f4f6-45ad-8826-cfe0d3630267\" href=\"https:\/\/www.ifbaiano.edu.br\/unidades\/serrinha\/files\/2020\/08\/2-Lei-10.861-de-14-de-abril-de-2004.pdf\">2 &#8211; Lei 10.861 de 14 de abril de 2004<\/a><\/div>\n\n\n\n<div class=\"wp-block-file\"><a id=\"wp-block-file--media-212c5361-b80d-4c8d-b152-20304a30528e\" href=\"https:\/\/www.ifbaiano.edu.br\/unidades\/serrinha\/files\/2020\/08\/3-PORTARIA_-2.051-DE-9-DE-JULHO-DE-2004-.pdf\">3 &#8211; PORTARIA_ 2.051, DE 9 DE JULHO DE 2004<\/a><\/div>\n\n\n\n<div class=\"wp-block-file\"><a id=\"wp-block-file--media-b5833755-1901-4cf6-8b43-2e7a836e4516\" href=\"https:\/\/www.ifbaiano.edu.br\/unidades\/serrinha\/files\/2020\/08\/4-RESOLU\u00c7\u00c3O-E-REGIMENTO.pdf\">4 &#8211; RESOLU\u00c7\u00c3O E REGIMENTO<\/a><\/div>\n\n\n\n<div class=\"wp-block-file\"><a id=\"wp-block-file--media-abbf4cfb-e57a-4570-8fa0-de0b5af35355\" href=\"https:\/\/www.ifbaiano.edu.br\/unidades\/serrinha\/files\/2020\/08\/5-PROJETO-DE-AUTO-AVALIA\u00c7\u00c3O-INSTITUCIONAL-2018-2020_dez.pdf\">5 &#8211; PROJETO-DE-AUTO-AVALIA\u00c7\u00c3O-INSTITUCIONAL &#8211; 2018-2020_dez<\/a><\/div>\n\n\n\n<div class=\"wp-block-file\"><a id=\"wp-block-file--media-02c47d99-0ef4-405d-8dd0-a20d148904cd\" href=\"https:\/\/www.ifbaiano.edu.br\/unidades\/serrinha\/files\/2023\/04\/RELATORIO-PARCIAL-DE-AUTOAVALIACAO-INSTITUCIONAL-2022.pdf\" target=\"_blank\" rel=\"noreferrer noopener\">Relat\u00f3rio Parcial de Autoavalia\u00e7\u00e3o IF Baiano 2022<\/a><\/div>\n\n\n\n<p><a href=\"https:\/\/www.ifbaiano.edu.br\/unidades\/serrinha\/cpa-comissao-propria-de-avaliacao\/atas-de-reunioes-cpa\/\" target=\"_blank\" rel=\"noreferrer noopener\" aria-label=\"Atas de Reuni\u00f5es (abre numa nova aba)\">Atas de Reuni\u00f5es<\/a><\/p>\n\n\n\n<div class=\"wp-block-file\"><a id=\"wp-block-file--media-5a473531-5a25-4240-8a64-6732a3b7727b\" href=\"https:\/\/www.ifbaiano.edu.br\/unidades\/serrinha\/files\/2023\/04\/Divulgacao-CPA.pdf\" target=\"_blank\" rel=\"noreferrer noopener\">Divulga\u00e7\u00e3o CPA<\/a><\/div>\n\n\n\n<p><a href=\"https:\/\/www.ifbaiano.edu.br\/unidades\/serrinha\/cpa-comissao-propria-de-avaliacao\/registros-fotograficos-cpa\/\" target=\"_blank\" rel=\"noreferrer noopener\" aria-label=\"Registros Fotogr\u00e1ficos (abre numa nova aba)\">Registros Fotogr\u00e1ficos<\/a><\/p>\n","protected":false},"excerpt":{"rendered":"<p>O que \u00e9 CPA? A Comiss\u00e3o Pr\u00f3pria de Avalia\u00e7\u00e3o \u2013 CPA, institu\u00edda pelo Sistema Nacional de Avalia\u00e7\u00e3o da Educa\u00e7\u00e3o Superior \u2013 SINAES, conforme previsto na lei n\u00ba 10861\/2004, tem como uma das suas principais atribui\u00e7\u00f5es a implanta\u00e7\u00e3o e o desenvolvimento de processos de avalia\u00e7\u00e3o institucional. A CPA \u00e9 portanto um \u00f3rg\u00e3o colegiado de natureza consultiva, [&hellip;]<\/p>\n","protected":false},"author":186,"featured_media":0,"parent":0,"menu_order":0,"comment_status":"closed","ping_status":"closed","template":"","meta":[],"_links":{"self":[{"href":"https:\/\/www.ifbaiano.edu.br\/unidades\/serrinha\/wp-json\/wp\/v2\/pages\/4338"}],"collection":[{"href":"https:\/\/www.ifbaiano.edu.br\/unidades\/serrinha\/wp-json\/wp\/v2\/pages"}],"about":[{"href":"https:\/\/www.ifbaiano.edu.br\/unidades\/serrinha\/wp-json\/wp\/v2\/types\/page"}],"author":[{"embeddable":true,"href":"https:\/\/www.ifbaiano.edu.br\/unidades\/serrinha\/wp-json\/wp\/v2\/users\/186"}],"replies":[{"embeddable":true,"href":"https:\/\/www.ifbaiano.edu.br\/unidades\/serrinha\/wp-json\/wp\/v2\/comments?post=4338"}],"version-history":[{"count":9,"href":"https:\/\/www.ifbaiano.edu.br\/unidades\/serrinha\/wp-json\/wp\/v2\/pages\/4338\/revisions"}],"predecessor-version":[{"id":8392,"href":"https:\/\/www.ifbaiano.edu.br\/unidades\/serrinha\/wp-json\/wp\/v2\/pages\/4338\/revisions\/8392"}],"wp:attachment":[{"href":"https:\/\/www.ifbaiano.edu.br\/unidades\/serrinha\/wp-json\/wp\/v2\/media?parent=4338"}],"curies":[{"name":"wp","href":"https:\/\/api.w.org\/{rel}","templated":true}]}}