{"id":449,"date":"2016-01-27T14:37:56","date_gmt":"2016-01-27T14:37:56","guid":{"rendered":"http:\/\/www.ifbaiano.edu.br\/unidades\/serrinha\/?page_id=449"},"modified":"2024-03-15T10:36:20","modified_gmt":"2024-03-15T13:36:20","slug":"secretaria-escolar","status":"publish","type":"page","link":"https:\/\/www.ifbaiano.edu.br\/unidades\/serrinha\/secretaria-escolar\/","title":{"rendered":"Curso T\u00e9cnico Subsequente em Secretaria Escolar (Polo Araci)"},"content":{"rendered":"\n<div class=\"wp-block-file\"><a id=\"wp-block-file--media-6fe14d48-1c75-4d13-98d6-89b77b143c79\" href=\"https:\/\/www.ifbaiano.edu.br\/unidades\/serrinha\/files\/2024\/03\/PPC-SE-alterado.pdf\" target=\"_blank\" rel=\"noreferrer noopener\">PROJETO PEDAG\u00d3GICO DO CURSO (PPC) T\u00c9CNICO EM SECRETARIA ESCOLAR<\/a><\/div>\n\n\n\n<p>O Curso T\u00e9cnico Subsequente em Secretaria Escolar, na modalidade EAD, funciona no sede do Campus Serrinha e tamb\u00e9m no Polo Araci, com um encontro presencial por semana.<\/p>\n\n\n\n<p>A Coordenadora do Curso T\u00e9cnico em Secretaria Escolar \u00e9 a Professora M\u00e1rcia Eliane e o Polo Araci \u00e9 Coordenado pelo Professor Tiago Santiago. O e-mail para contato \u00e9: <a href=\"mailto:curso.secretaria.ser@ead.ifbaiano.edu.br\">curso.secretaria.ser@ead.ifbaiano.edu.br<\/a>.<\/p>\n\n\n\n<p>O Curso T\u00e9cnico Subsequente em Secretaria Escolar dever\u00e1 \u201cpromover forma\u00e7\u00e3o profissional t\u00e9cnica para profissionais da educa\u00e7\u00e3o, que atuam em \u00e1reas de apoio \u00e0s atividades pedag\u00f3gicas e administrativas nas escolas p\u00fablicas de educa\u00e7\u00e3o b\u00e1sica, dando-lhes condi\u00e7\u00f5es para um entendimento da educa\u00e7\u00e3o e da escola como espa\u00e7os coletivos de forma\u00e7\u00e3o humana, de diversidade \u00e9tnico-cultural, bem como de desenvolvimento de compet\u00eancias para atuar numa habilita\u00e7\u00e3o espec\u00edfica, sem perder a no\u00e7\u00e3o da totalidade da fun\u00e7\u00e3o social da educa\u00e7\u00e3o\u201d. Ao final do curso, \u201co\/a egresso\/a poder\u00e1 realizar atividades de registro e controle escolar; organizar registros escolares; controlar os arquivos da vida acad\u00eamica dos alunos; elaborar o mapeamento de acad\u00eamicos para conclus\u00e3o de cursos e operacionalizar os processos de matr\u00edcula e transfer\u00eancia de alunos. O curso t\u00e9cnico em Secretaria Escolar e na modalidade EaD est\u00e1 estruturado em 1200 horas, distribu\u00eddas em tr\u00eas m\u00f3dulos de 400h, cada um correspondendo a um semestre letivo, composto por 20 semanas, sendo 80% do curso EAD e 20% presencial.\u201d<\/p>\n\n\n\n<p>Informa\u00e7\u00f5es retiradas do PPC do Curso T\u00e9cnico Subsequente em Secretaria Escolar.<\/p>\n","protected":false},"excerpt":{"rendered":"<p>O Curso T\u00e9cnico Subsequente em Secretaria Escolar, na modalidade EAD, funciona no sede do Campus Serrinha e tamb\u00e9m no Polo Araci, com um encontro presencial por semana. A Coordenadora do Curso T\u00e9cnico em Secretaria Escolar \u00e9 a Professora M\u00e1rcia Eliane e o Polo Araci \u00e9 Coordenado pelo Professor Tiago Santiago. O e-mail para contato \u00e9: [&hellip;]<\/p>\n","protected":false},"author":73,"featured_media":0,"parent":0,"menu_order":0,"comment_status":"open","ping_status":"open","template":"","meta":[],"_links":{"self":[{"href":"https:\/\/www.ifbaiano.edu.br\/unidades\/serrinha\/wp-json\/wp\/v2\/pages\/449"}],"collection":[{"href":"https:\/\/www.ifbaiano.edu.br\/unidades\/serrinha\/wp-json\/wp\/v2\/pages"}],"about":[{"href":"https:\/\/www.ifbaiano.edu.br\/unidades\/serrinha\/wp-json\/wp\/v2\/types\/page"}],"author":[{"embeddable":true,"href":"https:\/\/www.ifbaiano.edu.br\/unidades\/serrinha\/wp-json\/wp\/v2\/users\/73"}],"replies":[{"embeddable":true,"href":"https:\/\/www.ifbaiano.edu.br\/unidades\/serrinha\/wp-json\/wp\/v2\/comments?post=449"}],"version-history":[{"count":6,"href":"https:\/\/www.ifbaiano.edu.br\/unidades\/serrinha\/wp-json\/wp\/v2\/pages\/449\/revisions"}],"predecessor-version":[{"id":8216,"href":"https:\/\/www.ifbaiano.edu.br\/unidades\/serrinha\/wp-json\/wp\/v2\/pages\/449\/revisions\/8216"}],"wp:attachment":[{"href":"https:\/\/www.ifbaiano.edu.br\/unidades\/serrinha\/wp-json\/wp\/v2\/media?parent=449"}],"curies":[{"name":"wp","href":"https:\/\/api.w.org\/{rel}","templated":true}]}}