{"id":4704,"date":"2020-12-04T17:00:19","date_gmt":"2020-12-04T17:00:19","guid":{"rendered":"https:\/\/www.ifbaiano.edu.br\/unidades\/serrinha\/?page_id=4704"},"modified":"2020-12-28T15:56:32","modified_gmt":"2020-12-28T15:56:32","slug":"pregao-eletronico-srp-05-2020-contratacao-de-empresa-especializada-para-prestacao-de-servico-continuado-de-manutencao-corretiva-e-preventiva-em-02-duas-plataformas-elevatorias-instaladas-no-insti","status":"publish","type":"page","link":"https:\/\/www.ifbaiano.edu.br\/unidades\/serrinha\/diretoria-administrativa\/licitacoes-e-contratos\/licitacoes\/pregao-eletronico-srp-05-2020-contratacao-de-empresa-especializada-para-prestacao-de-servico-continuado-de-manutencao-corretiva-e-preventiva-em-02-duas-plataformas-elevatorias-instaladas-no-insti\/","title":{"rendered":"Preg\u00e3o Eletr\u00f4nico SRP 05\/2020 &#8211; Contrata\u00e7\u00e3o de empresa especializada para presta\u00e7\u00e3o de servi\u00e7o continuado de manuten\u00e7\u00e3o corretiva e preventiva em 02 (duas) plataformas elevat\u00f3rias  instaladas no Instituto Federal Baiano &#8211; Campus Serrinha."},"content":{"rendered":"\n<div class=\"wp-block-file\"><a href=\"https:\/\/www.ifbaiano.edu.br\/unidades\/serrinha\/files\/2020\/12\/AVISOD1.pdf\">AVISO DE REABERTURA DE PRAZO<\/a><\/div>\n\n\n\n<div class=\"wp-block-file\"><a href=\"https:\/\/www.ifbaiano.edu.br\/unidades\/serrinha\/files\/2020\/12\/EDITAL1.pdf\">EDITAL 09.2020 &#8211; Manuten\u00e7\u00e3o de Plataformas Elevat\u00f3ria -ATUALIZADO 18\/12<br><\/a><\/div>\n\n\n\n<div class=\"wp-block-file\"><a href=\"https:\/\/www.ifbaiano.edu.br\/unidades\/serrinha\/files\/2020\/12\/ANEXO-I-Minuta-do-Termo-de-Referencia-1.pdf\">ANEXO I &#8211; Minuta do Termo de Refer\u00eancia<\/a><\/div>\n\n\n\n<div class=\"wp-block-file\"><a href=\"https:\/\/www.ifbaiano.edu.br\/unidades\/serrinha\/files\/2020\/12\/ANEXO-II-Termo-de-Contrato-1.pdf\">ANEXO II &#8211; Termo de Contrato<\/a><\/div>\n\n\n\n<div class=\"wp-block-file\"><a href=\"https:\/\/www.ifbaiano.edu.br\/unidades\/serrinha\/files\/2020\/12\/ANEXOI3.pdf\">ANEXO III &#8211; Declara\u00e7\u00e3o de Responsabilidade Ambiental<\/a><\/div>\n\n\n\n<div class=\"wp-block-file\"><a href=\"https:\/\/www.ifbaiano.edu.br\/unidades\/serrinha\/files\/2020\/12\/ANEXO-IV-Declaracao-de-Visita-Tecnica-1.pdf\">ANEXO IV &#8211; Declara\u00e7\u00e3o de Visita T\u00e9cnica<\/a><\/div>\n\n\n\n<div class=\"wp-block-file\"><a href=\"https:\/\/www.ifbaiano.edu.br\/unidades\/serrinha\/files\/2020\/12\/ANEXOV1.pdf\">ANEXO V &#8211; Instrumento de Medi\u00e7\u00e3o de Resultado IMR<\/a><\/div>\n\n\n\n<div class=\"wp-block-file\"><a href=\"https:\/\/www.ifbaiano.edu.br\/unidades\/serrinha\/files\/2020\/12\/ANEXO-VI-Ata-de-Registro-de-Precos-1.pdf\">ANEXO VI &#8211; Ata de Registro de Pre\u00e7os<\/a><\/div>\n\n\n\n<div class=\"wp-block-file\"><a href=\"https:\/\/www.ifbaiano.edu.br\/unidades\/serrinha\/files\/2020\/12\/AVISO-DE-SUSPENSAO-AVISO-DE-SUSPENSAO-DOU-Imprensa-Nacional.pdf\">AVISO DE SUSPENS\u00c3O &#8211; DOU &#8211; Imprensa Nacional<\/a><\/div>\n\n\n\n<div class=\"wp-block-file\"><a href=\"https:\/\/www.ifbaiano.edu.br\/unidades\/serrinha\/files\/2020\/12\/AVISO-DE-LICITACAO-DOU-Imprensa-Nacional.pdf\">AVISO DE LICITA\u00c7\u00c3O &#8211; DOU &#8211; Imprensa Nacional<\/a><\/div>\n","protected":false},"excerpt":{"rendered":"","protected":false},"author":186,"featured_media":0,"parent":1674,"menu_order":0,"comment_status":"closed","ping_status":"closed","template":"","meta":[],"_links":{"self":[{"href":"https:\/\/www.ifbaiano.edu.br\/unidades\/serrinha\/wp-json\/wp\/v2\/pages\/4704"}],"collection":[{"href":"https:\/\/www.ifbaiano.edu.br\/unidades\/serrinha\/wp-json\/wp\/v2\/pages"}],"about":[{"href":"https:\/\/www.ifbaiano.edu.br\/unidades\/serrinha\/wp-json\/wp\/v2\/types\/page"}],"author":[{"embeddable":true,"href":"https:\/\/www.ifbaiano.edu.br\/unidades\/serrinha\/wp-json\/wp\/v2\/users\/186"}],"replies":[{"embeddable":true,"href":"https:\/\/www.ifbaiano.edu.br\/unidades\/serrinha\/wp-json\/wp\/v2\/comments?post=4704"}],"version-history":[{"count":3,"href":"https:\/\/www.ifbaiano.edu.br\/unidades\/serrinha\/wp-json\/wp\/v2\/pages\/4704\/revisions"}],"predecessor-version":[{"id":4775,"href":"https:\/\/www.ifbaiano.edu.br\/unidades\/serrinha\/wp-json\/wp\/v2\/pages\/4704\/revisions\/4775"}],"up":[{"embeddable":true,"href":"https:\/\/www.ifbaiano.edu.br\/unidades\/serrinha\/wp-json\/wp\/v2\/pages\/1674"}],"wp:attachment":[{"href":"https:\/\/www.ifbaiano.edu.br\/unidades\/serrinha\/wp-json\/wp\/v2\/media?parent=4704"}],"curies":[{"name":"wp","href":"https:\/\/api.w.org\/{rel}","templated":true}]}}