{"id":471,"date":"2016-01-28T12:49:04","date_gmt":"2016-01-28T12:49:04","guid":{"rendered":"http:\/\/www.ifbaiano.edu.br\/unidades\/serrinha\/?page_id=471"},"modified":"2021-08-23T16:13:26","modified_gmt":"2021-08-23T16:13:26","slug":"selecao-de-estudantes","status":"publish","type":"page","link":"https:\/\/www.ifbaiano.edu.br\/unidades\/serrinha\/selecao-de-estudantes\/","title":{"rendered":"Sele\u00e7\u00e3o de Estudantes"},"content":{"rendered":"<h3>Sele\u00e7\u00e3o de estudantes para provimento de vagas no curso de P\u00f3s-Gradua\u00e7\u00e3o Educa\u00e7\u00e3o do Campo<\/h3>\n<p>Acesse em: <a href=\"https:\/\/concurso.ifbaiano.edu.br\/portal\/pos-educacao-campo-serrinha-julho-2021\/\">concurso.ifbaiano.edu.br\/portal\/pos-educacao-campo-serrinha-julho-2021<\/a><\/p>\n<p>______________________________________________________________________________________________________________________________<\/p>\n<h3><span style=\"text-decoration: underline\"><strong>PROCESSO SELETIVO DE ESTUDANTES &#8211; 2019<\/strong><\/span><\/h3>\n<p>CURSOS INTEGRADO E SUBSEQUENTE (Agroecologia e Agropecu\u00e1ria)<\/p>\n<p><a href=\"http:\/\/www.ifbaiano.edu.br\/unidades\/serrinha\/files\/2016\/01\/3\u00ba-CHAMADA-MATR\u00cdCULA-PRORROGA\u00c7\u00c3O.pdf\">3\u00ba CHAMADA MATR\u00cdCULA- PRORROGA\u00c7\u00c3O<\/a>\u00a0\u00a0\u00a0 (Novo)<\/p>\n<p><a href=\"http:\/\/www.ifbaiano.edu.br\/unidades\/serrinha\/files\/2019\/01\/3\u00ba-CHAMADA-MATR\u00cdCULA.pdf\">EDITAL 3\u00ba CHAMADA MATR\u00cdCULA\u00a0<\/a><\/p>\n<p><a href=\"http:\/\/www.ifbaiano.edu.br\/unidades\/serrinha\/files\/2016\/01\/2\u00ba-CHAMADA-MATR\u00cdCULA.pdf\">2\u00aa CHAMADA MATR\u00cdCULA AGROECOLOGIA E AGROPECU\u00c1RIA<\/a><\/p>\n<p><a href=\"http:\/\/www.ifbaiano.edu.br\/unidades\/serrinha\/files\/2016\/01\/EDITAL-MATR\u00cdCULA-PROCESSO-SELETIVO-2019.pdf\">EDITAL MATR\u00cdCULA PROCESSO SELETIVO 2019\u00a0<\/a><\/p>\n<p><a href=\"http:\/\/concurso.ifbaiano.edu.br\/portal\/ingresso-de-estudantes-2019\/wp-content\/uploads\/sites\/183\/2018\/12\/Resultado-Final-SERRINHA.pdf\">Resultado Final<\/a><\/p>\n<p><a href=\"http:\/\/concurso.ifbaiano.edu.br\/portal\/ingresso-de-estudantes-2019\/wp-content\/uploads\/sites\/183\/2018\/12\/Resultado-dos-recursos-contra-o-resultado-preliminar-SERRINHA.pdf\">Resultado dos Recursos contra o Resultado Preliminar<\/a><\/p>\n<p><a href=\"http:\/\/concurso.ifbaiano.edu.br\/portal\/ingresso-de-estudantes-2019\/wp-content\/uploads\/sites\/183\/2018\/11\/Resultado-Preliminar-SERRINHA.pdf\">Resultado Preliminar<\/a><\/p>\n<p><a href=\"http:\/\/concurso.ifbaiano.edu.br\/portal\/ingresso-de-estudantes-2019\/wp-content\/uploads\/sites\/183\/2018\/11\/Recursos-prosel-2019_Serrinha.pdf\">Resultado dos Recursos<\/a><\/p>\n<p><a href=\"http:\/\/concurso.ifbaiano.edu.br\/portal\/ingresso-de-estudantes-2019\/wp-content\/uploads\/sites\/183\/2018\/11\/Lista-Homologa%C3%A7%C3%A3o-p%C3%B3s-recursos-SERRINHA.pdf\">Lista Homologa\u00e7\u00e3o (p\u00f3s-recursos)<\/a><\/p>\n<p><a href=\"http:\/\/concurso.ifbaiano.edu.br\/portal\/ingresso-de-estudantes-2019\/wp-content\/uploads\/sites\/183\/2018\/11\/Lista-Homologa%C3%A7%C3%A3o-SERRINHA-retificado.pdf\">Lista Homologa\u00e7\u00e3o (retificado)<\/a><\/p>\n<p><a href=\"http:\/\/concurso.ifbaiano.edu.br\/portal\/ingresso-de-estudantes-2019\/wp-content\/uploads\/sites\/183\/2018\/11\/Lista-Homologa%C3%A7%C3%A3o-SERRINHA.pdf\">Lista Homologa\u00e7\u00e3o<\/a><\/p>\n<p><a href=\"http:\/\/concurso.ifbaiano.edu.br\/portal\/ingresso-de-estudantes-2019\/wp-content\/uploads\/sites\/183\/2018\/10\/Retifica%C3%A7%C3%A3o-III-%E2%80%93-Edital-n%C2%BA-58.pdf\">Retifica\u00e7\u00e3o III &#8211; edital n\u00b058<\/a><\/p>\n<p><a href=\"http:\/\/concurso.ifbaiano.edu.br\/portal\/ingresso-de-estudantes-2019\/wp-content\/uploads\/sites\/183\/2018\/09\/Retifica%C3%A7%C3%A3o-II-Edital-n%C2%BA-58-Mudan%C3%A7a-no-quadro-de-vagas.pdf\">Retifica\u00e7\u00e3o II &#8211; edital n\u00b058<\/a><\/p>\n<p><a href=\"http:\/\/concurso.ifbaiano.edu.br\/portal\/ingresso-de-estudantes-2019\/wp-content\/uploads\/sites\/183\/2018\/08\/Retifica%C3%A7%C3%A3o-I-Edital-n%C2%BA-58-Mudan%C3%A7a-no-quadro-de-vagas.pdf\">Retifica\u00e7\u00e3o I &#8211; edital n\u00b058<\/a><\/p>\n<p><a href=\"http:\/\/concurso.ifbaiano.edu.br\/portal\/ingresso-de-estudantes-2019\/wp-content\/uploads\/sites\/183\/2018\/09\/manual-do-candidato-ingresso-2019-if-baiano.pdf\">Manual do candidato<\/a><\/p>\n<p><a href=\"http:\/\/concurso.ifbaiano.edu.br\/portal\/ingresso-de-estudantes-2019\/wp-content\/uploads\/sites\/183\/2018\/08\/Edital-n%C2%BA-58-Ingresso-de-Estudantes-2019.pdf\">Edital n\u00ba58<\/a><\/p>\n<p>PROEJA (Agroind\u00fastria)<\/p>\n<p><a href=\"http:\/\/www.ifbaiano.edu.br\/unidades\/serrinha\/files\/2016\/01\/Edital-de-Prorroga\u00e7\u00e3o-PROEJA-2019-Campus-Serrinha-fevereiro.pdf\">Edital de Prorroga\u00e7\u00e3o PROEJA<\/a> \u00a0\u00a0 (Novo)<\/p>\n<p><a href=\"http:\/\/www.ifbaiano.edu.br\/unidades\/serrinha\/files\/2019\/01\/Edital-de-vagas-remanescentes-PROEJA-2019-Campus-Serrinha-.pdf\">Edital de Vagas Remanescentes\u00a0<\/a><\/p>\n<p><a href=\"http:\/\/concurso.ifbaiano.edu.br\/portal\/proeja-2019\/wp-content\/uploads\/sites\/191\/2018\/12\/Lista-de-Classificados-p%C3%B3s-entrevista-Campus-Serrinha.pdf\">Lista de Classificado p\u00f3s entrevista<\/a><\/p>\n<p><a href=\"http:\/\/concurso.ifbaiano.edu.br\/portal\/proeja-2019\/wp-content\/uploads\/sites\/191\/2018\/11\/Cronograma-de-Entrevistas-Campus-Serrinha.pdf\">Cronograma de entrevista<\/a><\/p>\n<p><a href=\"http:\/\/concurso.ifbaiano.edu.br\/portal\/proeja-2019\/wp-content\/uploads\/sites\/191\/2018\/11\/Rela%C3%A7%C3%A3o-de-Inscritos-HABILITADOS-PARA-A-ENTREVISTA-Serrinha-Proeja.pdf\">Rela\u00e7\u00e3o de inscritos habilitados para a entrevista<\/a><\/p>\n<p><a href=\"http:\/\/concurso.ifbaiano.edu.br\/portal\/proeja-2019\/wp-content\/uploads\/sites\/191\/2018\/11\/Rela%C3%A7%C3%A3o-de-Inscritos-HOMOLOGADAS-P%C3%93S-RECURSOS-Serrinha.pdf\">Rela\u00e7\u00e3o de inscritos homologadas p\u00f3s recurso<\/a><\/p>\n<p><a href=\"http:\/\/concurso.ifbaiano.edu.br\/portal\/proeja-2019\/wp-content\/uploads\/sites\/191\/2018\/11\/Rela%C3%A7%C3%A3o-de-Inscritos-Serrinha.pdf\">Rela\u00e7\u00e3o de inscritos<\/a><\/p>\n<p><a href=\"http:\/\/concurso.ifbaiano.edu.br\/portal\/proeja-2019\/wp-content\/uploads\/sites\/191\/2018\/10\/Retifica%C3%A7%C3%A3o-IV-%E2%80%93-Edital-n%C2%BA-65-%E2%80%93-Altera%C3%A7%C3%A3o-no-cronograma.pdf\">Retifica\u00e7\u00e3o IV &#8211; edital n\u00ba65<\/a><\/p>\n<p><a href=\"http:\/\/concurso.ifbaiano.edu.br\/portal\/proeja-2019\/wp-content\/uploads\/sites\/191\/2018\/10\/Retifica%C3%A7%C3%A3o-III-Edital-n%C2%BA-65-Altera%C3%A7%C3%A3o-no-cronograma.pdf\">Retifica\u00e7\u00e3o III &#8211; edital n\u00ba65<\/a><\/p>\n<p><a href=\"http:\/\/concurso.ifbaiano.edu.br\/portal\/proeja-2019\/wp-content\/uploads\/sites\/191\/2018\/10\/Retifica%C3%A7%C3%A3o-II-Edital-n%C2%BA-65-Mudan%C3%A7a-no-cronograma.pdf\">Retifica\u00e7\u00e3o II &#8211; edital n\u00ba65<\/a><\/p>\n<p><a href=\"http:\/\/concurso.ifbaiano.edu.br\/portal\/proeja-2019\/wp-content\/uploads\/sites\/191\/2018\/10\/Edital-n%C2%BA-65-Ingresso-de-Estudantes-PROEJA-2019-Retifica%C3%A7%C3%A3o-I.pdf\">Retifica\u00e7\u00e3o I &#8211; edital n\u00ba65<\/a><\/p>\n<p><a href=\"http:\/\/concurso.ifbaiano.edu.br\/portal\/proeja-2019\/wp-content\/uploads\/sites\/191\/2018\/09\/Edital-n%C2%BA-65-Ingresso-de-Estudantes-PROEJA-2019.pdf\">Edital n\u00ba65<\/a><\/p>\n<p>__________________________________________________________________________________________<\/p>\n<h3><span style=\"text-decoration: underline\"><strong>PROCESSO SELETIVO DE ESTUDANTES &#8211; 2018<\/strong><\/span><\/h3>\n<p>P\u00d3S-GRADUA\u00c7\u00c3O<\/p>\n<p>Nota:<\/p>\n<p>A Comiss\u00e3o do processo seletivo das especializa\u00e7\u00f5es informa que, conforme o cronograma de prorroga\u00e7\u00e3o, a matr\u00edcula dos candidatos selecionados ser\u00e1 entre os dias 05 e 09 de mar\u00e7o. Os documentos necess\u00e1rios constam nos editais.<\/p>\n<p>Observa\u00e7\u00e3o: os documentos entregues para o processo de sele\u00e7\u00e3o foram enviados para a Secretaria de Registros Acad\u00eamicos e ser\u00e3o aproveitados no ato da matr\u00edcula.<\/p>\n<p><a href=\"http:\/\/www.ifbaiano.edu.br\/unidades\/serrinha\/files\/2016\/01\/RESULTADO-FINAL-EDITAL-154-EDUCA\u00c7\u00c3O-DO-CAMPO.pdf\">RESULTADO FINAL &#8211; EDITAL 154 &#8212; EDUCA\u00c7\u00c3O DO CAMPO<\/a><\/p>\n<p><a href=\"http:\/\/www.ifbaiano.edu.br\/unidades\/serrinha\/files\/2016\/01\/RESULTADO-FINAL-EDITAL-155-INOVA\u00c7\u00c3O-SOCIAL.pdf\">RESULTADO FINAL &#8211; EDITAL 155 &#8211; INOVA\u00c7\u00c3O SOCIAL<\/a><\/p>\n<p><a href=\"http:\/\/www.ifbaiano.edu.br\/unidades\/serrinha\/files\/2016\/01\/ENTREVISTAS-EDITAL-155-INOVA\u00c7\u00c3O-SOCIAL.pdf\">ENTREVISTAS &#8211; EDITAL 155 &#8211; INOVA\u00c7\u00c3O SOCIAL<\/a><\/p>\n<p><a href=\"http:\/\/www.ifbaiano.edu.br\/unidades\/serrinha\/files\/2016\/01\/ENTREVISTAS_EDITAL-154_EDUCA\u00c7\u00c3O-DO-CAMPO.pdf\">ENTREVISTAS EDITAL 154 &#8211; EDUCA\u00c7\u00c3O DO CAMPO<\/a><\/p>\n<p><a href=\"http:\/\/www.ifbaiano.edu.br\/unidades\/serrinha\/files\/2016\/01\/RESULTADO-DA-1\u00aa-FASE-EDITAL-154-EDUCA\u00c7\u00c3O-DO-CAMPO.pdf\">RESULTADO DA 1\u00aa FASE &#8211; EDITAL 154 &#8211; EDUCA\u00c7\u00c3O DO CAMPO<\/a><\/p>\n<p><a href=\"http:\/\/www.ifbaiano.edu.br\/unidades\/serrinha\/files\/2016\/01\/RESULTADO-DA-1\u00aa-FASE-EDITAL-155-INOVA\u00c7\u00c3O-SOCIAL.pdf\">RESULTADO DA 1\u00aa FASE &#8211; EDITAL 155 &#8211; INOVA\u00c7\u00c3O SOCIAL<\/a><\/p>\n<p><a href=\"http:\/\/www.ifbaiano.edu.br\/unidades\/serrinha\/files\/2016\/01\/EDITAL-154_RETIFICA\u00c7\u00c3O-DO-RESULTADO-FINAL-DAS-HOMOLOGA\u00c7\u00d5ES.pdf\">EDITAL 154_RETIFICA\u00c7\u00c3O DO RESULTADO FINAL DAS HOMOLOGA\u00c7\u00d5ES<\/a><\/p>\n<p><a href=\"http:\/\/www.ifbaiano.edu.br\/unidades\/serrinha\/files\/2016\/01\/EDITAL-154_RESULTADO-FINAL-DAS-HOMOLOGA\u00c7\u00d5ES.pdf\">EDITAL 154_RESULTADO FINAL DAS HOMOLOGA\u00c7\u00d5ES<\/a><\/p>\n<p><a href=\"http:\/\/www.ifbaiano.edu.br\/unidades\/serrinha\/files\/2016\/01\/EDITAL-155_RESULTADO-FINAL-DAS-HOMOLOGA\u00c7\u00d5ES.pdf\">EDITAL 155_RESULTADO FINAL DAS HOMOLOGA\u00c7\u00d5ES<\/a><\/p>\n<p><a href=\"http:\/\/www.ifbaiano.edu.br\/unidades\/serrinha\/files\/2016\/01\/RESULTADOS-DAS-INTERPOSI\u00c7\u00d5ES-DE-RECURSOS_EDITAIS-154_155_2017.pdf\">RESULTADOS DAS INTERPOSI\u00c7\u00d5ES DE RECURSOS_EDITAIS 154_155_2017<\/a><\/p>\n<p>Formul\u00e1rio de Interposi\u00e7\u00e3o de Recurso: <span id=\"OBJ_PREFIX_DWT102_com_zimbra_url\" class=\"Object\"><a href=\"https:\/\/goo.gl\/forms\/5RPwqHWVw6pJpEl73\" target=\"_blank\" rel=\"noopener\">https:\/\/goo.gl\/forms\/5RPwqHWVw6pJpEl73<\/a>\u00a0\u00a0<\/span><\/p>\n<p><a href=\"http:\/\/www.ifbaiano.edu.br\/unidades\/serrinha\/files\/2016\/01\/EDITAL-154_RESULTADO-PARCIAL-DAS-HOMOLOGA\u00c7\u00d5ES.pdf\">EDITAL 154_RESULTADO PARCIAL DAS HOMOLOGA\u00c7\u00d5ES<\/a><\/p>\n<p><a href=\"http:\/\/www.ifbaiano.edu.br\/unidades\/serrinha\/files\/2016\/01\/EDITAL-155_RESULTADO-PARCIAL-DAS-HOMOLOGA\u00c7\u00d5ES.pdf\">EDITAL 155_RESULTADO PARCIAL DAS HOMOLOGA\u00c7\u00d5ES<\/a><\/p>\n<p style=\"font-family: 'Open Sans',sans-serif;color: #343434;font-style: normal;font-weight: 400;letter-spacing: normal;text-align: start;text-indent: 0px;background-color: #ffffff;font-size: small;line-height: 1.5em\">\u00a0<a style=\"font-family: 'Open Sans',sans-serif;color: #347500;text-decoration: none;font-size: small\" href=\"http:\/\/www.ifbaiano.edu.br\/unidades\/serrinha\/files\/2018\/01\/ERRATA-Edital-154_155_2017_cronograma.pdf\" target=\"_blank\" rel=\"noopener\">ERRATA Edital 154_e_155_2017_cronograma<\/a><\/p>\n<p style=\"font-family: 'Open Sans',sans-serif;color: #343434;font-style: normal;font-weight: 400;letter-spacing: normal;text-align: start;text-indent: 0px;background-color: #ffffff;font-size: small;line-height: 1.5em\">\u00a0<a style=\"font-family: 'Open Sans',sans-serif;color: #347500;text-decoration: none;font-size: small\" href=\"http:\/\/www.ifbaiano.edu.br\/unidades\/serrinha\/files\/2018\/01\/Prorroga%C3%A7%C3%A3o-edital-da-p%C3%B3s.pdf\" target=\"_blank\" rel=\"noopener\">Cronograma-Prorroga\u00e7\u00e3o do edita<\/a><\/p>\n<p><a href=\"http:\/\/www.ifbaiano.edu.br\/unidades\/serrinha\/files\/2017\/12\/Edital-154_2017-Retifica\u00e7\u00e3o.pdf\">Edital 154_2017 Retifica\u00e7\u00e3o<\/a><\/p>\n<p><a href=\"http:\/\/www.ifbaiano.edu.br\/unidades\/serrinha\/files\/2017\/12\/EDITAL-N\u00ba-157-2017-PROCESSO-SELETIVO-DO-CURSO-DE-P\u00d3S-GRADUA\u00c7\u00c3O-LATO-SENSU-EM-INOVA\u00c7\u00c3O-SOCIAL-COM-\u00caNFASE-EM-ECONOMIA-E-AGROECOLOGIA-DO-CAMPUS-SERRINHA.-1.pdf\">EDITAL N\u00ba 155-2017 PROCESSO SELETIVO DO CURSO DE P\u00d3S-GRADUA\u00c7\u00c3O LATO SENSU EM INOVA\u00c7\u00c3O SOCIAL COM \u00caNFASE EM ECONOMIA E AGROECOLOGIA DO CAMPUS SERRINHA<\/a><\/p>\n<p><a href=\"http:\/\/www.ifbaiano.edu.br\/unidades\/serrinha\/files\/2017\/12\/EDITAL-N\u00ba-154-2017-PROCESSO-SELETIVO-DO-CURSO-DE-P\u00d3S-GRADUA\u00c7\u00c3O-LATO-SENSU-EM-EDUCA\u00c7\u00c3O-DO-CAMPO-SERRINHA.-2.pdf\">EDITAL N\u00ba 154-2017 PROCESSO SELETIVO DO CURSO DE P\u00d3S-GRADUA\u00c7\u00c3O LATO SENSU EM EDUCA\u00c7\u00c3O DO CAMPO SERRINHA<\/a><\/p>\n<p>CURSOS INTEGRADO E SUBSEQUENTE<\/p>\n<p><a href=\"http:\/\/ifbaiano.edu.br\/portal\/ingresso-de-estudantes-2018\/wp-content\/uploads\/sites\/39\/2017\/09\/edital-de-retificacao-123-ingresso-de-estudantes-2018-if-baiano.pdf\">Edital de Retifica\u00e7\u00e3o n\u00b0123<\/a><\/p>\n<p><a href=\"http:\/\/ifbaiano.edu.br\/portal\/ingresso-de-estudantes-2018\/wp-content\/uploads\/sites\/39\/2017\/09\/edital-de-retificacao-121-ingresso-de-estudantes-2018-if-baiano.pdf\">Edital de Retifica\u00e7\u00e3o n\u00b0121<\/a><\/p>\n<p><a href=\"http:\/\/ifbaiano.edu.br\/portal\/ingresso-de-estudantes-2018\/wp-content\/uploads\/sites\/39\/2017\/09\/edital-de-retificacao-120-ingresso-de-estudantes-2018-if-baiano.pdf\">Edital de Retifica\u00e7\u00e3o n\u00b0120<\/a><\/p>\n<p><a href=\"http:\/\/ifbaiano.edu.br\/portal\/ingresso-de-estudantes-2018\/wp-content\/uploads\/sites\/39\/2017\/08\/manual-do-candidato-do-processo-seletivo-para-ingresso-de-estudantes-2018-instituto-federal-baiano.pdf\">Manual do Candidato<\/a><\/p>\n<p><a href=\"http:\/\/ifbaiano.edu.br\/portal\/ingresso-de-estudantes-2018\/wp-content\/uploads\/sites\/39\/2017\/08\/PIE-2018-vers%C3%A3o-final-revisada.pdf\">Edital Ingresso Estudantes 2018<\/a><\/p>\n<h3><span style=\"text-decoration: underline\"><strong>PROCESSO SELETIVO DE ESTUDANTES &#8211; 2017<\/strong><\/span><\/h3>\n<p>CURSOS DE FORMA\u00c7\u00c3O INICIAL E CONTINUADA (FIC)<\/p>\n<p><a href=\"http:\/\/www.ifbaiano.edu.br\/unidades\/serrinha\/files\/2017\/06\/Edital-77-2017-Vagas-Remanescentes.pdf\">Edital de Vagas Remanescentes Cursos FIC<\/a>\u00a0 * ABERTO de 03 a 07\/07\/17 *<\/p>\n<p><a href=\"http:\/\/www.ifbaiano.edu.br\/unidades\/serrinha\/files\/2017\/05\/LISTA-FINAL-cursos-FIC-2017.pdf\">LISTA FINAL cursos FIC 2017<\/a><\/p>\n<p><a href=\"http:\/\/www.ifbaiano.edu.br\/unidades\/serrinha\/files\/2017\/05\/INSCRI%C3%87%C3%95ES-HOMOLOGADAS-FIC.pdf\">INSCRI\u00c7\u00d5ES HOMOLOGADAS FIC<\/a><\/p>\n<p><a href=\"http:\/\/www.ifbaiano.edu.br\/unidades\/serrinha\/files\/2017\/05\/CLASSIFICA%C3%87%C3%83O-GERAL-FIC.pdf\">CLASSIFICA\u00c7\u00c3O GERAL FIC<\/a><\/p>\n<p><a href=\"http:\/\/www.ifbaiano.edu.br\/unidades\/serrinha\/files\/2017\/05\/Retifica%C3%A7%C3%A3o-Edital-51-2017-FIC.pdf\">Retifica\u00e7\u00e3o Edital 51-2017 FIC<\/a><\/p>\n<p>CURSOS DE MODALIDADE DE EDUCA\u00c7\u00c3O A DIST\u00c2NCIA (EAD)<\/p>\n<p>Processo para Ingresso de Estudantes no ano letivo de 2017, em cursos t\u00e9cnicos de n\u00edvel m\u00e9dio, na forma de articula\u00e7\u00e3o Subsequente ao Ensino M\u00e9dio e na Modalidade de Educa\u00e7\u00e3o a Dist\u00e2ncia (EAD)<\/p>\n<p><a href=\"http:\/\/ifbaiano.edu.br\/portal\/ingresso-de-estudantes-2017\/wp-content\/uploads\/sites\/7\/2017\/03\/Edital-n%C2%BA-24-PIE-2017-EAD.pdf\">Edital Ingresso de Estudantes 2017 &#8211; Modalidade a Dist\u00e2ncia\u00a0<\/a><\/p>\n<p>CURSOS INTEGRADO E SUBSEQUENTE<\/p>\n<p><a href=\"http:\/\/www.ifbaiano.edu.br\/unidades\/serrinha\/files\/2016\/01\/3\u00aa-CHAMADA-AGROECOLOGIA.pdf\">3\u00aa CHAMADA AGROECOLOGIA<\/a><\/p>\n<p><span style=\"color: #3cb371\"><a href=\"http:\/\/www.ifbaiano.edu.br\/unidades\/serrinha\/files\/2016\/01\/3\u00aa-CHAMADA-AGROPECUARIA.pdf\">3\u00aa CHAMADA AGROPECU\u00c1RIA<\/a><\/span><\/p>\n<p><a href=\"http:\/\/www.ifbaiano.edu.br\/unidades\/serrinha\/files\/2016\/01\/2\u00aa-CHAMADA-AGROPECU\u00c1RIA.pdf\">2\u00aa CHAMADA AGROPECU\u00c1RIA<\/a><\/p>\n<p><span style=\"color: #3cb371\"><a href=\"http:\/\/www.ifbaiano.edu.br\/unidades\/serrinha\/files\/2016\/01\/2\u00aa-CHAMADA-AGROECOLOGIA.pdf\">2\u00aa CHAMADA AGROECOLOGIA<\/a>\u00a0<\/span><\/p>\n<p><a href=\"http:\/\/www.ifbaiano.edu.br\/unidades\/serrinha\/files\/2016\/01\/EDITAL-DE-MATR\u00cdCULA-PROSEL-2017.pdf\">EDITAL DE MATR\u00cdCULA &#8211; PROSEL 2017<\/a><\/p>\n<p><a href=\"http:\/\/ifbaiano.edu.br\/portal\/ingresso-de-estudantes-2017\/wp-content\/uploads\/sites\/7\/2017\/02\/CLASSIFICAC%CC%A7A%CC%83O-FINAL-SERRINHA.pdf\">Resultado Final (Integrado e Subsequente)<\/a><\/p>\n<p><a href=\"http:\/\/ifbaiano.edu.br\/portal\/ingresso-de-estudantes-2017\/inscricoes-homologadas-pos-recursos\/\">Inscri\u00e7\u00f5es Homologadas P\u00f3s Recursos<\/a><\/p>\n<p><a href=\"http:\/\/ifbaiano.edu.br\/portal\/ingresso-de-estudantes-2017\/wp-content\/uploads\/sites\/7\/2017\/01\/LISTA-PARA-DESEMPATE-PIE-2017-INTEGRADO-E-SUBSEQUENTE.pdf\">Rela\u00e7\u00e3o de Candidatos Empatados<\/a><\/p>\n<p><a href=\"http:\/\/ifbaiano.edu.br\/portal\/ingresso-de-estudantes-2017\/inscricoes-homologadas\/\">Inscri\u00e7\u00f5es Homologadas<\/a><\/p>\n<p><a href=\"http:\/\/ifbaiano.edu.br\/portal\/ingresso-de-estudantes-2017\/wp-content\/uploads\/sites\/7\/2017\/01\/SERRINHA-CLASSIFICA%C3%87%C3%83O-PRELIMINAR.pdf\">Classifica\u00e7\u00e3o Preliminar<\/a><\/p>\n<p><a href=\"http:\/\/ifbaiano.edu.br\/portal\/ingresso-de-estudantes-2017\/wp-content\/uploads\/sites\/7\/2016\/09\/Edital-PIE-2017-EPTNM-INTEGRADA.pdf\">Edital Ingresso de Estudantes 2017 forma INTEGRADA<\/a><\/p>\n<p><a href=\"http:\/\/ifbaiano.edu.br\/portal\/ingresso-de-estudantes-2017\/wp-content\/uploads\/sites\/7\/2016\/09\/Edital-PIE-2017-EPTNM-SUBSEQUENTE.pdf\">Edital Ingresso de Estudantes 2017 forma SUBSEQUENTE<\/a><\/p>\n<p>CURSO PROEJA<\/p>\n<p><a href=\"http:\/\/www.ifbaiano.edu.br\/unidades\/serrinha\/files\/2016\/01\/Edital-14-2017-Remanescentes-PROEJA.pdf\">Vagas Remanescentes PROEJA<\/a><\/p>\n<p><a href=\"http:\/\/ifbaiano.edu.br\/portal\/ingresso-de-estudantes-2017\/wp-content\/uploads\/sites\/7\/2016\/09\/SERRINHA-RESULTADO-PRELIMINAR-DAS-ENTREVISTAS-PROEJA-2017.pdf\">Rela\u00e7\u00e3o de Classifica\u00e7\u00e3o Final\u00a0<\/a><\/p>\n<p><a href=\"http:\/\/ifbaiano.edu.br\/portal\/ingresso-de-estudantes-2017\/wp-content\/uploads\/sites\/7\/2016\/09\/SERRINHA-RESULTADO-PRELIMINAR-DAS-ENTREVISTAS-PROEJA-2017.pdf\">Rela\u00e7\u00e3o de Classifica\u00e7\u00e3o PRELIMINAR Campus Serrinha\u00a0<\/a><\/p>\n<p><a href=\"http:\/\/ifbaiano.edu.br\/portal\/ingresso-de-estudantes-2017\/wp-content\/uploads\/sites\/7\/2016\/09\/CRONOGRAMA-DE-ENTREVISTAS-PIE-2017-PROEJA-SERRINHA-RETIFICADO.pdf\">RETIFICA\u00c7\u00c3O &#8211; Cronograma de Entrevistas<\/a><\/p>\n<p><a href=\"http:\/\/ifbaiano.edu.br\/portal\/ingresso-de-estudantes-2017\/wp-content\/uploads\/sites\/7\/2016\/09\/CRONOGRAMA-DE-ENTREVISTAS-PIE-2017-PROEJA-SERRINHA.pdf\">Cronograma de Entrevistas<\/a><\/p>\n<p><a href=\"http:\/\/ifbaiano.edu.br\/portal\/ingresso-de-estudantes-2017\/wp-content\/uploads\/sites\/7\/2016\/09\/Edital-PIE-2017-PROEJA.pdf\" target=\"_blank\" rel=\"noopener\">Edital Ingresso de Estudantes 2017 PROEJA<\/a><\/p>\n<h3><\/h3>\n<h3><\/h3>\n<h3><span style=\"text-decoration: underline\"><strong>PROCESSO SELETIVO DE ESTUDANTES &#8211; 2016<\/strong><\/span><\/h3>\n<p>CURSOS INTEGRADO E SUBSEQUENTE<\/p>\n<p><a href=\"http:\/\/www.ifbaiano.edu.br\/unidades\/serrinha\/files\/2016\/01\/EDITAL-N.007-6\u00aa-Chamada.pdf\">EDITAL N.007 &#8211; 6\u00aa Chamada<\/a><\/p>\n<p><a href=\"http:\/\/www.ifbaiano.edu.br\/unidades\/serrinha\/files\/2016\/01\/EDITAL5aChamada.pdf\">EDITAL5aChamada<\/a><\/p>\n<p><a href=\"http:\/\/www.ifbaiano.edu.br\/unidades\/serrinha\/files\/2016\/01\/4aChamada.retificada.pdf\">4aChamada.retificada<\/a><\/p>\n<p><a href=\"http:\/\/www.ifbaiano.edu.br\/unidades\/serrinha\/files\/2016\/01\/3aChamada.pdf\">3aChamada<\/a><\/p>\n<p><a href=\"http:\/\/www.ifbaiano.edu.br\/unidades\/serrinha\/files\/2016\/01\/EDITALN0032aChamada.pdf\">EDITAL N003 2a Chamada <\/a><\/p>\n<p><a href=\"http:\/\/concurso.ifbaiano.edu.br\/portal\/discente20161\/wp-content\/uploads\/sites\/26\/2016\/01\/SER_Edital-de-matr%C3%ADcula-2016.pdf\" target=\"_blank\" rel=\"noopener\">Edital de Matr\u00edcula para Estudantes Classificados<\/a><\/p>\n<p><a href=\"http:\/\/concurso.ifbaiano.edu.br\/portal\/discente20161\/wp-content\/uploads\/sites\/26\/2016\/01\/SER_Resultado-Final.pdf\" target=\"_blank\" rel=\"noopener\">Resultado Final (Integrado e Subsequente)<\/a><br \/>\n<a href=\"http:\/\/concurso.ifbaiano.edu.br\/portal\/discente20161\/wp-content\/uploads\/sites\/26\/2016\/01\/SER-Notas.pdf\" target=\"_blank\" rel=\"noopener\"><br \/>\nLista Geral de Notas dos Candidatos<\/a><\/p>\n<p><a href=\"http:\/\/concurso.ifbaiano.edu.br\/portal\/discente20161\/wp-content\/uploads\/sites\/26\/2016\/01\/SER-Classificados.pdf\" target=\"_blank\" rel=\"noopener\">Lista Preliminar de Classificados<\/a><\/p>\n<p><a href=\"http:\/\/concurso.ifbaiano.edu.br\/portal\/discente20161\/wp-content\/uploads\/sites\/26\/2016\/01\/SER-Notas.pdf\" target=\"_blank\" rel=\"noopener\">Lista Geral com Notas<\/a><\/p>\n<p><a href=\"http:\/\/concurso.ifbaiano.edu.br\/portal\/discente20161\/wp-content\/uploads\/sites\/26\/2016\/01\/SER.pdf\" target=\"_blank\" rel=\"noopener\">Lista de Candidatos Homologados ap\u00f3s Recursos<\/a><\/p>\n<p><a href=\"http:\/\/concurso.ifbaiano.edu.br\/portal\/discente20161\/wp-content\/uploads\/sites\/26\/2016\/01\/SER_LISTA-DE-RECURSOS.pdf\" target=\"_blank\" rel=\"noopener\">Resultado dos Recursos Interpostos<\/a><\/p>\n<p><a href=\"http:\/\/concurso.ifbaiano.edu.br\/portal\/discente20161\/wp-content\/uploads\/sites\/26\/2015\/10\/Edital-N%C2%BA-66-Processo-Seletivo-2016.pdf\" target=\"_blank\" rel=\"noopener\">Lista de Candidatos Homologados<\/a><\/p>\n<p><a href=\"http:\/\/concurso.ifbaiano.edu.br\/portal\/discente20161\/wp-content\/uploads\/sites\/26\/2011\/04\/ser1.pdf\" target=\"_blank\" rel=\"noopener\">Lista de Candidatos N\u00e3o Homologados<\/a><\/p>\n<p><a href=\"http:\/\/concurso.ifbaiano.edu.br\/portal\/discente20161\/wp-content\/uploads\/sites\/26\/2015\/10\/Edital-N%C2%BA-66-Processo-Seletivo-2016.pdf\" target=\"_blank\" rel=\"noopener\">Edital n\u00ba 66 (Integrado e Subsequente)<\/a><\/p>\n<p>CURSO PROEJA<\/p>\n<p><a href=\"http:\/\/concurso.ifbaiano.edu.br\/portal\/discente20161\/wp-content\/uploads\/sites\/26\/2016\/01\/SER_Edital-de-matr%C3%ADcula-2016.pdf\" target=\"_blank\" rel=\"noopener\">Campus Serrinha: Edital para matr\u00edcula<\/a><\/p>\n<p><a href=\"http:\/\/concurso.ifbaiano.edu.br\/portal\/discente20161\/wp-content\/uploads\/sites\/26\/2015\/12\/RESULTADO-PROEJA-Serrinha1.pdf\" target=\"_blank\" rel=\"noopener\">Lista de Resultado Final &#8211; Campus Serrinha<\/a><\/p>\n<p><a href=\"http:\/\/concurso.ifbaiano.edu.br\/portal\/discente20161\/wp-content\/uploads\/sites\/26\/2015\/12\/RESULTADO-PROEJA-Serrinha1.pdf\" target=\"_blank\" rel=\"noopener\">Resultado dos candidatos habilitados na entrevista PROEJA &#8211; Campus Serrinha<\/a><\/p>\n<p><a href=\"http:\/\/concurso.ifbaiano.edu.br\/portal\/discente20161\/wp-content\/uploads\/sites\/26\/2015\/12\/Cronograma-de-entrevistas_PROEJA.pdf\" target=\"_blank\" rel=\"noopener\">Rela\u00e7\u00e3o com a data e local para realiza\u00e7\u00e3o das entrevistas dos candidatos homologados <\/a><\/p>\n<p><a href=\"http:\/\/concurso.ifbaiano.edu.br\/portal\/discente20161\/wp-content\/uploads\/sites\/26\/2015\/12\/Rela%C3%A7%C3%A3o-definitiva-Inscri%C3%A7%C3%B5es-homologadas-PROEJA.pdf\" target=\"_blank\" rel=\"noopener\">Rela\u00e7\u00e3o definitiva de inscri\u00e7\u00f5es homologadas ap\u00f3s recursos <\/a><\/p>\n<p><a href=\"http:\/\/concurso.ifbaiano.edu.br\/portal\/discente20161\/wp-content\/uploads\/sites\/26\/2015\/09\/Edital-n%C2%BA-67-Processo-Seletivo-2016-PROEJA.pdf\" target=\"_blank\" rel=\"noopener\">Edital N\u00ba 67: Processo Seletivo 2016 &#8211; cursos do PROEJA <\/a><\/p>\n","protected":false},"excerpt":{"rendered":"<p>Sele\u00e7\u00e3o de estudantes para provimento de vagas no curso de P\u00f3s-Gradua\u00e7\u00e3o Educa\u00e7\u00e3o do Campo Acesse em: concurso.ifbaiano.edu.br\/portal\/pos-educacao-campo-serrinha-julho-2021 ______________________________________________________________________________________________________________________________ PROCESSO SELETIVO DE ESTUDANTES &#8211; 2019 CURSOS INTEGRADO E SUBSEQUENTE (Agroecologia e Agropecu\u00e1ria) 3\u00ba CHAMADA MATR\u00cdCULA- PRORROGA\u00c7\u00c3O\u00a0\u00a0\u00a0 (Novo) EDITAL 3\u00ba CHAMADA MATR\u00cdCULA\u00a0 2\u00aa CHAMADA MATR\u00cdCULA AGROECOLOGIA E AGROPECU\u00c1RIA EDITAL MATR\u00cdCULA PROCESSO SELETIVO 2019\u00a0 Resultado Final Resultado dos [&hellip;]<\/p>\n","protected":false},"author":73,"featured_media":0,"parent":0,"menu_order":0,"comment_status":"open","ping_status":"open","template":"","meta":[],"_links":{"self":[{"href":"https:\/\/www.ifbaiano.edu.br\/unidades\/serrinha\/wp-json\/wp\/v2\/pages\/471"}],"collection":[{"href":"https:\/\/www.ifbaiano.edu.br\/unidades\/serrinha\/wp-json\/wp\/v2\/pages"}],"about":[{"href":"https:\/\/www.ifbaiano.edu.br\/unidades\/serrinha\/wp-json\/wp\/v2\/types\/page"}],"author":[{"embeddable":true,"href":"https:\/\/www.ifbaiano.edu.br\/unidades\/serrinha\/wp-json\/wp\/v2\/users\/73"}],"replies":[{"embeddable":true,"href":"https:\/\/www.ifbaiano.edu.br\/unidades\/serrinha\/wp-json\/wp\/v2\/comments?post=471"}],"version-history":[{"count":95,"href":"https:\/\/www.ifbaiano.edu.br\/unidades\/serrinha\/wp-json\/wp\/v2\/pages\/471\/revisions"}],"predecessor-version":[{"id":5321,"href":"https:\/\/www.ifbaiano.edu.br\/unidades\/serrinha\/wp-json\/wp\/v2\/pages\/471\/revisions\/5321"}],"wp:attachment":[{"href":"https:\/\/www.ifbaiano.edu.br\/unidades\/serrinha\/wp-json\/wp\/v2\/media?parent=471"}],"curies":[{"name":"wp","href":"https:\/\/api.w.org\/{rel}","templated":true}]}}