{"id":5501,"date":"2021-10-25T11:42:33","date_gmt":"2021-10-25T14:42:33","guid":{"rendered":"https:\/\/www.ifbaiano.edu.br\/unidades\/serrinha\/?page_id=5501"},"modified":"2024-03-19T09:46:05","modified_gmt":"2024-03-19T12:46:05","slug":"coordenacao-de-ensino","status":"publish","type":"page","link":"https:\/\/www.ifbaiano.edu.br\/unidades\/serrinha\/coordenacao-de-ensino\/","title":{"rendered":"Coordena\u00e7\u00e3o de Ensino"},"content":{"rendered":"\n<p><strong>Papel:<\/strong><\/p>\n\n\n\n<p>A coordena\u00e7\u00e3o de ensino do IF Baiano \u2013 Campus Serrinha tem como atribui\u00e7\u00e3o auxiliar a dire\u00e7\u00e3o acad\u00eamica no planejamento, orienta\u00e7\u00e3o, implementa\u00e7\u00e3o, acompanhamento e avalia\u00e7\u00e3o das pr\u00e1ticas e projetos de ensino, operacionalizando as atividades curriculares nos cursos da educa\u00e7\u00e3o profissional e tecnol\u00f3gica de n\u00edvel m\u00e9dio.&nbsp;Atuando em conson\u00e2ncia com as coordena\u00e7\u00f5es de pesquisa e extens\u00e3o, a coordena\u00e7\u00e3o de ensino concentra seus esfor\u00e7os na melhoria do desempenho educacional, na organiza\u00e7\u00e3o dos espa\u00e7os pedag\u00f3gicos, na redu\u00e7\u00e3o dos \u00edndices de evas\u00e3o e reten\u00e7\u00e3o e na eleva\u00e7\u00e3o dos \u00edndices de perman\u00eancia e \u00eaxito.&nbsp;<\/p>\n\n\n\n<p>\u00c9&nbsp;composta por docentes e uma equipe multidisciplinar, que atua para a melhoria de processo de ensino-aprendizagem. Faz parte da coordena\u00e7\u00e3o de ensino:<\/p>\n\n\n\n<p>&#8211; NuAPE: N\u00facleo de Apoio ao Processo de Ensino-Aprendizagem, Perman\u00eancia e \u00caxito do educando<\/p>\n\n\n\n<p>&#8211; NAPNE: N\u00facleo de Atendimento \u00e0s Pessoas com Necessidades Espec\u00edficas<\/p>\n\n\n\n<p>&#8211; N\u00facleo de est\u00e1gio<\/p>\n\n\n\n<p>&#8211; NEABI: N\u00facleo de Estudos Afro-brasileiros e Ind\u00edgenas<\/p>\n\n\n\n<p>&#8211; NEA: N\u00facleo de Estudos em Agroecologia<\/p>\n\n\n\n<p>&#8211; NLAB: N\u00facleo de Laborat\u00f3rios<\/p>\n\n\n\n<p><strong>Titular:<\/strong><\/p>\n\n\n\n<p>Camila Lima Santana e Santana<\/p>\n\n\n\n<p><strong>Substituta:<\/strong><\/p>\n\n\n\n<p>Larissa de Queiroz Santos<\/p>\n\n\n\n<p><strong>E-mail: <\/strong><\/p>\n\n\n\n<p>ce@serrinha.ifbaiano.edu.br<\/p>\n","protected":false},"excerpt":{"rendered":"<p>Papel: A coordena\u00e7\u00e3o de ensino do IF Baiano \u2013 Campus Serrinha tem como atribui\u00e7\u00e3o auxiliar a dire\u00e7\u00e3o acad\u00eamica no planejamento, orienta\u00e7\u00e3o, implementa\u00e7\u00e3o, acompanhamento e avalia\u00e7\u00e3o das pr\u00e1ticas e projetos de ensino, operacionalizando as atividades curriculares nos cursos da educa\u00e7\u00e3o profissional e tecnol\u00f3gica de n\u00edvel m\u00e9dio.&nbsp;Atuando em conson\u00e2ncia com as coordena\u00e7\u00f5es de pesquisa e extens\u00e3o, a [&hellip;]<\/p>\n","protected":false},"author":186,"featured_media":0,"parent":0,"menu_order":0,"comment_status":"closed","ping_status":"closed","template":"","meta":[],"_links":{"self":[{"href":"https:\/\/www.ifbaiano.edu.br\/unidades\/serrinha\/wp-json\/wp\/v2\/pages\/5501"}],"collection":[{"href":"https:\/\/www.ifbaiano.edu.br\/unidades\/serrinha\/wp-json\/wp\/v2\/pages"}],"about":[{"href":"https:\/\/www.ifbaiano.edu.br\/unidades\/serrinha\/wp-json\/wp\/v2\/types\/page"}],"author":[{"embeddable":true,"href":"https:\/\/www.ifbaiano.edu.br\/unidades\/serrinha\/wp-json\/wp\/v2\/users\/186"}],"replies":[{"embeddable":true,"href":"https:\/\/www.ifbaiano.edu.br\/unidades\/serrinha\/wp-json\/wp\/v2\/comments?post=5501"}],"version-history":[{"count":6,"href":"https:\/\/www.ifbaiano.edu.br\/unidades\/serrinha\/wp-json\/wp\/v2\/pages\/5501\/revisions"}],"predecessor-version":[{"id":8224,"href":"https:\/\/www.ifbaiano.edu.br\/unidades\/serrinha\/wp-json\/wp\/v2\/pages\/5501\/revisions\/8224"}],"wp:attachment":[{"href":"https:\/\/www.ifbaiano.edu.br\/unidades\/serrinha\/wp-json\/wp\/v2\/media?parent=5501"}],"curies":[{"name":"wp","href":"https:\/\/api.w.org\/{rel}","templated":true}]}}

Coordenação de Ensino

<p><strong>Papel:</strong></p>



<p>A coordenação de ensino do IF Baiano – Campus Serrinha tem como atribuição auxiliar a direção acadêmica no planejamento, orientação, implementação, acompanhamento e avaliação das práticas e projetos de ensino, operacionalizando as atividades curriculares nos cursos da educação profissional e tecnológica de nível médio.&nbsp;Atuando em consonância com as coordenações de pesquisa e extensão, a coordenação de ensino concentra seus esforços na melhoria do desempenho educacional, na organização dos espaços pedagógicos, na redução dos índices de evasão e retenção e na elevação dos índices de permanência e êxito.&nbsp;</p>



<p>É&nbsp;composta por docentes e uma equipe multidisciplinar, que atua para a melhoria de processo de ensino-aprendizagem. Faz parte da coordenação de ensino:</p>



<p>&#8211; NuAPE: Núcleo de Apoio ao Processo de Ensino-Aprendizagem, Permanência e Êxito do educando</p>



<p>&#8211; NAPNE: Núcleo de Atendimento às Pessoas com Necessidades Específicas</p>



<p>&#8211; Núcleo de estágio</p>



<p>&#8211; NEABI: Núcleo de Estudos Afro-brasileiros e Indígenas</p>



<p>&#8211; NEA: Núcleo de Estudos em Agroecologia</p>



<p>&#8211; NLAB: Núcleo de Laboratórios</p>



<p><strong>Titular:</strong></p>



<p>Camila Lima Santana e Santana</p>



<p><strong>Substituta:</strong></p>



<p>Larissa de Queiroz Santos</p>



<p><strong>E-mail: </strong></p>



<p>ce@serrinha.ifbaiano.edu.br</p>

<p>Papel: A coordenação de ensino do IF Baiano – Campus Serrinha tem como atribuição auxiliar a direção acadêmica no planejamento, orientação, implementação, acompanhamento e avaliação das práticas e projetos de ensino, operacionalizando as atividades curriculares nos cursos da educação profissional e tecnológica de nível médio.&nbsp;Atuando em consonância com as coordenações de pesquisa e extensão, a [&hellip;]</p>
