{"id":5764,"date":"2022-03-15T16:31:50","date_gmt":"2022-03-15T19:31:50","guid":{"rendered":"https:\/\/www.ifbaiano.edu.br\/unidades\/serrinha\/?page_id=5764"},"modified":"2022-03-15T16:34:20","modified_gmt":"2022-03-15T19:34:20","slug":"pregao-eletronico-srp-06-2019","status":"publish","type":"page","link":"https:\/\/www.ifbaiano.edu.br\/unidades\/serrinha\/pregao-eletronico-srp-06-2019\/","title":{"rendered":"Preg\u00e3o Eletr\u00f4nico SRP 06\/2019 &#8211; Aquisi\u00e7\u00e3o de materiais e produtos para manuten\u00e7\u00e3o e aulas praticas de Campo &#8211; IF Baiano Campus Serrinha"},"content":{"rendered":"\n<div class=\"wp-block-file\"><a href=\"https:\/\/www.ifbaiano.edu.br\/unidades\/serrinha\/files\/2020\/09\/Resultado-por-fornecedor.pdf\">Resultado por fornecedor<\/a><\/div>\n\n\n\n<div class=\"wp-block-file\"><a href=\"https:\/\/www.ifbaiano.edu.br\/unidades\/serrinha\/files\/2020\/09\/Termo-de-Adjudica\u00e7\u00e3o.pdf\">Termo de Adjudica\u00e7\u00e3o<\/a><\/div>\n\n\n\n<div class=\"wp-block-file\"><a href=\"https:\/\/www.ifbaiano.edu.br\/unidades\/serrinha\/files\/2020\/09\/Termo-de-Homologa\u00e7\u00e3o.pdf\">Termo de Homologa\u00e7\u00e3o<\/a><\/div>\n\n\n\n<p><a href=\"http:\/\/www.ifbaiano.edu.br\/unidades\/serrinha\/files\/2020\/01\/Aviso-de-Reabertura-com-Prazo.pdf\" target=\"_blank\" rel=\"noreferrer noopener\" aria-label=\"Aviso de Reabertura de Prazo (abre numa nova aba)\">Aviso de Reabertura de Prazo<\/a><\/p>\n\n\n\n<p><a href=\"http:\/\/www.ifbaiano.edu.br\/unidades\/serrinha\/files\/2020\/01\/Edital-atualizado-Sess\u00e3o-10-02-2019.zip\" target=\"_blank\" rel=\"noreferrer noopener\" aria-label=\"Edital atualizado (abre numa nova aba)\">Edital atualizado<\/a><\/p>\n","protected":false},"excerpt":{"rendered":"<p>Aviso de Reabertura de Prazo Edital atualizado<\/p>\n","protected":false},"author":186,"featured_media":0,"parent":0,"menu_order":0,"comment_status":"closed","ping_status":"closed","template":"","meta":[],"_links":{"self":[{"href":"https:\/\/www.ifbaiano.edu.br\/unidades\/serrinha\/wp-json\/wp\/v2\/pages\/5764"}],"collection":[{"href":"https:\/\/www.ifbaiano.edu.br\/unidades\/serrinha\/wp-json\/wp\/v2\/pages"}],"about":[{"href":"https:\/\/www.ifbaiano.edu.br\/unidades\/serrinha\/wp-json\/wp\/v2\/types\/page"}],"author":[{"embeddable":true,"href":"https:\/\/www.ifbaiano.edu.br\/unidades\/serrinha\/wp-json\/wp\/v2\/users\/186"}],"replies":[{"embeddable":true,"href":"https:\/\/www.ifbaiano.edu.br\/unidades\/serrinha\/wp-json\/wp\/v2\/comments?post=5764"}],"version-history":[{"count":2,"href":"https:\/\/www.ifbaiano.edu.br\/unidades\/serrinha\/wp-json\/wp\/v2\/pages\/5764\/revisions"}],"predecessor-version":[{"id":5766,"href":"https:\/\/www.ifbaiano.edu.br\/unidades\/serrinha\/wp-json\/wp\/v2\/pages\/5764\/revisions\/5766"}],"wp:attachment":[{"href":"https:\/\/www.ifbaiano.edu.br\/unidades\/serrinha\/wp-json\/wp\/v2\/media?parent=5764"}],"curies":[{"name":"wp","href":"https:\/\/api.w.org\/{rel}","templated":true}]}}