{"id":5779,"date":"2022-03-16T09:13:58","date_gmt":"2022-03-16T12:13:58","guid":{"rendered":"https:\/\/www.ifbaiano.edu.br\/unidades\/serrinha\/?page_id=5779"},"modified":"2022-03-16T09:13:58","modified_gmt":"2022-03-16T12:13:58","slug":"pregao-eletronico-n07-2018-servicos-de-vigilancia-armada-e-desarmada","status":"publish","type":"page","link":"https:\/\/www.ifbaiano.edu.br\/unidades\/serrinha\/pregao-eletronico-n07-2018-servicos-de-vigilancia-armada-e-desarmada\/","title":{"rendered":"Preg\u00e3o\u00a0Eletr\u00f4nico N\u00b007\/2018 &#8211; Servi\u00e7os de Vigil\u00e2ncia Armada e Desarmada"},"content":{"rendered":"\n<p><a href=\"http:\/\/www.ifbaiano.edu.br\/unidades\/serrinha\/files\/2017\/11\/Aviso-de-Licita\u00e7\u00e3o-Servi\u00e7os-de-Vigil\u00e2ncia-Armada-e-Desarmada.pdf\">Aviso de Licita\u00e7\u00e3o &#8211; Servi\u00e7os de Vigil\u00e2ncia Armada e Desarmada<\/a><\/p>\n\n\n\n<p><a href=\"http:\/\/www.ifbaiano.edu.br\/unidades\/serrinha\/files\/2017\/11\/Preg\u00e3o-Eletronico-07-2018-Vigil\u00e2ncia.zip\">Edital e anexos<\/a><\/p>\n","protected":false},"excerpt":{"rendered":"<p>Aviso de Licita\u00e7\u00e3o &#8211; Servi\u00e7os de Vigil\u00e2ncia Armada e Desarmada Edital e anexos<\/p>\n","protected":false},"author":186,"featured_media":0,"parent":0,"menu_order":0,"comment_status":"closed","ping_status":"closed","template":"","meta":[],"_links":{"self":[{"href":"https:\/\/www.ifbaiano.edu.br\/unidades\/serrinha\/wp-json\/wp\/v2\/pages\/5779"}],"collection":[{"href":"https:\/\/www.ifbaiano.edu.br\/unidades\/serrinha\/wp-json\/wp\/v2\/pages"}],"about":[{"href":"https:\/\/www.ifbaiano.edu.br\/unidades\/serrinha\/wp-json\/wp\/v2\/types\/page"}],"author":[{"embeddable":true,"href":"https:\/\/www.ifbaiano.edu.br\/unidades\/serrinha\/wp-json\/wp\/v2\/users\/186"}],"replies":[{"embeddable":true,"href":"https:\/\/www.ifbaiano.edu.br\/unidades\/serrinha\/wp-json\/wp\/v2\/comments?post=5779"}],"version-history":[{"count":1,"href":"https:\/\/www.ifbaiano.edu.br\/unidades\/serrinha\/wp-json\/wp\/v2\/pages\/5779\/revisions"}],"predecessor-version":[{"id":5780,"href":"https:\/\/www.ifbaiano.edu.br\/unidades\/serrinha\/wp-json\/wp\/v2\/pages\/5779\/revisions\/5780"}],"wp:attachment":[{"href":"https:\/\/www.ifbaiano.edu.br\/unidades\/serrinha\/wp-json\/wp\/v2\/media?parent=5779"}],"curies":[{"name":"wp","href":"https:\/\/api.w.org\/{rel}","templated":true}]}}