{"id":5807,"date":"2022-03-16T09:33:58","date_gmt":"2022-03-16T12:33:58","guid":{"rendered":"https:\/\/www.ifbaiano.edu.br\/unidades\/serrinha\/?page_id=5807"},"modified":"2024-03-19T11:33:28","modified_gmt":"2024-03-19T14:33:28","slug":"documentacoes","status":"publish","type":"page","link":"https:\/\/www.ifbaiano.edu.br\/unidades\/serrinha\/diretoria-administrativa\/licitacoes-e-contratos\/licitacoes-nova\/documentacoes\/","title":{"rendered":"DOCUMENTA\u00c7\u00d5ES"},"content":{"rendered":"\n<p><a href=\"https:\/\/www.ifbaiano.edu.br\/unidades\/serrinha\/files\/2024\/03\/FLUXOGRAMA-SINTETIZADO-DE-LICITACAO.COMPRAS-IF-BAIANO-CAMPUS-SERRINHA-19.03.2024.pdf\" target=\"_blank\" rel=\"noreferrer noopener\">Fluxograma de Solicita\u00e7\u00e3o de Compras &#8211; 19\/03\/2024<\/a><\/p>\n\n\n\n<p><strong>Documentos pertinentes para processos de compra (Processos Licitat\u00f3rios e Dispensa de Licita\u00e7\u00e3o)<\/strong><\/p>\n\n\n\n<div class=\"wp-block-file\"><a id=\"wp-block-file--media-339c011c-dc1d-41da-9ca4-81e099c560fe\" href=\"https:\/\/www.ifbaiano.edu.br\/unidades\/serrinha\/files\/2024\/03\/SOLICITACAO-DE-PROPOSTA-DE-ORCAMENTO-MODELO-LEI-14.133.2021.odt\" target=\"_blank\" rel=\"noreferrer noopener\">SOLICITACAO-DE-PROPOSTA-DE-ORCAMENTO- MODELO LEI 14.133.2021<\/a><\/div>\n\n\n\n<p><strong>Documentos pertinentes para Inexigibilidade<\/strong><\/p>\n","protected":false},"excerpt":{"rendered":"<p>Fluxograma de Solicita\u00e7\u00e3o de Compras &#8211; 19\/03\/2024 Documentos pertinentes para processos de compra (Processos Licitat\u00f3rios e Dispensa de Licita\u00e7\u00e3o) Documentos pertinentes para Inexigibilidade<\/p>\n","protected":false},"author":186,"featured_media":0,"parent":5803,"menu_order":0,"comment_status":"closed","ping_status":"closed","template":"","meta":[],"_links":{"self":[{"href":"https:\/\/www.ifbaiano.edu.br\/unidades\/serrinha\/wp-json\/wp\/v2\/pages\/5807"}],"collection":[{"href":"https:\/\/www.ifbaiano.edu.br\/unidades\/serrinha\/wp-json\/wp\/v2\/pages"}],"about":[{"href":"https:\/\/www.ifbaiano.edu.br\/unidades\/serrinha\/wp-json\/wp\/v2\/types\/page"}],"author":[{"embeddable":true,"href":"https:\/\/www.ifbaiano.edu.br\/unidades\/serrinha\/wp-json\/wp\/v2\/users\/186"}],"replies":[{"embeddable":true,"href":"https:\/\/www.ifbaiano.edu.br\/unidades\/serrinha\/wp-json\/wp\/v2\/comments?post=5807"}],"version-history":[{"count":9,"href":"https:\/\/www.ifbaiano.edu.br\/unidades\/serrinha\/wp-json\/wp\/v2\/pages\/5807\/revisions"}],"predecessor-version":[{"id":8233,"href":"https:\/\/www.ifbaiano.edu.br\/unidades\/serrinha\/wp-json\/wp\/v2\/pages\/5807\/revisions\/8233"}],"up":[{"embeddable":true,"href":"https:\/\/www.ifbaiano.edu.br\/unidades\/serrinha\/wp-json\/wp\/v2\/pages\/5803"}],"wp:attachment":[{"href":"https:\/\/www.ifbaiano.edu.br\/unidades\/serrinha\/wp-json\/wp\/v2\/media?parent=5807"}],"curies":[{"name":"wp","href":"https:\/\/api.w.org\/{rel}","templated":true}]}}