{"id":7949,"date":"2023-12-18T11:20:27","date_gmt":"2023-12-18T14:20:27","guid":{"rendered":"https:\/\/www.ifbaiano.edu.br\/unidades\/serrinha\/?page_id=7949"},"modified":"2023-12-18T11:20:27","modified_gmt":"2023-12-18T14:20:27","slug":"aviso-de-dispensa-de-licitacao-eletronica-35-2023-aquisicao-de-mobiliario-sofa-tv-e-frigobar-para-o-if-baiano-campus-serrinha-lei-14-133-2021","status":"publish","type":"page","link":"https:\/\/www.ifbaiano.edu.br\/unidades\/serrinha\/aviso-de-dispensa-de-licitacao-eletronica-35-2023-aquisicao-de-mobiliario-sofa-tv-e-frigobar-para-o-if-baiano-campus-serrinha-lei-14-133-2021\/","title":{"rendered":"Aviso de Dispensa de Licita\u00e7\u00e3o Eletr\u00f4nica 35\/2023 &#8211; Aquisi\u00e7\u00e3o de Mobili\u00e1rio (SOF\u00c1, TV e FRIGOBAR) para o IF Baiano &#8211; Campus Serrinha &#8211; Lei 14.133\/2021"},"content":{"rendered":"\n<div class=\"wp-block-file\"><a id=\"wp-block-file--media-e3b2b254-4e03-4185-88e4-b157f3de297f\" href=\"https:\/\/www.ifbaiano.edu.br\/unidades\/serrinha\/files\/2023\/12\/AVISO-DE-DISPENSA-DE-LICITACAO-ELETRONICA-34.2023-AQUISICAO-DE-MOBILIARIO-SESSAO-DIA-21.12.2023.pdf\" target=\"_blank\" rel=\"noreferrer noopener\">AVISO DE DISPENSA DE LICITA\u00c7\u00c3O ELETRONICA 34.2023 &#8211; AQUISI\u00c7\u00c3O DE MOBILIARIO &#8211; SESS\u00c3O DIA 21.12.2023<\/a><\/div>\n\n\n\n<div class=\"wp-block-file\"><a id=\"wp-block-file--media-17004986-5715-4217-a5c8-330ac9924733\" href=\"https:\/\/www.ifbaiano.edu.br\/unidades\/serrinha\/files\/2023\/12\/COMPROVANTE-DE-DIVULGACAO-NO-PNCP.pdf\" target=\"_blank\" rel=\"noreferrer noopener\">COMPROVANTE DE DIVULGA\u00c7\u00c3O NO PNCP<\/a><\/div>\n","protected":false},"excerpt":{"rendered":"","protected":false},"author":186,"featured_media":0,"parent":0,"menu_order":0,"comment_status":"closed","ping_status":"closed","template":"","meta":[],"_links":{"self":[{"href":"https:\/\/www.ifbaiano.edu.br\/unidades\/serrinha\/wp-json\/wp\/v2\/pages\/7949"}],"collection":[{"href":"https:\/\/www.ifbaiano.edu.br\/unidades\/serrinha\/wp-json\/wp\/v2\/pages"}],"about":[{"href":"https:\/\/www.ifbaiano.edu.br\/unidades\/serrinha\/wp-json\/wp\/v2\/types\/page"}],"author":[{"embeddable":true,"href":"https:\/\/www.ifbaiano.edu.br\/unidades\/serrinha\/wp-json\/wp\/v2\/users\/186"}],"replies":[{"embeddable":true,"href":"https:\/\/www.ifbaiano.edu.br\/unidades\/serrinha\/wp-json\/wp\/v2\/comments?post=7949"}],"version-history":[{"count":1,"href":"https:\/\/www.ifbaiano.edu.br\/unidades\/serrinha\/wp-json\/wp\/v2\/pages\/7949\/revisions"}],"predecessor-version":[{"id":7952,"href":"https:\/\/www.ifbaiano.edu.br\/unidades\/serrinha\/wp-json\/wp\/v2\/pages\/7949\/revisions\/7952"}],"wp:attachment":[{"href":"https:\/\/www.ifbaiano.edu.br\/unidades\/serrinha\/wp-json\/wp\/v2\/media?parent=7949"}],"curies":[{"name":"wp","href":"https:\/\/api.w.org\/{rel}","templated":true}]}}