{"id":8792,"date":"2026-04-22T13:32:51","date_gmt":"2026-04-22T16:32:51","guid":{"rendered":"https:\/\/www.ifbaiano.edu.br\/unidades\/serrinha\/?page_id=8792"},"modified":"2026-04-22T13:32:51","modified_gmt":"2026-04-22T16:32:51","slug":"secretaria-de-registros-academicos-sra","status":"publish","type":"page","link":"https:\/\/www.ifbaiano.edu.br\/unidades\/serrinha\/secretaria-de-registros-academicos-sra\/","title":{"rendered":"Secretaria de Registros Acad\u00eamicos (SRA)"},"content":{"rendered":"\n<p>Coordena\u00e7\u00e3o:<\/p>\n\n\n\n<p><strong>TITULAR<\/strong><br>G\u00e9rson Limoeiro Alves<br>Portaria n\u00ba 1.205 de\u00a005\/11\/2025<\/p>\n\n\n\n<p><strong>Substituto<\/strong><br>Jossaniel Carneiro<br>Portaria n\u00ba 1.197 de\u00a007\/11\/2025<\/p>\n\n\n\n<p>________________________________________________________________________________________________________________<\/p>\n\n\n\n<p><strong>MODALIDADES E HOR\u00c1RIOS DE FUNCIONAMENTO<\/strong><\/p>\n\n\n\n<p>Modalidade: Cursos Integrados &#8211; das 08h \u00e0s 14h:<br>Servidor respons\u00e1vel: Jossaniel Carneiro.<br>Contato:\u00a0cursos.integrados.sra@serrinha.ifbaiano.edu.br<br>________________________________________________________________________________________________________________<\/p>\n\n\n\n<p>Modalidade: Cursos Subsequentes &#8211; das 08h \u00e0s 14h:<br>Servidora respons\u00e1vel: Paula Oliveira.<br>Contato:\u00a0cursos.subsequentes.sra@serrinha.ifbaiano.edu.br<br>________________________________________________________________________________________________________________<\/p>\n\n\n\n<p>Modalidade: P\u00f3s-gradua\u00e7\u00e3o &#8211; das 13h30 \u00e0s 19h30 (seg.,\u00a0qua.,\u00a0qui. e\u00a0sexta-feira), \u00e0s\u00a0ter\u00e7as-feiras: das 16h \u00e0s 22h:<br>Servidor respons\u00e1vel: Edvan Angelo.<br>Contato:\u00a0pos.sra@serrinha.ifbaiano.edu.br<br>________________________________________________________________________________________________________________<\/p>\n\n\n\n<p>Modalidade: Cursos Superiores &#8211; das 16h \u00e0s 22h (seg.,&nbsp;qua.,&nbsp;qui., e&nbsp;sexta-feira), \u00e0s&nbsp;ter\u00e7as-feiras: das 13h30 \u00e0s 19h30:<br>Servidor respons\u00e1vel: Adrean da Silva.<br>Contato:&nbsp;cursos.superiores.sra@serrinha.ifbaiano.edu.br<\/p>\n\n\n\n<p>DOCUMENTOS:<br><a rel=\"noreferrer noopener\" href=\"https:\/\/www.ifbaiano.edu.br\/unidades\/serrinha\/files\/2026\/04\/Requerimento-Estudantil.pdf\" target=\"_blank\">Modelo de Requerimento<\/a><\/p>\n\n\n\n<p><\/p>\n","protected":false},"excerpt":{"rendered":"<p>Coordena\u00e7\u00e3o: TITULARG\u00e9rson Limoeiro AlvesPortaria n\u00ba 1.205 de\u00a005\/11\/2025 SubstitutoJossaniel CarneiroPortaria n\u00ba 1.197 de\u00a007\/11\/2025 ________________________________________________________________________________________________________________ MODALIDADES E HOR\u00c1RIOS DE FUNCIONAMENTO Modalidade: Cursos Integrados &#8211; das 08h \u00e0s 14h:Servidor respons\u00e1vel: Jossaniel Carneiro.Contato:\u00a0cursos.integrados.sra@serrinha.ifbaiano.edu.br________________________________________________________________________________________________________________ Modalidade: Cursos Subsequentes &#8211; das 08h \u00e0s 14h:Servidora respons\u00e1vel: Paula Oliveira.Contato:\u00a0cursos.subsequentes.sra@serrinha.ifbaiano.edu.br________________________________________________________________________________________________________________ Modalidade: P\u00f3s-gradua\u00e7\u00e3o &#8211; das 13h30 \u00e0s 19h30 (seg.,\u00a0qua.,\u00a0qui. e\u00a0sexta-feira), \u00e0s\u00a0ter\u00e7as-feiras: das 16h \u00e0s 22h:Servidor respons\u00e1vel: [&hellip;]<\/p>\n","protected":false},"author":98,"featured_media":0,"parent":0,"menu_order":0,"comment_status":"closed","ping_status":"closed","template":"","meta":[],"_links":{"self":[{"href":"https:\/\/www.ifbaiano.edu.br\/unidades\/serrinha\/wp-json\/wp\/v2\/pages\/8792"}],"collection":[{"href":"https:\/\/www.ifbaiano.edu.br\/unidades\/serrinha\/wp-json\/wp\/v2\/pages"}],"about":[{"href":"https:\/\/www.ifbaiano.edu.br\/unidades\/serrinha\/wp-json\/wp\/v2\/types\/page"}],"author":[{"embeddable":true,"href":"https:\/\/www.ifbaiano.edu.br\/unidades\/serrinha\/wp-json\/wp\/v2\/users\/98"}],"replies":[{"embeddable":true,"href":"https:\/\/www.ifbaiano.edu.br\/unidades\/serrinha\/wp-json\/wp\/v2\/comments?post=8792"}],"version-history":[{"count":2,"href":"https:\/\/www.ifbaiano.edu.br\/unidades\/serrinha\/wp-json\/wp\/v2\/pages\/8792\/revisions"}],"predecessor-version":[{"id":8795,"href":"https:\/\/www.ifbaiano.edu.br\/unidades\/serrinha\/wp-json\/wp\/v2\/pages\/8792\/revisions\/8795"}],"wp:attachment":[{"href":"https:\/\/www.ifbaiano.edu.br\/unidades\/serrinha\/wp-json\/wp\/v2\/media?parent=8792"}],"curies":[{"name":"wp","href":"https:\/\/api.w.org\/{rel}","templated":true}]}}

Secretaria de Registros Acadêmicos (SRA)

<p>Coordenação:</p>



<p><strong>TITULAR</strong><br>Gérson Limoeiro Alves<br>Portaria nº 1.205 de 05/11/2025</p>



<p><strong>Substituto</strong><br>Jossaniel Carneiro<br>Portaria nº 1.197 de 07/11/2025</p>



<p>________________________________________________________________________________________________________________</p>



<p><strong>MODALIDADES E HORÁRIOS DE FUNCIONAMENTO</strong></p>



<p>Modalidade: Cursos Integrados &#8211; das 08h às 14h:<br>Servidor responsável: Jossaniel Carneiro.<br>Contato: cursos.integrados.sra@serrinha.ifbaiano.edu.br<br>________________________________________________________________________________________________________________</p>



<p>Modalidade: Cursos Subsequentes &#8211; das 08h às 14h:<br>Servidora responsável: Paula Oliveira.<br>Contato: cursos.subsequentes.sra@serrinha.ifbaiano.edu.br<br>________________________________________________________________________________________________________________</p>



<p>Modalidade: Pós-graduação &#8211; das 13h30 às 19h30 (seg., qua., qui. e sexta-feira), às terças-feiras: das 16h às 22h:<br>Servidor responsável: Edvan Angelo.<br>Contato: pos.sra@serrinha.ifbaiano.edu.br<br>________________________________________________________________________________________________________________</p>



<p>Modalidade: Cursos Superiores &#8211; das 16h às 22h (seg.,&nbsp;qua.,&nbsp;qui., e&nbsp;sexta-feira), às&nbsp;terças-feiras: das 13h30 às 19h30:<br>Servidor responsável: Adrean da Silva.<br>Contato:&nbsp;cursos.superiores.sra@serrinha.ifbaiano.edu.br</p>



<p>DOCUMENTOS:<br><a rel="noreferrer noopener" href="https://www.ifbaiano.edu.br/unidades/serrinha/files/2026/04/Requerimento-Estudantil.pdf" target="_blank">Modelo de Requerimento</a></p>



<p></p>

<p>Coordenação: TITULARGérson Limoeiro AlvesPortaria nº 1.205 de 05/11/2025 SubstitutoJossaniel CarneiroPortaria nº 1.197 de 07/11/2025 ________________________________________________________________________________________________________________ MODALIDADES E HORÁRIOS DE FUNCIONAMENTO Modalidade: Cursos Integrados &#8211; das 08h às 14h:Servidor responsável: Jossaniel Carneiro.Contato: cursos.integrados.sra@serrinha.ifbaiano.edu.br________________________________________________________________________________________________________________ Modalidade: Cursos Subsequentes &#8211; das 08h às 14h:Servidora responsável: Paula Oliveira.Contato: cursos.subsequentes.sra@serrinha.ifbaiano.edu.br________________________________________________________________________________________________________________ Modalidade: Pós-graduação &#8211; das 13h30 às 19h30 (seg., qua., qui. e sexta-feira), às terças-feiras: das 16h às 22h:Servidor responsável: [&hellip;]</p>
