{"id":8819,"date":"2026-04-28T09:55:22","date_gmt":"2026-04-28T12:55:22","guid":{"rendered":"https:\/\/www.ifbaiano.edu.br\/unidades\/serrinha\/?page_id=8819"},"modified":"2026-04-28T09:55:23","modified_gmt":"2026-04-28T12:55:23","slug":"administracao","status":"publish","type":"page","link":"https:\/\/www.ifbaiano.edu.br\/unidades\/serrinha\/administracao\/","title":{"rendered":"Administra\u00e7\u00e3o"},"content":{"rendered":"\n<p>O Curso T\u00e9cnico em Administra\u00e7\u00e3o Integrado ao Ensino M\u00e9dio destina-se \u00e0s pessoas que conclu\u00edram o nono ano do Ensino Fundamental e que procuram forma\u00e7\u00e3o t\u00e9cnica associada \u00e0 forma\u00e7\u00e3o de n\u00edvel m\u00e9dio. Apresenta uma dura\u00e7\u00e3o m\u00ednima de 3 (tr\u00eas) anos e m\u00e1xima de 6 (seis) anos, cursada em per\u00edodo integral diurno, articulando componentes do Ensino M\u00e9dio aos de forma\u00e7\u00e3o t\u00e9cnica, perfazendo uma carga hor\u00e1ria total de 3.060 horas.<\/p>\n\n\n\n<p>O campo de atua\u00e7\u00e3o compreende empresas e organiza\u00e7\u00f5es p\u00fablicas e privadas com atua\u00e7\u00e3o em marketing, recursos humanos\/gest\u00e3o de pessoas, log\u00edstica, finan\u00e7as e produ\u00e7\u00e3o; e nos ramos de servi\u00e7os, com\u00e9rcio, ind\u00fastria e rural. Com funcionamento em tempo integral, nos turnos matutino e vespertino, seu curr\u00edculo \u00e9 estruturado de forma que seja atendida a forma\u00e7\u00e3o geral do educando, preparando-o para al\u00e9m do exerc\u00edcio da profiss\u00e3o de T\u00e9cnico em Administra\u00e7\u00e3o, formando-o como pessoa capaz de desenvolver habilidades e compet\u00eancias necess\u00e1rias \u00e0 integra\u00e7\u00e3o na sociedade, tanto para continua\u00e7\u00e3o dos estudos, quanto para o mundo do trabalho, levando em conta tamb\u00e9m a quest\u00e3o da diversidade e da inclus\u00e3o. Para isso, al\u00e9m de uma equipe docente e t\u00e9cnica composta de servidores qualificados, apresenta um curr\u00edculo adequado que atende o p\u00fablico discente considerando a sua diversidade caracter\u00edstica do Territ\u00f3rio do Sisal.<\/p>\n\n\n\n<p><a href=\"https:\/\/www.ifbaiano.edu.br\/unidades\/serrinha\/files\/2026\/04\/PPC-Administracao-2024-versao-submissao.pdf\" data-type=\"URL\" target=\"_blank\" rel=\"noreferrer noopener\">PROJETO PEDAG\u00d3GICO DO CURSO (PPC) &#8211; T\u00c9CNICO EM ADMINISTRA\u00c7\u00c3O INTEGRADO AO ENSINO M\u00c9DIO<\/a><\/p>\n","protected":false},"excerpt":{"rendered":"<p>O Curso T\u00e9cnico em Administra\u00e7\u00e3o Integrado ao Ensino M\u00e9dio destina-se \u00e0s pessoas que conclu\u00edram o nono ano do Ensino Fundamental e que procuram forma\u00e7\u00e3o t\u00e9cnica associada \u00e0 forma\u00e7\u00e3o de n\u00edvel m\u00e9dio. Apresenta uma dura\u00e7\u00e3o m\u00ednima de 3 (tr\u00eas) anos e m\u00e1xima de 6 (seis) anos, cursada em per\u00edodo integral diurno, articulando componentes do Ensino M\u00e9dio [&hellip;]<\/p>\n","protected":false},"author":98,"featured_media":0,"parent":0,"menu_order":0,"comment_status":"closed","ping_status":"closed","template":"","meta":[],"_links":{"self":[{"href":"https:\/\/www.ifbaiano.edu.br\/unidades\/serrinha\/wp-json\/wp\/v2\/pages\/8819"}],"collection":[{"href":"https:\/\/www.ifbaiano.edu.br\/unidades\/serrinha\/wp-json\/wp\/v2\/pages"}],"about":[{"href":"https:\/\/www.ifbaiano.edu.br\/unidades\/serrinha\/wp-json\/wp\/v2\/types\/page"}],"author":[{"embeddable":true,"href":"https:\/\/www.ifbaiano.edu.br\/unidades\/serrinha\/wp-json\/wp\/v2\/users\/98"}],"replies":[{"embeddable":true,"href":"https:\/\/www.ifbaiano.edu.br\/unidades\/serrinha\/wp-json\/wp\/v2\/comments?post=8819"}],"version-history":[{"count":1,"href":"https:\/\/www.ifbaiano.edu.br\/unidades\/serrinha\/wp-json\/wp\/v2\/pages\/8819\/revisions"}],"predecessor-version":[{"id":8821,"href":"https:\/\/www.ifbaiano.edu.br\/unidades\/serrinha\/wp-json\/wp\/v2\/pages\/8819\/revisions\/8821"}],"wp:attachment":[{"href":"https:\/\/www.ifbaiano.edu.br\/unidades\/serrinha\/wp-json\/wp\/v2\/media?parent=8819"}],"curies":[{"name":"wp","href":"https:\/\/api.w.org\/{rel}","templated":true}]}}

Administração

<p>O Curso Técnico em Administração Integrado ao Ensino Médio destina-se às pessoas que concluíram o nono ano do Ensino Fundamental e que procuram formação técnica associada à formação de nível médio. Apresenta uma duração mínima de 3 (três) anos e máxima de 6 (seis) anos, cursada em período integral diurno, articulando componentes do Ensino Médio aos de formação técnica, perfazendo uma carga horária total de 3.060 horas.</p>



<p>O campo de atuação compreende empresas e organizações públicas e privadas com atuação em marketing, recursos humanos/gestão de pessoas, logística, finanças e produção; e nos ramos de serviços, comércio, indústria e rural. Com funcionamento em tempo integral, nos turnos matutino e vespertino, seu currículo é estruturado de forma que seja atendida a formação geral do educando, preparando-o para além do exercício da profissão de Técnico em Administração, formando-o como pessoa capaz de desenvolver habilidades e competências necessárias à integração na sociedade, tanto para continuação dos estudos, quanto para o mundo do trabalho, levando em conta também a questão da diversidade e da inclusão. Para isso, além de uma equipe docente e técnica composta de servidores qualificados, apresenta um currículo adequado que atende o público discente considerando a sua diversidade característica do Território do Sisal.</p>



<p><a href="https://www.ifbaiano.edu.br/unidades/serrinha/files/2026/04/PPC-Administracao-2024-versao-submissao.pdf" data-type="URL" target="_blank" rel="noreferrer noopener">PROJETO PEDAGÓGICO DO CURSO (PPC) &#8211; TÉCNICO EM ADMINISTRAÇÃO INTEGRADO AO ENSINO MÉDIO</a></p>

<p>O Curso Técnico em Administração Integrado ao Ensino Médio destina-se às pessoas que concluíram o nono ano do Ensino Fundamental e que procuram formação técnica associada à formação de nível médio. Apresenta uma duração mínima de 3 (três) anos e máxima de 6 (seis) anos, cursada em período integral diurno, articulando componentes do Ensino Médio [&hellip;]</p>
