{"id":13122,"date":"2024-02-01T10:02:32","date_gmt":"2024-02-01T13:02:32","guid":{"rendered":"https:\/\/www.ifbaiano.edu.br\/unidades\/teixeira\/?page_id=13122"},"modified":"2025-01-08T10:48:21","modified_gmt":"2025-01-08T13:48:21","slug":"cassia-cilene-fernandes-avila","status":"publish","type":"page","link":"https:\/\/www.ifbaiano.edu.br\/unidades\/teixeira\/cassia-cilene-fernandes-avila\/","title":{"rendered":"Cassia Cilene Fernandes Avila"},"content":{"rendered":"\n<p>Gradua\u00e7\u00e3o em Letras pela Universidade Federal de Minas Gerais (UFMG); Especializa\u00e7\u00e3o em L\u00edngua Portuguesa pela UNI-BH e Mestrado em Letras pela Pontif\u00edcia Universidade Cat\u00f3lica de Minas Gerais (PUC-MINAS).Atualmente \u00e9 professora de L\u00edngua Portuguesa no Instituto Federal Baiano.<strong>&nbsp;(Texto informado pelo autor)<\/strong><\/p>\n\n\n\n<p>Lattes: http:\/\/lattes.cnpq.br\/7072790433066976<\/p>\n\n\n\n<hr class=\"wp-block-separator has-alpha-channel-opacity\" \/>\n\n\n\n<p>PIT<\/p>\n\n\n\n<p><a href=\"https:\/\/www.ifbaiano.edu.br\/unidades\/teixeira\/files\/2025\/01\/Cassia-2024.1.pdf\">2024.1<\/a><\/p>\n\n\n\n<p><a href=\"https:\/\/www.ifbaiano.edu.br\/unidades\/teixeira\/files\/2025\/01\/Cassia-pit-2024.2.pdf\">2024.2<\/a><\/p>\n\n\n\n<p>RIT <\/p>\n\n\n\n<p><a href=\"https:\/\/www.ifbaiano.edu.br\/unidades\/teixeira\/files\/2025\/01\/Cassia-RIT-2024.1.pdf\">2024.1<\/a><\/p>\n\n\n\n<p><\/p>\n","protected":false},"excerpt":{"rendered":"<p>Gradua\u00e7\u00e3o em Letras pela Universidade Federal de Minas Gerais (UFMG); Especializa\u00e7\u00e3o em L\u00edngua Portuguesa pela UNI-BH e Mestrado em Letras pela Pontif\u00edcia Universidade Cat\u00f3lica de Minas Gerais (PUC-MINAS).Atualmente \u00e9 professora de L\u00edngua Portuguesa no Instituto Federal Baiano.&nbsp;(Texto informado pelo autor) Lattes: http:\/\/lattes.cnpq.br\/7072790433066976 PIT 2024.1 2024.2 RIT 2024.1<\/p>\n","protected":false},"author":152,"featured_media":0,"parent":0,"menu_order":0,"comment_status":"closed","ping_status":"closed","template":"","meta":[],"_links":{"self":[{"href":"https:\/\/www.ifbaiano.edu.br\/unidades\/teixeira\/wp-json\/wp\/v2\/pages\/13122"}],"collection":[{"href":"https:\/\/www.ifbaiano.edu.br\/unidades\/teixeira\/wp-json\/wp\/v2\/pages"}],"about":[{"href":"https:\/\/www.ifbaiano.edu.br\/unidades\/teixeira\/wp-json\/wp\/v2\/types\/page"}],"author":[{"embeddable":true,"href":"https:\/\/www.ifbaiano.edu.br\/unidades\/teixeira\/wp-json\/wp\/v2\/users\/152"}],"replies":[{"embeddable":true,"href":"https:\/\/www.ifbaiano.edu.br\/unidades\/teixeira\/wp-json\/wp\/v2\/comments?post=13122"}],"version-history":[{"count":4,"href":"https:\/\/www.ifbaiano.edu.br\/unidades\/teixeira\/wp-json\/wp\/v2\/pages\/13122\/revisions"}],"predecessor-version":[{"id":14699,"href":"https:\/\/www.ifbaiano.edu.br\/unidades\/teixeira\/wp-json\/wp\/v2\/pages\/13122\/revisions\/14699"}],"wp:attachment":[{"href":"https:\/\/www.ifbaiano.edu.br\/unidades\/teixeira\/wp-json\/wp\/v2\/media?parent=13122"}],"curies":[{"name":"wp","href":"https:\/\/api.w.org\/{rel}","templated":true}]}}