{"id":133,"date":"2011-05-19T16:47:46","date_gmt":"2011-05-19T16:47:46","guid":{"rendered":"http:\/\/localhost\/unidades\/bonfim\/?page_id=133"},"modified":"2023-05-19T10:07:28","modified_gmt":"2023-05-19T13:07:28","slug":"contatos","status":"publish","type":"page","link":"https:\/\/www.ifbaiano.edu.br\/unidades\/teixeira\/contatos\/","title":{"rendered":"Contatos"},"content":{"rendered":"\n<div align=\"center\" id=\"documentoshome\"><div id=\"doctitulo\">\n\t\t\t\t\tTELEFONE\n\t\t\t\t<\/div><\/div><!--more-->\n\n\n\n<p class=\"has-text-align-center has-medium-font-size\">(73) 3311-1050<\/p>\n\n\n\n<p><\/p>\n\n\n\n<div align=\"center\" id=\"documentoshome\"><div id=\"doctitulo\">\n\t\t\t\t\tLISTA DE CONTATOS DOS SETORES\n\t\t\t\t<\/div><\/div><!--more-->\n\n\n<p><strong>Gabinete:&nbsp;<\/strong><a href=\"mailto:gabinete@teixeira.ifbaiano.edu.br\">gabinete@teixeira.ifbaiano.edu.br<\/a><\/p>\n<p><strong>Dire\u00e7\u00e3o Acad\u00eamica:<\/strong>&nbsp;<a href=\"mailto:da@teixeira.ifbaiano.edu.br\">da@teixeira.ifbaiano.edu.br<\/a><\/p>\n<p><strong>Dire\u00e7\u00e3o Administrativa:<\/strong>&nbsp;<a href=\"mailto:dap@teixeira.ifbaiano.edu.br\">daptdf@teixeira.ifbaiano.edu.br<\/a><\/p>\n<p><strong>Coordena\u00e7\u00e3o de Assuntos Estudantis:<\/strong>&nbsp;<a href=\"mailto:cgae@teixeira.ifbaiano.edu.br\">cae@teixeira.ifbaiano.edu.br<\/a><\/p>\n<p><strong>Coordena\u00e7\u00e3o de Extens\u00e3o:<\/strong> <a href=\"mailto:extensao@teixeira.ifbaiano.edu.br\">extensao@teixeira.ifbaiano.edu.br<\/a><\/p>\n<p><strong>Coordena\u00e7\u00e3o de Suprimentos e Log\u00edstica:<\/strong>&nbsp;<a href=\"mailto:csl@teixeira.ifbaiano.edu.br\">csl@teixeira.ifbaiano.edu.br<\/a><\/p>\n<p><strong>N\u00facleo de Apoio a Gest\u00e3o de Pessoas:<\/strong>&nbsp;<a href=\"mailto:nagp@teixeira.ifbaiano.edu.br\">nagp@teixeira.ifbaiano.edu.br<\/a><\/p>\n<p><strong>N\u00facleo de Comunica\u00e7\u00e3o e Eventos:<\/strong><a href=\"mailto:comunicacao@teixeira.ifbaiano.edu.br\"><span style=\"color: #000000\"> comunicacao@teixeira.ifbaiano.edu.br <\/span><\/a><\/p>\n<p><strong>N\u00facleo de Gest\u00e3o de&nbsp;Tecnologia da Informa\u00e7\u00e3o:<\/strong> <a href=\"mailto:ngti@teixeira.ifbaiano.edu.br\">ngti@teixeira.ifbaiano.edu.br<\/a><\/p>\n<p><strong>N\u00facleo de Licita\u00e7\u00e3o:<\/strong> <a href=\"mailto:compras@teixeira.ifbaiano.edu.br\">compras@teixeira.ifbaiano.edu.br<\/a><\/p>\n<p><strong>Financeiro:<\/strong> <a href=\"mailto:financeiro@teixeira.ifbaiano.edu.br\">financeiro@teixeira.ifbaiano.edu.br<\/a><\/p>\n<p><strong>Nota Fiscal:<\/strong> <a href=\"mailto:notafiscal@teixeira.ifbaiano.edu.br\">notafiscal@teixeira.ifbaiano.edu.br<\/a><\/p>\n<p><strong>Or\u00e7amento:<\/strong> <a href=\"mailto:orcamentario@teixeira.ifbaiano.edu.br\">orcamentario@teixeira.ifbaiano.edu.br<\/a><\/p>\n\n\n<div align=\"center\" id=\"documentoshome\"><div id=\"doctitulo\">\n\t\t\t\t\tDIRE\u00c7\u00c3O ACAD\u00caMICA\n\t\t\t\t<\/div><\/div><!--more-->\n\n\n\n<p class=\"has-pale-cyan-blue-background-color has-background\"><strong>COORDENA\u00c7\u00d5ES<\/strong><br><strong>Coordena\u00e7\u00e3o de Ensino:<\/strong> <em>ce@teixeira.ifbaiano.edu.br<\/em><br><strong>Coordena\u00e7\u00e3o de Pesquisa:<\/strong> <em><a href=\"https:\/\/www.ifbaiano.edu.br\/unidades\/teixeira\/coordenacao-de-pesquisa\/\">pesquisa@teixeira.ifbaiano.edu.br<\/a><\/em><br><strong>Coordena\u00e7\u00e3o da Unidade Educativa de Campo:<\/strong>&nbsp;<em>cuec@teixeira.ifbaiano.edu.br<\/em><\/p>\n\n\n\n<p class=\"has-pale-cyan-blue-background-color has-background\"><strong>Coordena\u00e7\u00e3o dos Cursos T\u00e9cnicos de Administra\u00e7\u00e3o:<\/strong>&nbsp;<em>tec.adm@teixeira.ifbaiano.edu.br<\/em><br><strong>Coordena\u00e7\u00e3o do Curso de Engenharia Agron\u00f4mica:<\/strong>&nbsp;<em><a href=\"https:\/\/ifbaiano.edu.br\/portal\/engenharia-agronomica-teixeira-de-freitas\/coordenacao-de-curso\/\">eng.agronomica@teixeira.ifbaiano.edu.br<\/a><\/em><br><strong>Coordena\u00e7\u00e3o de Especializa\u00e7\u00e3o:<\/strong>&nbsp;<em>especializacao.ecn@teixeira.ifbaiano.edu.br<\/em><\/p>\n\n\n\n<p class=\"has-light-green-cyan-background-color has-background\"><strong>N\u00daCLEOS<\/strong><br><strong>N\u00facleo de Est\u00e1gio:<\/strong>&nbsp;<em><a href=\"https:\/\/www.ifbaiano.edu.br\/unidades\/teixeira\/aluno\/estagio\/\">estagio@teixeira.ifbaiano.edu.br<\/a><\/em><br><strong>N\u00facleo de Apoio T\u00e9cnico dos Laborat\u00f3rios:<\/strong>&nbsp;<em>natlab@teixeira.ifbaiano.edu.br<\/em><\/p>\n\n\n\n<p class=\"has-pale-pink-background-color has-background\"><strong>SETORES<\/strong><br><strong>Secretaria de Registros Acad\u00eamicos:<\/strong>&nbsp;<em><a href=\"https:\/\/www.ifbaiano.edu.br\/unidades\/teixeira\/diretoria-academica\/sra\/\">sra@teixeira.ifbaiano.edu.br<\/a><\/em><\/p>\n\n\n\n<p class=\"has-luminous-vivid-amber-background-color has-background\"><strong>REPRESENTA\u00c7\u00c3O ESTUDANTIL<\/strong><br><strong>Centro Acad\u00eamico do Curso de Engenharia Agron\u00f4mica:<\/strong> <em>ca.engagro@teixeira.ifbaiano.edu.br<\/em><br><strong>Gr\u00eamio Estudantil: <\/strong><em>gremio@teixeira.ifbaiano.edu.br<\/em><br><\/p>\n\n\n\n<div align=\"center\" id=\"documentoshome\"><div id=\"doctitulo\">\n\t\t\t\t\tCOMISS\u00d4ES\n\t\t\t\t<\/div><\/div><!--more-->\n\n\n\n<p><strong>Comiss\u00e3o Local do Processo Seletivo&nbsp;para Ingresso de Estudantes:<\/strong>&nbsp;<em>prosel@teixeira.ifbaiano.edu.br<\/em><br><strong>Comiss\u00e3o de Apoio e Incentivo \u00e0 Pesquisa:<\/strong> <em>caip@teixeira.ifbaiano.edu.br<\/em><br><strong>Comiss\u00e3o de Capacita\u00e7\u00e3o:<\/strong> <em><a href=\"https:\/\/www.ifbaiano.edu.br\/unidades\/teixeira\/diretoria-academica\/capacitacaodoservidortdf\/\">comiss\u00e3o.capacitacao@teixeira.ifbaiano.edu.br<\/a><\/em><\/p>\n","protected":false},"excerpt":{"rendered":"<p>TELEFONE<\/p>\n","protected":false},"author":1,"featured_media":0,"parent":0,"menu_order":0,"comment_status":"closed","ping_status":"closed","template":"","meta":[],"_links":{"self":[{"href":"https:\/\/www.ifbaiano.edu.br\/unidades\/teixeira\/wp-json\/wp\/v2\/pages\/133"}],"collection":[{"href":"https:\/\/www.ifbaiano.edu.br\/unidades\/teixeira\/wp-json\/wp\/v2\/pages"}],"about":[{"href":"https:\/\/www.ifbaiano.edu.br\/unidades\/teixeira\/wp-json\/wp\/v2\/types\/page"}],"author":[{"embeddable":true,"href":"https:\/\/www.ifbaiano.edu.br\/unidades\/teixeira\/wp-json\/wp\/v2\/users\/1"}],"replies":[{"embeddable":true,"href":"https:\/\/www.ifbaiano.edu.br\/unidades\/teixeira\/wp-json\/wp\/v2\/comments?post=133"}],"version-history":[{"count":39,"href":"https:\/\/www.ifbaiano.edu.br\/unidades\/teixeira\/wp-json\/wp\/v2\/pages\/133\/revisions"}],"predecessor-version":[{"id":12340,"href":"https:\/\/www.ifbaiano.edu.br\/unidades\/teixeira\/wp-json\/wp\/v2\/pages\/133\/revisions\/12340"}],"wp:attachment":[{"href":"https:\/\/www.ifbaiano.edu.br\/unidades\/teixeira\/wp-json\/wp\/v2\/media?parent=133"}],"curies":[{"name":"wp","href":"https:\/\/api.w.org\/{rel}","templated":true}]}}