{"id":13306,"date":"2024-02-05T11:25:04","date_gmt":"2024-02-05T14:25:04","guid":{"rendered":"https:\/\/www.ifbaiano.edu.br\/unidades\/teixeira\/?page_id=13306"},"modified":"2025-01-08T08:45:22","modified_gmt":"2025-01-08T11:45:22","slug":"marta-cristina-silva-carvalho","status":"publish","type":"page","link":"https:\/\/www.ifbaiano.edu.br\/unidades\/teixeira\/marta-cristina-silva-carvalho\/","title":{"rendered":"Marta Cristina Silva Carvalho"},"content":{"rendered":"\n<p>Possui Gradua\u00e7\u00e3o em Engenharia Agr\u00edcola e Ambiental pela Universidade Federal de Vi\u00e7osa (UFV), conclu\u00edda em janeiro de 2009. Mestre e Doutora em Engenharia Agr\u00edcola na \u00c1rea de Recursos H\u00eddricos e Ambientais pela UFV- 2011 e 2015, respectivamente. Foi professora substituta na Universidade Federal de Vi\u00e7osa &#8211; Campus Florestal\/MG no per\u00edodo de fevereiro de 2012 a dezembro de 2014, onde ministrou as disciplinas de Gest\u00e3o Ambiental, Manejo e Tratamento de Poluentes, Controle da polui\u00e7\u00e3o em processos industriais, Coleta e tratamento de \u00e1guas residu\u00e1rias, No\u00e7\u00f5es de Gest\u00e3o Ambiental e Saneamento, Sustentabilidade e Controle ambiental na ind\u00fastria de alimentos. Foi professora dos cursos de Engenharia Ambiental e Civil da Faculdade de Tecnologia e Ci\u00eancias &#8211; Itabuna\/BA, ministrando as disciplinas de Mec\u00e2nica dos Solos I, Geologia, Hidr\u00e1ulica, Tratamento de \u00c1gua e Esgoto e Saneamento e para o curso de Engenharia Civil da Faculdade Madre Tha\u00eds &#8211; Ilh\u00e9us\/Ba, onde ministrou as disciplinas de Mec\u00e2nica dos Solos, Hidr\u00e1ulica, Hidrologia e Sistemas de Abastecimento. Atuou como professora substituta na Universidade do Estado da Bahia (UNEB) &#8211; Campus Xique-Xique\/Ba, coordenando as disciplinas de Resist\u00eancia dos Materiais, Mec\u00e2nica dos Fluidos, Termodin\u00e2mica, Hidr\u00e1ulica I e II e Sistemas de Esgotamento Sanit\u00e1rio para o Curso de Engenharia Sanit\u00e1ria e Ambiental. Atualmente \u00e9 professora EBTT do IF Baiano, campus Teixeira de Freitas, atuando nas \u00e1reas de Topografia e Geoprocessamento, M\u00e1quinas e Implementos Agr\u00edcolas, Constru\u00e7\u00f5es Rurais e Ambi\u00eancia e Hidr\u00e1ulica Agr\u00edcola.<strong>&nbsp;(Texto informado pelo autor)<\/strong><\/p>\n\n\n\n<p>Lattes: <a href=\"http:\/\/lattes.cnpq.br\/3971407415198467\">http:\/\/lattes.cnpq.br\/3971407415198467<\/a><\/p>\n\n\n\n<hr class=\"wp-block-separator has-alpha-channel-opacity\" \/>\n\n\n\n<p>Plano de Trabalho Docente<\/p>\n\n\n\n<p><a href=\"https:\/\/www.ifbaiano.edu.br\/unidades\/teixeira\/files\/2024\/02\/Marta-Carvalho-PIT-2022.1.pdf\">2022.1<\/a><\/p>\n\n\n\n<p><a href=\"https:\/\/www.ifbaiano.edu.br\/unidades\/teixeira\/files\/2024\/02\/Marta-Cristina-PIT-2022.2.pdf\">2022.2<\/a><\/p>\n\n\n\n<p><a href=\"https:\/\/www.ifbaiano.edu.br\/unidades\/teixeira\/files\/2024\/02\/Marta-Cristina-PIT-2023.1.pdf\">2023.1<\/a><\/p>\n\n\n\n<p><a href=\"https:\/\/www.ifbaiano.edu.br\/unidades\/teixeira\/files\/2024\/02\/Marta-Carvalho-PIT-2023.2.pdf\">2023.2<\/a><\/p>\n\n\n\n<p><a href=\"https:\/\/www.ifbaiano.edu.br\/unidades\/teixeira\/files\/2025\/01\/Marta-pit-2024.1.pdf\">2024.1<\/a><\/p>\n\n\n\n<p><a href=\"https:\/\/www.ifbaiano.edu.br\/unidades\/teixeira\/files\/2025\/01\/Marta-PIT-2024.2.pdf\">2024.2<\/a><\/p>\n\n\n\n<p>Relat\u00f3rio de Trabalho Docente<\/p>\n\n\n\n<p><a href=\"https:\/\/www.ifbaiano.edu.br\/unidades\/teixeira\/files\/2024\/02\/Marta-Carvalho-RIT-2022.1.pdf\">2022.1<\/a><\/p>\n\n\n\n<p><a href=\"https:\/\/www.ifbaiano.edu.br\/unidades\/teixeira\/files\/2024\/02\/Marta-Cristina-RIT-2022.2.pdf\">2022.2<\/a><\/p>\n\n\n\n<p><a href=\"https:\/\/www.ifbaiano.edu.br\/unidades\/teixeira\/files\/2024\/02\/Marta-Cristina-RIT-2023.1.pdf\">2023.1<\/a><\/p>\n\n\n\n<p><a href=\"https:\/\/www.ifbaiano.edu.br\/unidades\/teixeira\/files\/2025\/01\/Marta-RIT-2023.2.pdf\">2023.2<\/a><\/p>\n\n\n\n<p><a href=\"https:\/\/www.ifbaiano.edu.br\/unidades\/teixeira\/files\/2025\/01\/Marta-rit-2024.1.pdf\">2024.1<\/a><\/p>\n","protected":false},"excerpt":{"rendered":"<p>Possui Gradua\u00e7\u00e3o em Engenharia Agr\u00edcola e Ambiental pela Universidade Federal de Vi\u00e7osa (UFV), conclu\u00edda em janeiro de 2009. Mestre e Doutora em Engenharia Agr\u00edcola na \u00c1rea de Recursos H\u00eddricos e Ambientais pela UFV- 2011 e 2015, respectivamente. Foi professora substituta na Universidade Federal de Vi\u00e7osa &#8211; Campus Florestal\/MG no per\u00edodo de fevereiro de 2012 a [&hellip;]<\/p>\n","protected":false},"author":152,"featured_media":0,"parent":0,"menu_order":0,"comment_status":"closed","ping_status":"closed","template":"","meta":[],"_links":{"self":[{"href":"https:\/\/www.ifbaiano.edu.br\/unidades\/teixeira\/wp-json\/wp\/v2\/pages\/13306"}],"collection":[{"href":"https:\/\/www.ifbaiano.edu.br\/unidades\/teixeira\/wp-json\/wp\/v2\/pages"}],"about":[{"href":"https:\/\/www.ifbaiano.edu.br\/unidades\/teixeira\/wp-json\/wp\/v2\/types\/page"}],"author":[{"embeddable":true,"href":"https:\/\/www.ifbaiano.edu.br\/unidades\/teixeira\/wp-json\/wp\/v2\/users\/152"}],"replies":[{"embeddable":true,"href":"https:\/\/www.ifbaiano.edu.br\/unidades\/teixeira\/wp-json\/wp\/v2\/comments?post=13306"}],"version-history":[{"count":5,"href":"https:\/\/www.ifbaiano.edu.br\/unidades\/teixeira\/wp-json\/wp\/v2\/pages\/13306\/revisions"}],"predecessor-version":[{"id":14563,"href":"https:\/\/www.ifbaiano.edu.br\/unidades\/teixeira\/wp-json\/wp\/v2\/pages\/13306\/revisions\/14563"}],"wp:attachment":[{"href":"https:\/\/www.ifbaiano.edu.br\/unidades\/teixeira\/wp-json\/wp\/v2\/media?parent=13306"}],"curies":[{"name":"wp","href":"https:\/\/api.w.org\/{rel}","templated":true}]}}