{"id":13342,"date":"2024-02-16T10:39:22","date_gmt":"2024-02-16T13:39:22","guid":{"rendered":"https:\/\/www.ifbaiano.edu.br\/unidades\/teixeira\/?page_id=13342"},"modified":"2025-01-08T09:19:08","modified_gmt":"2025-01-08T12:19:08","slug":"neidiane-brito-da-silva-sa","status":"publish","type":"page","link":"https:\/\/www.ifbaiano.edu.br\/unidades\/teixeira\/neidiane-brito-da-silva-sa\/","title":{"rendered":"Neidiane Brito da Silva Sa"},"content":{"rendered":"\n<p>Possui gradua\u00e7\u00e3o em Letras e Artes pela Universidade Estadual de Santa Cruz (2003); Mestrado em Letras: Linguagens e Representa\u00e7\u00f5es pela Universidade Estadual de Santa Cruz (2011). Foi coordenadora pedag\u00f3gica da Faculdade do Sul &#8211; Unime, al\u00e9m de ter sido professora na mesma institui\u00e7\u00e3o de ensino. Foi professora Formadora bolsista de Ingl\u00eas Instrumental PARFOR\/ UESC e professora substituta pela UESC. Possui experi\u00eancia como professora de Metodologia Cient\u00edfica e do Centro de Idiomas na UNIME. Foi orientadora de TCC pela UNIASSELVI at\u00e9 final de 2012. Atuou como professora na UNEB de 2014 a 2015, Campus X Teixeira de Freitas. Atualmente \u00e9 professora titular EBTT no IFBAIANO de Teixeira de Freitas, na \u00e1rea de Linguagens (L\u00edngua Portuguesa e L\u00edngua Inglesa), trabalhando tamb\u00e9m com Metodologia Cient\u00edfica.<strong>&nbsp;(Texto informado pelo autor)<\/strong><\/p>\n\n\n\n<p>Lattes: &nbsp;<a href=\"http:\/\/lattes.cnpq.br\/2202793488354009\">http:\/\/lattes.cnpq.br\/2202793488354009<\/a><\/p>\n\n\n\n<hr class=\"wp-block-separator has-alpha-channel-opacity\" \/>\n\n\n\n<p>Plano de Trabalho Docente<\/p>\n\n\n\n<p><a href=\"https:\/\/www.ifbaiano.edu.br\/unidades\/teixeira\/files\/2024\/02\/Neidiane-Sa-PIT-2022.1.pdf\">2022.1<\/a><\/p>\n\n\n\n<p>2022.2<\/p>\n\n\n\n<p><a href=\"https:\/\/www.ifbaiano.edu.br\/unidades\/teixeira\/files\/2024\/02\/Neidiane-de-Sa-PIT-2023.1.pdf\">2023.1<\/a><\/p>\n\n\n\n<p><a href=\"https:\/\/www.ifbaiano.edu.br\/unidades\/teixeira\/files\/2024\/02\/Neidiane-de-Sa-PIT-2023.2.pdf\">2023.2<\/a><\/p>\n\n\n\n<p><a href=\"https:\/\/www.ifbaiano.edu.br\/unidades\/teixeira\/files\/2025\/01\/Neidiane-pit-2024.1.pdf\">2024.1<\/a><\/p>\n\n\n\n<p><a href=\"https:\/\/www.ifbaiano.edu.br\/unidades\/teixeira\/files\/2025\/01\/Neidiane-pit-2024.2.pdf\">2024.2<\/a><\/p>\n\n\n\n<p>Relat\u00f3rio de Trabalho Docente<\/p>\n\n\n\n<p><a href=\"https:\/\/www.ifbaiano.edu.br\/unidades\/teixeira\/files\/2024\/02\/Neidiane-Sa-RIT-2022.1.pdf\">2022.1<\/a><\/p>\n\n\n\n<p><a href=\"https:\/\/www.ifbaiano.edu.br\/unidades\/teixeira\/files\/2024\/02\/Neidiane-de-Sa-RIT-2022.2.pdf\">2022.2<\/a><\/p>\n\n\n\n<p><a href=\"https:\/\/www.ifbaiano.edu.br\/unidades\/teixeira\/files\/2024\/02\/Neidiane-de-Sa-RIT-2023.1.pdf\">2023.1<\/a><\/p>\n\n\n\n<p><a href=\"https:\/\/www.ifbaiano.edu.br\/unidades\/teixeira\/files\/2025\/01\/Neidiane-RIT-2023.2.pdf\">2023.2<\/a><\/p>\n\n\n\n<p><a href=\"https:\/\/www.ifbaiano.edu.br\/unidades\/teixeira\/files\/2025\/01\/Neidiane-rit-2024.1.pdf\">2024.1<\/a><\/p>\n\n\n\n<p><a href=\"https:\/\/www.ifbaiano.edu.br\/unidades\/teixeira\/files\/2025\/01\/Neidiane-RIT-2024.2.pdf\">2024.2<\/a><\/p>\n","protected":false},"excerpt":{"rendered":"<p>Possui gradua\u00e7\u00e3o em Letras e Artes pela Universidade Estadual de Santa Cruz (2003); Mestrado em Letras: Linguagens e Representa\u00e7\u00f5es pela Universidade Estadual de Santa Cruz (2011). Foi coordenadora pedag\u00f3gica da Faculdade do Sul &#8211; Unime, al\u00e9m de ter sido professora na mesma institui\u00e7\u00e3o de ensino. Foi professora Formadora bolsista de Ingl\u00eas Instrumental PARFOR\/ UESC e [&hellip;]<\/p>\n","protected":false},"author":152,"featured_media":0,"parent":0,"menu_order":0,"comment_status":"closed","ping_status":"closed","template":"","meta":[],"_links":{"self":[{"href":"https:\/\/www.ifbaiano.edu.br\/unidades\/teixeira\/wp-json\/wp\/v2\/pages\/13342"}],"collection":[{"href":"https:\/\/www.ifbaiano.edu.br\/unidades\/teixeira\/wp-json\/wp\/v2\/pages"}],"about":[{"href":"https:\/\/www.ifbaiano.edu.br\/unidades\/teixeira\/wp-json\/wp\/v2\/types\/page"}],"author":[{"embeddable":true,"href":"https:\/\/www.ifbaiano.edu.br\/unidades\/teixeira\/wp-json\/wp\/v2\/users\/152"}],"replies":[{"embeddable":true,"href":"https:\/\/www.ifbaiano.edu.br\/unidades\/teixeira\/wp-json\/wp\/v2\/comments?post=13342"}],"version-history":[{"count":5,"href":"https:\/\/www.ifbaiano.edu.br\/unidades\/teixeira\/wp-json\/wp\/v2\/pages\/13342\/revisions"}],"predecessor-version":[{"id":14610,"href":"https:\/\/www.ifbaiano.edu.br\/unidades\/teixeira\/wp-json\/wp\/v2\/pages\/13342\/revisions\/14610"}],"wp:attachment":[{"href":"https:\/\/www.ifbaiano.edu.br\/unidades\/teixeira\/wp-json\/wp\/v2\/media?parent=13342"}],"curies":[{"name":"wp","href":"https:\/\/api.w.org\/{rel}","templated":true}]}}