{"id":13375,"date":"2024-02-16T10:54:45","date_gmt":"2024-02-16T13:54:45","guid":{"rendered":"https:\/\/www.ifbaiano.edu.br\/unidades\/teixeira\/?page_id=13375"},"modified":"2025-01-08T09:21:45","modified_gmt":"2025-01-08T12:21:45","slug":"quedma-rocha-cristal","status":"publish","type":"page","link":"https:\/\/www.ifbaiano.edu.br\/unidades\/teixeira\/quedma-rocha-cristal\/","title":{"rendered":"Quedma Rocha Cristal"},"content":{"rendered":"\n<p>Mestre em Educa\u00e7\u00e3o Musical pelo Programa de P\u00f3s-Gradua\u00e7\u00e3o em M\u00fasica da Universidade Federal da Bahia &#8211; UFBA, com bolsa Capes. Graduada no curso de Licenciatura em M\u00fasica pela Universidade Federal da Bahia (2011). Possui o Curso T\u00e9cnico em piano pelo Conservat\u00f3rio Brasileiro de M\u00fasica do Rio de Janeiro (2005). Tem especializa\u00e7\u00e3o em Psicopedagogia e Educa\u00e7\u00e3o Especial pelo Centro Universit\u00e1rio Jorge Amado (2019). Atualmente \u00e9 professora de m\u00fasica do Instituto Federal de Educa\u00e7\u00e3o, Ci\u00eancia e Tecnologia Baiano, Campus Teixeira de Freitas (Ba). Foi tutora presencial do curso de Licenciatura em M\u00fasica na modalidade EAD da Universidade do Estado da Bahia no Campus X de Teixeira de Freitas (2018.2\/ 2019). Foi corista (bolsista) do Madrigal da Universidade Federal da Bahia, no per\u00edodo de 2009 a 2012. Participou de \u00f3peras pela ALBA &#8211; Associa\u00e7\u00e3o L\u00edrica da Bahia, sob a reg\u00eancia dos maestros Pino Onnis e Jos\u00e9 Maur\u00edcio Brand\u00e3o. Foi professora do Projeto Casulo Musical, do Complexo Comunit\u00e1rio Vida Plena do Bairro de Pau da Lima nos anos de 2011 a 2013. Foi professora do curso IMIT &#8211; Inicia\u00e7\u00e3o Musical com Introdu\u00e7\u00e3o ao Teclado (2009-2018) e coordenadora do IMIT e Pr\u00e9-B\u00e1sico (2014 &#8211; 2018), cursos estes que fazem parte do Projeto de Pedagogia Coletiva de Instrumentos Musicais do curso de Extens\u00e3o da Escola de M\u00fasica da UFBA. Tem experi\u00eancia no ensino de m\u00fasica no ensino b\u00e1sico, escola especializada, ensino regular, particular e projeto social, ministrando aulas de musicaliza\u00e7\u00e3o infantil, inicia\u00e7\u00e3o ao piano, teoria musical, flauta doce e pr\u00e1tica de conjunto.<strong>&nbsp;(Texto informado pelo autor)<\/strong><\/p>\n\n\n\n<p>Lattes: <a href=\"http:\/\/lattes.cnpq.br\/4190724894229421\">http:\/\/lattes.cnpq.br\/4190724894229421<\/a><\/p>\n\n\n\n<hr class=\"wp-block-separator has-alpha-channel-opacity\" \/>\n\n\n\n<p>Plano de Trabalho Docente<\/p>\n\n\n\n<p><a href=\"https:\/\/www.ifbaiano.edu.br\/unidades\/teixeira\/files\/2024\/02\/Quedma-Cristal-PIT-2022.1.pdf\">2022.1<\/a><\/p>\n\n\n\n<p><a href=\"https:\/\/www.ifbaiano.edu.br\/unidades\/teixeira\/files\/2024\/02\/Quedma-Crista-RIT-2022.2.pdf\">2022.2<\/a><\/p>\n\n\n\n<p><a href=\"https:\/\/www.ifbaiano.edu.br\/unidades\/teixeira\/files\/2024\/02\/Quedma-Cristal-PIT-2023.1.pdf\">2023.1<\/a><\/p>\n\n\n\n<p><a href=\"https:\/\/www.ifbaiano.edu.br\/unidades\/teixeira\/files\/2024\/02\/Quedma-Cristal-PIT-2023.2.pdf\">2023.2<\/a><\/p>\n\n\n\n<p><a href=\"https:\/\/www.ifbaiano.edu.br\/unidades\/teixeira\/files\/2025\/01\/Quedma-PIT-2024.1.pdf\">2024.1<\/a><\/p>\n\n\n\n<p><a href=\"https:\/\/www.ifbaiano.edu.br\/unidades\/teixeira\/files\/2025\/01\/Quedma-pit-2024.2.pdf\">2024.2<\/a><\/p>\n\n\n\n<p>Relat\u00f3rio de Trabalho Docente<\/p>\n\n\n\n<p><a href=\"https:\/\/www.ifbaiano.edu.br\/unidades\/teixeira\/files\/2024\/02\/Quedma-Cristal-RIT-2022.1.pdf\">2022.1<\/a><\/p>\n\n\n\n<p><a href=\"https:\/\/www.ifbaiano.edu.br\/unidades\/teixeira\/files\/2024\/02\/Quedma-Cristal-PIT-2022.2.pdf\">2022.2<\/a><\/p>\n\n\n\n<p><a href=\"https:\/\/www.ifbaiano.edu.br\/unidades\/teixeira\/files\/2024\/02\/Quedma-Cristal-RIT-2023.1.pdf\">2023.1<\/a><\/p>\n\n\n\n<p><a href=\"https:\/\/www.ifbaiano.edu.br\/unidades\/teixeira\/files\/2025\/01\/Quedma-RIT-2023.2.pdf\">2023.2<\/a><\/p>\n\n\n\n<p><a href=\"https:\/\/www.ifbaiano.edu.br\/unidades\/teixeira\/files\/2025\/01\/Quedma-rit-2024.1.pdf\">2024.1<\/a><\/p>\n\n\n\n<p><a href=\"https:\/\/www.ifbaiano.edu.br\/unidades\/teixeira\/files\/2025\/01\/Quedma-rit-2024.2.pdf\">2024.2<\/a><\/p>\n","protected":false},"excerpt":{"rendered":"<p>Mestre em Educa\u00e7\u00e3o Musical pelo Programa de P\u00f3s-Gradua\u00e7\u00e3o em M\u00fasica da Universidade Federal da Bahia &#8211; UFBA, com bolsa Capes. Graduada no curso de Licenciatura em M\u00fasica pela Universidade Federal da Bahia (2011). Possui o Curso T\u00e9cnico em piano pelo Conservat\u00f3rio Brasileiro de M\u00fasica do Rio de Janeiro (2005). Tem especializa\u00e7\u00e3o em Psicopedagogia e Educa\u00e7\u00e3o [&hellip;]<\/p>\n","protected":false},"author":152,"featured_media":0,"parent":0,"menu_order":0,"comment_status":"closed","ping_status":"closed","template":"","meta":[],"_links":{"self":[{"href":"https:\/\/www.ifbaiano.edu.br\/unidades\/teixeira\/wp-json\/wp\/v2\/pages\/13375"}],"collection":[{"href":"https:\/\/www.ifbaiano.edu.br\/unidades\/teixeira\/wp-json\/wp\/v2\/pages"}],"about":[{"href":"https:\/\/www.ifbaiano.edu.br\/unidades\/teixeira\/wp-json\/wp\/v2\/types\/page"}],"author":[{"embeddable":true,"href":"https:\/\/www.ifbaiano.edu.br\/unidades\/teixeira\/wp-json\/wp\/v2\/users\/152"}],"replies":[{"embeddable":true,"href":"https:\/\/www.ifbaiano.edu.br\/unidades\/teixeira\/wp-json\/wp\/v2\/comments?post=13375"}],"version-history":[{"count":6,"href":"https:\/\/www.ifbaiano.edu.br\/unidades\/teixeira\/wp-json\/wp\/v2\/pages\/13375\/revisions"}],"predecessor-version":[{"id":14617,"href":"https:\/\/www.ifbaiano.edu.br\/unidades\/teixeira\/wp-json\/wp\/v2\/pages\/13375\/revisions\/14617"}],"wp:attachment":[{"href":"https:\/\/www.ifbaiano.edu.br\/unidades\/teixeira\/wp-json\/wp\/v2\/media?parent=13375"}],"curies":[{"name":"wp","href":"https:\/\/api.w.org\/{rel}","templated":true}]}}