{"id":13411,"date":"2024-02-16T11:40:26","date_gmt":"2024-02-16T14:40:26","guid":{"rendered":"https:\/\/www.ifbaiano.edu.br\/unidades\/teixeira\/?page_id=13411"},"modified":"2025-01-08T10:58:15","modified_gmt":"2025-01-08T13:58:15","slug":"rogerio-quinhones","status":"publish","type":"page","link":"https:\/\/www.ifbaiano.edu.br\/unidades\/teixeira\/rogerio-quinhones\/","title":{"rendered":"Rogerio Quinhones"},"content":{"rendered":"\n<p>\u00c9 Engenheiro florestal da Escola Superior de Agricultura &#8220;Luiz de Queir\u00f3z&#8221; &#8211; ESALQ\/USP (F-2003), onde tamb\u00e9m realizou Mestrado como bolsista (CAPES-6) em Recursos Florestais com Wood-plastic Composites (WPC). Nesta fase estagiou no IMAFLORA, VCP,Laborat\u00f3rio de Qu\u00edmica, Celulose e Energia (LQCE\/ESALQ) e foi bolsista COSEAS-USP no LEA\/ESALQ. \u00c9 Doutor em Ci\u00eancias pela Universidade Federal de Lavras (PPGCTM-5) onde foi bolsista da Vallourec-Mannesmann Florestal (V&amp;M) tendo conduzido parte da tese no Centre de Cooperation International en Recherche Agronomique pour le D\u00e9veloppement (CNRS\/CIRAD\/PERSYST) em TGA; Foi vice representante discente da gradua\u00e7\u00e3o no LCF-ESALQ e da representante da p\u00f3s-gradua\u00e7\u00e3o no DCF-UFLA e da Comiss\u00e3o de Moradia Estudantil do Campus &#8220;Luiz de Queir\u00f3z&#8221;; Foi membro do Grupo de Estudos &#8220;Luiz de Queir\u00f3z&#8221;. \u00c9 tamb\u00e9m T\u00e9cnico em mec\u00e2nica industrial e Desenhista de m\u00e1quinas formado na ETEC Polivalente de Americana (UNESP\/CEETPS). Trabalhou na IBM-Brasil e estagiou na Fibra-Vicunha e Promac. Foi Professor adjunto A do Departamento de Fitotecnia e Zootecnia (DFZ) da UESB em Vit\u00f3ria da Conquista, no Curso de Engenharia Florestal (Industrializa\u00e7\u00e3o e Qualidade da Madeira), por dois anos; Desde 2013 \u00e9 Professor EBTT do IF Baiano em Teixeira de Freitas &#8211; BA, no Curso T\u00e9cnico em Florestas, orientando estudantes do ensino m\u00e9dio, tendo sido coordenador do curso no per\u00edodo 2018-9. Atualmente \u00e9 tamb\u00e9m docente colaborador do curso de Engenharia Agron\u00f4mica da mesma institui\u00e7\u00e3o, na sub-\u00e1rea de Conserva\u00e7\u00e3o de Recursos Naturais.<strong>&nbsp;(Texto informado pelo autor)<\/strong><\/p>\n\n\n\n<p>Lattes: &nbsp;<a href=\"http:\/\/lattes.cnpq.br\/0023111942685277\">http:\/\/lattes.cnpq.br\/0023111942685277<\/a><\/p>\n\n\n\n<hr class=\"wp-block-separator has-alpha-channel-opacity\" \/>\n\n\n\n<p>Plano de Trabalho Docente<\/p>\n\n\n\n<p><a href=\"https:\/\/www.ifbaiano.edu.br\/unidades\/teixeira\/files\/2024\/02\/Rogerio-Quinhones-PIT-2022.1.pdf\">2022.1<\/a><\/p>\n\n\n\n<p><a href=\"https:\/\/www.ifbaiano.edu.br\/unidades\/teixeira\/files\/2024\/02\/Rogerio-Quinhones-PIT-2022.2.pdf\">2022.2<\/a><\/p>\n\n\n\n<p><a href=\"https:\/\/www.ifbaiano.edu.br\/unidades\/teixeira\/files\/2024\/02\/Rogerio-Quinhones-PIT-2023.1.pdf\">2023.1<\/a><\/p>\n\n\n\n<p><a href=\"https:\/\/www.ifbaiano.edu.br\/unidades\/teixeira\/files\/2024\/02\/Rogerio-Quinhones-PIT-2023.2.pdf\">2023.2<\/a><\/p>\n\n\n\n<p><a href=\"https:\/\/www.ifbaiano.edu.br\/unidades\/teixeira\/files\/2025\/01\/Rogerio-PIT-2024.2.pdf\">2024.2<\/a><\/p>\n\n\n\n<p>Relat\u00f3rio de Trabalho Docente<\/p>\n\n\n\n<p><a href=\"https:\/\/www.ifbaiano.edu.br\/unidades\/teixeira\/files\/2024\/02\/Rogerio-Quinhones-RIT-2022.1.pdf\">2022.1<\/a><\/p>\n\n\n\n<p><a href=\"https:\/\/www.ifbaiano.edu.br\/unidades\/teixeira\/files\/2024\/02\/Rogerio-Quinhones-RIT-2022.2.pdf\">2022.2<\/a><\/p>\n\n\n\n<p><a href=\"https:\/\/www.ifbaiano.edu.br\/unidades\/teixeira\/files\/2024\/02\/Rogerio-Quinhones-RIT-2023.1.pdf\">2023.1<\/a><\/p>\n\n\n\n<p>2023.2<\/p>\n","protected":false},"excerpt":{"rendered":"<p>\u00c9 Engenheiro florestal da Escola Superior de Agricultura &#8220;Luiz de Queir\u00f3z&#8221; &#8211; ESALQ\/USP (F-2003), onde tamb\u00e9m realizou Mestrado como bolsista (CAPES-6) em Recursos Florestais com Wood-plastic Composites (WPC). Nesta fase estagiou no IMAFLORA, VCP,Laborat\u00f3rio de Qu\u00edmica, Celulose e Energia (LQCE\/ESALQ) e foi bolsista COSEAS-USP no LEA\/ESALQ. \u00c9 Doutor em Ci\u00eancias pela Universidade Federal de Lavras [&hellip;]<\/p>\n","protected":false},"author":152,"featured_media":0,"parent":0,"menu_order":0,"comment_status":"closed","ping_status":"closed","template":"","meta":[],"_links":{"self":[{"href":"https:\/\/www.ifbaiano.edu.br\/unidades\/teixeira\/wp-json\/wp\/v2\/pages\/13411"}],"collection":[{"href":"https:\/\/www.ifbaiano.edu.br\/unidades\/teixeira\/wp-json\/wp\/v2\/pages"}],"about":[{"href":"https:\/\/www.ifbaiano.edu.br\/unidades\/teixeira\/wp-json\/wp\/v2\/types\/page"}],"author":[{"embeddable":true,"href":"https:\/\/www.ifbaiano.edu.br\/unidades\/teixeira\/wp-json\/wp\/v2\/users\/152"}],"replies":[{"embeddable":true,"href":"https:\/\/www.ifbaiano.edu.br\/unidades\/teixeira\/wp-json\/wp\/v2\/comments?post=13411"}],"version-history":[{"count":2,"href":"https:\/\/www.ifbaiano.edu.br\/unidades\/teixeira\/wp-json\/wp\/v2\/pages\/13411\/revisions"}],"predecessor-version":[{"id":14719,"href":"https:\/\/www.ifbaiano.edu.br\/unidades\/teixeira\/wp-json\/wp\/v2\/pages\/13411\/revisions\/14719"}],"wp:attachment":[{"href":"https:\/\/www.ifbaiano.edu.br\/unidades\/teixeira\/wp-json\/wp\/v2\/media?parent=13411"}],"curies":[{"name":"wp","href":"https:\/\/api.w.org\/{rel}","templated":true}]}}