{"id":13870,"date":"2024-08-14T12:59:23","date_gmt":"2024-08-14T15:59:23","guid":{"rendered":"https:\/\/www.ifbaiano.edu.br\/unidades\/teixeira\/?page_id=13870"},"modified":"2025-01-27T10:32:07","modified_gmt":"2025-01-27T13:32:07","slug":"prosel-subsequente","status":"publish","type":"page","link":"https:\/\/www.ifbaiano.edu.br\/unidades\/teixeira\/prosel-subsequente\/","title":{"rendered":"Prosel Subsequente"},"content":{"rendered":"\n<div align=\"justify\"><p class=\"has-black-color has-vivid-purple-background-color has-text-color has-background\"><strong>Processo seletivo para ingresso de estudantes em 2025, nos cursos da Educa\u00e7\u00e3o Profissional T\u00e9cnica de N\u00edvel M\u00e9dio, na forma Subsequente ao Ensino M\u00e9dio &#8211; modalidade presencial &#8211; para o Campus Teixeira de Freitas, por meio de MANIFESTA\u00c7\u00c3O DE INTERESSE.<\/strong><\/p><\/div>\n\n\n\n<h4 class=\"wp-block-heading has-text-align-center has-white-color has-text-color has-background\" style=\"background-color:#eccffb\"><a href=\"https:\/\/www.ifbaiano.edu.br\/unidades\/teixeira\/files\/2025\/01\/PROCESSO-SELETIVO-DE-VAGAS-REMANESCENTES-SUBSEQUENTE.pdf\"><strong>Processo Seletivo &#8211; Vagas remanescentes<\/strong><\/a><br><a href=\"https:\/\/www.ifbaiano.edu.br\/unidades\/teixeira\/files\/2025\/01\/PROCESSO-SELETIVO-DE-VAGAS-REMANESCENTES-SUBSEQUENTE.pdf\"><strong>(CLIQUE AQUI)<\/strong><\/a><\/h4>\n\n\n\n<p><strong>Per\u00edodo de Matr\u00edcula:<\/strong> 27 a 31 de janeiro de 2025, das 08h \u00e0s 12h, por ordem de chegada.<br><strong>Local:<\/strong> Secretaria de Registros Acad\u00eamicos no IF Baiano, Campus Teixeira de Freitas, localizado na BR101, Km 882.<br><\/p>\n\n\n\n<h4 class=\"wp-block-heading has-text-align-center has-light-green-cyan-background-color has-background\"><strong>Documenta\u00e7\u00e3o necess\u00e1ria<\/strong><br><\/h4>\n\n\n\n<p><strong>I<\/strong> &#8211; Documento de identifica\u00e7\u00e3o oficial com foto: Registro Geral de Identifica\u00e7\u00e3o Civil (Carteira de identidade, RG)<\/p>\n\n\n\n<p><strong>II<\/strong> \u2013 Cadastro de Pessoa F\u00edsica (CPF) caso n\u00e3o conste o n\u00famero no RG;<\/p>\n\n\n\n<p><strong>III<\/strong> &#8211; Hist\u00f3rico escolar do Ensino M\u00e9dio, com certificado de conclus\u00e3o emitido por institui\u00e7\u00e3o oficial de ensino, de acordo com a exig\u00eancia de escolaridade m\u00ednima de cada curso ou Certificado de conclus\u00e3o do ensino m\u00e9dio ou por meio do desempenho no ENEM ou ainda, ENCCEJA.<\/p>\n\n\n\n<p><strong>IV<\/strong> &#8211; Comprovante de resid\u00eancia ou declara\u00e7\u00e3o de domic\u00edlio;<\/p>\n\n\n\n<p><strong>V<\/strong> &#8211; Comprovante de regulariza\u00e7\u00e3o com o Servi\u00e7o Militar (para candidatos do g\u00eanero masculino maiores de 18 anos);<\/p>\n\n\n\n<p><strong>VI <\/strong>&#8211; Comprovante de Quita\u00e7\u00e3o da Justi\u00e7a Eleitoral (para candidatos(as) maiores de 18 anos) &#8211; dispon\u00edvel em:\u00a0<a rel=\"noreferrer noopener\" href=\"https:\/\/www.tse.jus.br\/eleitor\/certidoes\/certidao-de-quitacao-eleitoral\" target=\"_blank\">https:\/\/www.tse.jus.br\/eleitor\/certidoes\/certidao-de-quitacao-eleitoral<\/a>;<\/p>\n\n\n\n<p><strong>VII<\/strong> &#8211; Certid\u00e3o de Nascimento ou Casamento;<\/p>\n\n\n\n<p><strong>VIII<\/strong> &#8211; Comprovante do Grupo sangu\u00edneo do sistema ABO e fator RH; IX &#8211; Cart\u00e3o de vacina\u00e7\u00e3o constando vacina contra t\u00e9tano nos \u00faltimos dez anos, devidamente assinada pelo agente de sa\u00fade;<\/p>\n\n\n\n<p><strong>X <\/strong>&#8211; Cart\u00e3o do SUS;<\/p>\n\n\n\n<p><strong>XI<\/strong> &#8211; Duas fotos 3&#215;4 coloridas, iguais e recentes;<\/p>\n\n\n\n<p><strong>XII <\/strong>&#8211; RG e CPF do(a) respons\u00e1vel legal (se o(a) candidato(a) for menor de 18 anos)<\/p>\n\n\n\n<p>Caso o(a) candidato(a) n\u00e3o consiga apresentar os documentos VII ao XI na data estabelecida, a matr\u00edcula ser\u00e1 realizada ficando o(a) candidato(a) respons\u00e1vel pela entrega da documenta\u00e7\u00e3o, no prazo de at\u00e9 60 (sessenta) dias.<\/p>\n\n\n\n<hr class=\"wp-block-separator has-alpha-channel-opacity\" \/>\n\n\n\n<p>Processo seletivo para ingresso de estudantes em 2025, nos cursos da Educa\u00e7\u00e3o Profissional T\u00e9cnica de N\u00edvel M\u00e9dio, na forma Subsequente ao Ensino M\u00e9dio &#8211; modalidade presencial &#8211; para o Campus Teixeira de Freitas, por meio de MANIFESTA\u00c7\u00c3O DE INTERESSE<\/p>\n\n\n\n<p><a href=\"https:\/\/www.ifbaiano.edu.br\/unidades\/teixeira\/files\/2025\/01\/PROCESSO-SELETIVO-DE-VAGAS-REMANESCENTES-SUBSEQUENTE.pdf\">Processo Seletivo &#8211; Vagas remanescentes <\/a><\/p>\n\n\n\n<p><a href=\"https:\/\/www.ifbaiano.edu.br\/unidades\/teixeira\/files\/2024\/12\/Segunda-Chamada-de-matricula-Subsequente-2024-1.pdf\">Segunda Chamada de Matr\u00edcula- Prosel Subsequente<\/a><\/p>\n\n\n\n<p><a href=\"https:\/\/www.ifbaiano.edu.br\/unidades\/teixeira\/files\/2024\/11\/EDITAL-DE-MATRICULA-PROCESSO-SELETIVO-PARA-INGRESSO-DE-ESTUDANTES-2024.pdf\">EDITAL DE MATR\u00cdCULA &#8211; PROCESSO SELETIVO PARA INGRESSO DE ESTUDANTE<\/a><\/p>\n\n\n\n<p><a href=\"https:\/\/www.ifbaiano.edu.br\/unidades\/teixeira\/files\/2024\/11\/Resultado-final-SUBSEQUENTE-2024.pdf\">Resultado final &#8211; SUBSEQUENTE- 2024<\/a><\/p>\n\n\n\n<p><a href=\"https:\/\/www.ifbaiano.edu.br\/unidades\/teixeira\/files\/2024\/11\/Homologacao-do-Resultado-Banca-de-Heteroidentificacao-.pdf\">Homologa\u00e7\u00e3o do Resultado &#8211; Banca de Heteroidentifica\u00e7\u00e3o<\/a><\/p>\n\n\n\n<p><a href=\"https:\/\/www.ifbaiano.edu.br\/unidades\/teixeira\/files\/2024\/11\/Resultado-Preliminar-Convocacao-edital-12-2024.pdf\">Resultado Preliminar-Convoca\u00e7\u00e3o<\/a><\/p>\n\n\n\n<p><a href=\"https:\/\/www.ifbaiano.edu.br\/unidades\/teixeira\/files\/2024\/10\/Verificacao-da-Autodeclaracao-Etnico-Racial-Edita_241023_181101.pdf\">Convoca\u00e7\u00e3o para Verifica\u00e7\u00e3o de Declara\u00e7\u00e3o \u00c9tnico-Racial &#8211; 1a Retifica\u00e7\u00e3o<\/a><\/p>\n\n\n\n<p><a href=\"https:\/\/www.ifbaiano.edu.br\/unidades\/teixeira\/files\/2024\/10\/Convocacao-Banca-de-heteroidentificacao-Prosel-Su_241022_182931.pdf\">Convoca\u00e7\u00e3o para Verifica\u00e7\u00e3o de Declara\u00e7\u00e3o \u00c9tnico-Racial<\/a><\/p>\n\n\n\n<p><a href=\"https:\/\/www.ifbaiano.edu.br\/unidades\/teixeira\/files\/2024\/10\/LISTA-PRELIMINAR-DE-INSCRICOES-HOMOLOGADAS-SUBSEQUENTE.pdf\">LISTA PRELIMINAR DE INSCRI\u00c7\u00d5ES HOMOLOGADAS &#8211; SUBSEQUENTE<\/a><\/p>\n\n\n\n<p><a href=\"https:\/\/www.ifbaiano.edu.br\/unidades\/teixeira\/files\/2024\/09\/Reficacao-04-Cronograma-com-prorrogacao-das-etapas.pdf\">Retifica\u00e7\u00e3o 04 &#8211; Cronograma com prorroga\u00e7\u00e3o das etapas<\/a><\/p>\n\n\n\n<p><a href=\"https:\/\/www.ifbaiano.edu.br\/unidades\/teixeira\/files\/2024\/09\/Reficacao-03-Cronograma-com-prorrogacao-das-etapas.pdf\">Retifica\u00e7\u00e3o 03 &#8211; Cronograma com prorroga\u00e7\u00e3o das etapas<\/a><\/p>\n\n\n\n<p><a href=\"https:\/\/www.ifbaiano.edu.br\/unidades\/teixeira\/files\/2024\/08\/Cronograma-retificado-das-etapas-Subsequente-1.pdf\">Retifica\u00e7\u00e3o 02 &#8211; Cronograma retificado das etapas<\/a> &#8211; Subsequente<\/p>\n\n\n\n<p><a href=\"https:\/\/www.ifbaiano.edu.br\/unidades\/teixeira\/files\/2024\/08\/Edital-no-12-de-16-de-agosto-de-2024-Cronograma-retiticado.pdf\">Retifica\u00e7\u00e3o do Cronograma<\/a><\/p>\n\n\n\n<p><a href=\"https:\/\/www.ifbaiano.edu.br\/unidades\/teixeira\/files\/2024\/08\/Edital-no-12-de-16-de-agosto-de-2024-Prosel-Subsequente.pdf\">Edital n\u00ba 12, de 16 de agosto de 2024 <\/a><\/p>\n\n\n\n<p><\/p>\n\n\n\n<hr class=\"wp-block-separator has-alpha-channel-opacity\" \/>\n\n\n\n<p><a href=\"https:\/\/www.ifbaiano.edu.br\/unidades\/teixeira\/files\/2024\/09\/ANEXO-I-Consolidacao-de-renda.pdf\">ANEXO I &#8211; Consolida\u00e7\u00e3o de renda<\/a><\/p>\n\n\n\n<p><a href=\"https:\/\/www.ifbaiano.edu.br\/unidades\/teixeira\/files\/2024\/09\/ANEXO-II-AUTODECLARACAO-ETNICO-RACIAL.pdf\">ANEXO II -AUTODECLARA\u00c7\u00c3O \u00c9TNICO-RACIAL<\/a><\/p>\n\n\n\n<p><a href=\"https:\/\/www.ifbaiano.edu.br\/unidades\/teixeira\/files\/2024\/09\/ANEXO-III-DECLARACAO-DE-PESSOA-COM-DEFICIENCIA.pdf\">ANEXO III &#8211; DECLARA\u00c7\u00c3O DE PESSOA COM DEFICI\u00caNCIA<\/a><\/p>\n\n\n\n<p><a href=\"https:\/\/www.ifbaiano.edu.br\/unidades\/teixeira\/files\/2024\/09\/ANEXO-IV-DECLARACAO-DE-ESCOLA-PUBLICA.pdf\">ANEXO IV &#8211; DECLARA\u00c7\u00c3O DE ESCOLA P\u00daBLICA<\/a><\/p>\n\n\n\n<p><a href=\"https:\/\/www.ifbaiano.edu.br\/unidades\/teixeira\/files\/2024\/09\/ANEXO-V-AUTODECLARACAO-DE-RENDA.pdf\">ANEXO V &#8211; AUTODECLARA\u00c7\u00c3O DE RENDA<\/a><\/p>\n\n\n\n<p><a href=\"https:\/\/www.ifbaiano.edu.br\/unidades\/teixeira\/files\/2024\/09\/ANEXO-VI-FORMULARIO-PARA-RECURSO.pdf\">ANEXO VI &#8211; FORMUL\u00c1RIO PARA RECURSO<\/a><\/p>\n\n\n\n<p><a href=\"https:\/\/www.ifbaiano.edu.br\/unidades\/teixeira\/files\/2024\/09\/Anexo-VII-Formulario-de-Manifestacao-de-Interesse-subsequente.pdf\">ANEXO VII &#8211; FORMUL\u00c1RIO DE MANIFESTA\u00c7\u00c3O DE INTERESSE<\/a><\/p>\n\n\n\n<hr class=\"wp-block-separator has-alpha-channel-opacity\" \/>\n\n\n\n<p>Telefone para contato com o Prosel: 73 99964261<\/p>\n","protected":false},"excerpt":{"rendered":"<p>Processo seletivo para ingresso de estudantes em 2025, nos cursos da Educa\u00e7\u00e3o Profissional T\u00e9cnica de N\u00edvel M\u00e9dio, na forma Subsequente ao Ensino M\u00e9dio &#8211; modalidade presencial &#8211; para o Campus Teixeira de Freitas, por meio de MANIFESTA\u00c7\u00c3O DE INTERESSE. Processo Seletivo &#8211; Vagas remanescentes(CLIQUE AQUI) Per\u00edodo de Matr\u00edcula: 27 a 31 de janeiro de 2025, [&hellip;]<\/p>\n","protected":false},"author":152,"featured_media":0,"parent":0,"menu_order":0,"comment_status":"closed","ping_status":"closed","template":"","meta":[],"_links":{"self":[{"href":"https:\/\/www.ifbaiano.edu.br\/unidades\/teixeira\/wp-json\/wp\/v2\/pages\/13870"}],"collection":[{"href":"https:\/\/www.ifbaiano.edu.br\/unidades\/teixeira\/wp-json\/wp\/v2\/pages"}],"about":[{"href":"https:\/\/www.ifbaiano.edu.br\/unidades\/teixeira\/wp-json\/wp\/v2\/types\/page"}],"author":[{"embeddable":true,"href":"https:\/\/www.ifbaiano.edu.br\/unidades\/teixeira\/wp-json\/wp\/v2\/users\/152"}],"replies":[{"embeddable":true,"href":"https:\/\/www.ifbaiano.edu.br\/unidades\/teixeira\/wp-json\/wp\/v2\/comments?post=13870"}],"version-history":[{"count":36,"href":"https:\/\/www.ifbaiano.edu.br\/unidades\/teixeira\/wp-json\/wp\/v2\/pages\/13870\/revisions"}],"predecessor-version":[{"id":14848,"href":"https:\/\/www.ifbaiano.edu.br\/unidades\/teixeira\/wp-json\/wp\/v2\/pages\/13870\/revisions\/14848"}],"wp:attachment":[{"href":"https:\/\/www.ifbaiano.edu.br\/unidades\/teixeira\/wp-json\/wp\/v2\/media?parent=13870"}],"curies":[{"name":"wp","href":"https:\/\/api.w.org\/{rel}","templated":true}]}}

<div align="justify"><p class="has-black-color has-vivid-purple-background-color has-text-color has-background"><strong>Processo seletivo para ingresso de estudantes em 2025, nos cursos da Educação Profissional Técnica de Nível Médio, na forma Subsequente ao Ensino Médio &#8211; modalidade presencial &#8211; para o Campus Teixeira de Freitas, por meio de MANIFESTAÇÃO DE INTERESSE.</strong></p></div>



<h4 class="wp-block-heading has-text-align-center has-white-color has-text-color has-background" style="background-color:#eccffb"><a href="https://www.ifbaiano.edu.br/unidades/teixeira/files/2025/01/PROCESSO-SELETIVO-DE-VAGAS-REMANESCENTES-SUBSEQUENTE.pdf"><strong>Processo Seletivo &#8211; Vagas remanescentes</strong></a><br><a href="https://www.ifbaiano.edu.br/unidades/teixeira/files/2025/01/PROCESSO-SELETIVO-DE-VAGAS-REMANESCENTES-SUBSEQUENTE.pdf"><strong>(CLIQUE AQUI)</strong></a></h4>



<p><strong>Período de Matrícula:</strong> 27 a 31 de janeiro de 2025, das 08h às 12h, por ordem de chegada.<br><strong>Local:</strong> Secretaria de Registros Acadêmicos no IF Baiano, Campus Teixeira de Freitas, localizado na BR101, Km 882.<br></p>



<h4 class="wp-block-heading has-text-align-center has-light-green-cyan-background-color has-background"><strong>Documentação necessária</strong><br></h4>



<p><strong>I</strong> &#8211; Documento de identificação oficial com foto: Registro Geral de Identificação Civil (Carteira de identidade, RG)</p>



<p><strong>II</strong> – Cadastro de Pessoa Física (CPF) caso não conste o número no RG;</p>



<p><strong>III</strong> &#8211; Histórico escolar do Ensino Médio, com certificado de conclusão emitido por instituição oficial de ensino, de acordo com a exigência de escolaridade mínima de cada curso ou Certificado de conclusão do ensino médio ou por meio do desempenho no ENEM ou ainda, ENCCEJA.</p>



<p><strong>IV</strong> &#8211; Comprovante de residência ou declaração de domicílio;</p>



<p><strong>V</strong> &#8211; Comprovante de regularização com o Serviço Militar (para candidatos do gênero masculino maiores de 18 anos);</p>



<p><strong>VI </strong>&#8211; Comprovante de Quitação da Justiça Eleitoral (para candidatos(as) maiores de 18 anos) &#8211; disponível em: <a rel="noreferrer noopener" href="https://www.tse.jus.br/eleitor/certidoes/certidao-de-quitacao-eleitoral" target="_blank">https://www.tse.jus.br/eleitor/certidoes/certidao-de-quitacao-eleitoral</a>;</p>



<p><strong>VII</strong> &#8211; Certidão de Nascimento ou Casamento;</p>



<p><strong>VIII</strong> &#8211; Comprovante do Grupo sanguíneo do sistema ABO e fator RH; IX &#8211; Cartão de vacinação constando vacina contra tétano nos últimos dez anos, devidamente assinada pelo agente de saúde;</p>



<p><strong>X </strong>&#8211; Cartão do SUS;</p>



<p><strong>XI</strong> &#8211; Duas fotos 3&#215;4 coloridas, iguais e recentes;</p>



<p><strong>XII </strong>&#8211; RG e CPF do(a) responsável legal (se o(a) candidato(a) for menor de 18 anos)</p>



<p>Caso o(a) candidato(a) não consiga apresentar os documentos VII ao XI na data estabelecida, a matrícula será realizada ficando o(a) candidato(a) responsável pela entrega da documentação, no prazo de até 60 (sessenta) dias.</p>



<hr class="wp-block-separator has-alpha-channel-opacity" />



<p>Processo seletivo para ingresso de estudantes em 2025, nos cursos da Educação Profissional Técnica de Nível Médio, na forma Subsequente ao Ensino Médio &#8211; modalidade presencial &#8211; para o Campus Teixeira de Freitas, por meio de MANIFESTAÇÃO DE INTERESSE</p>



<p><a href="https://www.ifbaiano.edu.br/unidades/teixeira/files/2025/01/PROCESSO-SELETIVO-DE-VAGAS-REMANESCENTES-SUBSEQUENTE.pdf">Processo Seletivo &#8211; Vagas remanescentes </a></p>



<p><a href="https://www.ifbaiano.edu.br/unidades/teixeira/files/2024/12/Segunda-Chamada-de-matricula-Subsequente-2024-1.pdf">Segunda Chamada de Matrícula- Prosel Subsequente</a></p>



<p><a href="https://www.ifbaiano.edu.br/unidades/teixeira/files/2024/11/EDITAL-DE-MATRICULA-PROCESSO-SELETIVO-PARA-INGRESSO-DE-ESTUDANTES-2024.pdf">EDITAL DE MATRÍCULA &#8211; PROCESSO SELETIVO PARA INGRESSO DE ESTUDANTE</a></p>



<p><a href="https://www.ifbaiano.edu.br/unidades/teixeira/files/2024/11/Resultado-final-SUBSEQUENTE-2024.pdf">Resultado final &#8211; SUBSEQUENTE- 2024</a></p>



<p><a href="https://www.ifbaiano.edu.br/unidades/teixeira/files/2024/11/Homologacao-do-Resultado-Banca-de-Heteroidentificacao-.pdf">Homologação do Resultado &#8211; Banca de Heteroidentificação</a></p>



<p><a href="https://www.ifbaiano.edu.br/unidades/teixeira/files/2024/11/Resultado-Preliminar-Convocacao-edital-12-2024.pdf">Resultado Preliminar-Convocação</a></p>



<p><a href="https://www.ifbaiano.edu.br/unidades/teixeira/files/2024/10/Verificacao-da-Autodeclaracao-Etnico-Racial-Edita_241023_181101.pdf">Convocação para Verificação de Declaração Étnico-Racial &#8211; 1a Retificação</a></p>



<p><a href="https://www.ifbaiano.edu.br/unidades/teixeira/files/2024/10/Convocacao-Banca-de-heteroidentificacao-Prosel-Su_241022_182931.pdf">Convocação para Verificação de Declaração Étnico-Racial</a></p>



<p><a href="https://www.ifbaiano.edu.br/unidades/teixeira/files/2024/10/LISTA-PRELIMINAR-DE-INSCRICOES-HOMOLOGADAS-SUBSEQUENTE.pdf">LISTA PRELIMINAR DE INSCRIÇÕES HOMOLOGADAS &#8211; SUBSEQUENTE</a></p>



<p><a href="https://www.ifbaiano.edu.br/unidades/teixeira/files/2024/09/Reficacao-04-Cronograma-com-prorrogacao-das-etapas.pdf">Retificação 04 &#8211; Cronograma com prorrogação das etapas</a></p>



<p><a href="https://www.ifbaiano.edu.br/unidades/teixeira/files/2024/09/Reficacao-03-Cronograma-com-prorrogacao-das-etapas.pdf">Retificação 03 &#8211; Cronograma com prorrogação das etapas</a></p>



<p><a href="https://www.ifbaiano.edu.br/unidades/teixeira/files/2024/08/Cronograma-retificado-das-etapas-Subsequente-1.pdf">Retificação 02 &#8211; Cronograma retificado das etapas</a> &#8211; Subsequente</p>



<p><a href="https://www.ifbaiano.edu.br/unidades/teixeira/files/2024/08/Edital-no-12-de-16-de-agosto-de-2024-Cronograma-retiticado.pdf">Retificação do Cronograma</a></p>



<p><a href="https://www.ifbaiano.edu.br/unidades/teixeira/files/2024/08/Edital-no-12-de-16-de-agosto-de-2024-Prosel-Subsequente.pdf">Edital nº 12, de 16 de agosto de 2024 </a></p>



<p></p>



<hr class="wp-block-separator has-alpha-channel-opacity" />



<p><a href="https://www.ifbaiano.edu.br/unidades/teixeira/files/2024/09/ANEXO-I-Consolidacao-de-renda.pdf">ANEXO I &#8211; Consolidação de renda</a></p>



<p><a href="https://www.ifbaiano.edu.br/unidades/teixeira/files/2024/09/ANEXO-II-AUTODECLARACAO-ETNICO-RACIAL.pdf">ANEXO II -AUTODECLARAÇÃO ÉTNICO-RACIAL</a></p>



<p><a href="https://www.ifbaiano.edu.br/unidades/teixeira/files/2024/09/ANEXO-III-DECLARACAO-DE-PESSOA-COM-DEFICIENCIA.pdf">ANEXO III &#8211; DECLARAÇÃO DE PESSOA COM DEFICIÊNCIA</a></p>



<p><a href="https://www.ifbaiano.edu.br/unidades/teixeira/files/2024/09/ANEXO-IV-DECLARACAO-DE-ESCOLA-PUBLICA.pdf">ANEXO IV &#8211; DECLARAÇÃO DE ESCOLA PÚBLICA</a></p>



<p><a href="https://www.ifbaiano.edu.br/unidades/teixeira/files/2024/09/ANEXO-V-AUTODECLARACAO-DE-RENDA.pdf">ANEXO V &#8211; AUTODECLARAÇÃO DE RENDA</a></p>



<p><a href="https://www.ifbaiano.edu.br/unidades/teixeira/files/2024/09/ANEXO-VI-FORMULARIO-PARA-RECURSO.pdf">ANEXO VI &#8211; FORMULÁRIO PARA RECURSO</a></p>



<p><a href="https://www.ifbaiano.edu.br/unidades/teixeira/files/2024/09/Anexo-VII-Formulario-de-Manifestacao-de-Interesse-subsequente.pdf">ANEXO VII &#8211; FORMULÁRIO DE MANIFESTAÇÃO DE INTERESSE</a></p>



<hr class="wp-block-separator has-alpha-channel-opacity" />



<p>Telefone para contato com o Prosel: 73 99964261</p>

<p>Processo seletivo para ingresso de estudantes em 2025, nos cursos da Educação Profissional Técnica de Nível Médio, na forma Subsequente ao Ensino Médio &#8211; modalidade presencial &#8211; para o Campus Teixeira de Freitas, por meio de MANIFESTAÇÃO DE INTERESSE. Processo Seletivo &#8211; Vagas remanescentes(CLIQUE AQUI) Período de Matrícula: 27 a 31 de janeiro de 2025, [&hellip;]</p>
